{"id":779127,"date":"2025-12-30T10:43:57","date_gmt":"2025-12-30T07:43:57","guid":{"rendered":"https:\/\/roveyayinevi.com.tr\/index.php\/urun\/yoneticiler-icin-finans\/"},"modified":"2026-04-16T02:40:50","modified_gmt":"2026-04-15T23:40:50","slug":"yoneticiler-icin-finans","status":"publish","type":"product","link":"https:\/\/roveyayinevi.com.tr\/index.php\/urun\/yoneticiler-icin-finans\/","title":{"rendered":"Y\u00f6neticiler \u0130\u00e7in Finans"},"content":{"rendered":"<p>Finansal bilginin g\u00fcc\u00fc, y\u00f6netim ve s\u00fcrd\u00fcr\u00fclebilirlik kavramlar\u0131yla da \u00e7ok yak\u0131ndan ili\u015fkilidir. \u00c7\u00fcnk\u00fc y\u00f6neticilerin daha iyi bir gelecek kurgulayabilmeleri, i\u015fletmeleri i\u00e7in iyi bir finansal altyap\u0131y\u0131 olu\u015fturmalar\u0131na ba\u011fl\u0131d\u0131r. Bu kitap, y\u00f6neticiler i\u00e7in finans kavramlar\u0131n\u0131n ve uygulamalar\u0131n\u0131n bulunabilece\u011fi bir \u00e7al\u0131\u015fmad\u0131r. \u00d6zellikle k\u00fcresel e\u011filimlerin her ge\u00e7en g\u00fcn daha h\u0131zland\u0131\u011f\u0131 ve \u00f6n plana \u00e7\u0131kt\u0131\u011f\u0131 g\u00fcn\u00fcm\u00fcz d\u00fcnyas\u0131nda y\u00f6neticilerin odaklanmas\u0131 ve izlemesi gereken ekonomik g\u00f6stergeler, faizler, yat\u0131r\u0131mlar, finansal analizler, risk y\u00f6netimi ve d\u00fcnyan\u0131n ge\u00e7mi\u015ften bug\u00fcne ekonomik g\u00f6r\u00fcn\u00fcm\u00fc gibi daha bir\u00e7ok konu, detayl\u0131 bir sorgulamayla olu\u015fturulmaya ve a\u00e7\u0131klanmaya \u00e7al\u0131\u015f\u0131lm\u0131\u015ft\u0131r. Unutmayal\u0131m ki gelecek de bir g\u00fcn gelecektir.Bunun i\u00e7in gelece\u011fin mimar\u0131 olacak gen\u00e7lerimiz ve g\u00fcn\u00fcm\u00fcz d\u00fcnyas\u0131n\u0131n ba\u015far\u0131 odakl\u0131 y\u00f6neticileri, g\u00fc\u00e7l\u00fc bir teorik bak\u0131\u015f a\u00e7\u0131s\u0131yla zenginle\u015ftirilmi\u015f uygulamalara her zamankinden daha fazla ihtiya\u00e7 duymaktad\u0131r. \u00d6zellikle finansal altyap\u0131s\u0131 iyi olu\u015fturulmam\u0131\u015f projelerin, kar\u015f\u0131la\u015f\u0131lan ilk zorlukta kayboldu\u011funu g\u00f6rd\u00fc\u011f\u00fcm\u00fczde hem \u00fcz\u00fcl\u00fcyor hem de gelece\u011fimizi kaybetti\u011fimizi d\u00fc\u015f\u00fcn\u00fcyoruz. Sonu\u00e7ta her y\u00f6neticinin odaklanmas\u0131 gereken noktalardan birisi, g\u00fc\u00e7l\u00fc bir finansal plan ve her olas\u0131l\u0131k i\u00e7in etkin bir \u015fekilde \u00e7al\u0131\u015fabilecek bir nakit ak\u0131\u015f s\u00fcreklili\u011fidir. Unutulmamal\u0131d\u0131r ki bug\u00fcn ve gelecekte herkes y\u00f6netici olabilir ancak lider odakl\u0131 ve bilgiye dayal\u0131 bir anlay\u0131\u015fla kendini geli\u015ftirenler, kurum haf\u0131zas\u0131nda hat\u0131rlanan ve iz b\u0131rakanlar olacakt\u0131r. Belki bu kitapla sizler de finansal risklerinizi y\u00f6netebilir ve daha iyi bir gelecek i\u00e7in stratejik ad\u0131mlar atabilirsiniz.<\/p>\n","protected":false},"excerpt":{"rendered":"<p>Finansal bilginin g\u00fcc\u00fc, y\u00f6netim ve s\u00fcrd\u00fcr\u00fclebilirlik kavramlar\u0131yla da \u00e7ok yak\u0131ndan ili\u015fkilidir. \u00c7\u00fcnk\u00fc y\u00f6neticilerin daha iyi bir gelecek kurgulayabilmeleri, i\u015fletmeleri i\u00e7in iyi bir finansal altyap\u0131y\u0131 olu\u015fturmalar\u0131na ba\u011fl\u0131d\u0131r.<span class=\"excerpt-hellip\"> [\u2026]<\/span><\/p>\n","protected":false},"featured_media":0,"template":"","meta":{"_monsterinsights_skip_tracking":false,"_monsterinsights_sitenote_active":false,"_monsterinsights_sitenote_note":"","_monsterinsights_sitenote_category":0},"product_brand":[],"product_cat":[17249,13043],"product_tag":[],"class_list":{"0":"post-779127","1":"product","2":"type-product","3":"status-publish","5":"product_cat-borsa-finans","6":"product_cat-ekonomi","7":"pa_cilt-ciltsiz","8":"pa_tur-kitap","9":"pa_yayinevi-nobel-akademik-yayincilik","10":"pa_yazar-canturk-kayahan","12":"first","13":"instock","14":"sale","15":"shipping-taxable","16":"purchasable","17":"product-type-simple"},"_links":{"self":[{"href":"https:\/\/roveyayinevi.com.tr\/index.php\/wp-json\/wp\/v2\/product\/779127","targetHints":{"allow":["GET"]}}],"collection":[{"href":"https:\/\/roveyayinevi.com.tr\/index.php\/wp-json\/wp\/v2\/product"}],"about":[{"href":"https:\/\/roveyayinevi.com.tr\/index.php\/wp-json\/wp\/v2\/types\/product"}],"wp:attachment":[{"href":"https:\/\/roveyayinevi.com.tr\/index.php\/wp-json\/wp\/v2\/media?parent=779127"}],"wp:term":[{"taxonomy":"product_brand","embeddable":true,"href":"https:\/\/roveyayinevi.com.tr\/index.php\/wp-json\/wp\/v2\/product_brand?post=779127"},{"taxonomy":"product_cat","embeddable":true,"href":"https:\/\/roveyayinevi.com.tr\/index.php\/wp-json\/wp\/v2\/product_cat?post=779127"},{"taxonomy":"product_tag","embeddable":true,"href":"https:\/\/roveyayinevi.com.tr\/index.php\/wp-json\/wp\/v2\/product_tag?post=779127"}],"curies":[{"name":"wp","href":"https:\/\/api.w.org\/{rel}","templated":true}]}}