{"id":779126,"date":"2025-12-30T10:43:21","date_gmt":"2025-12-30T07:43:21","guid":{"rendered":"https:\/\/roveyayinevi.com.tr\/index.php\/urun\/bir-oglun-olursa-adimi-koy-lutfen\/"},"modified":"2026-04-16T02:40:48","modified_gmt":"2026-04-15T23:40:48","slug":"bir-oglun-olursa-adimi-koy-lutfen","status":"publish","type":"product","link":"https:\/\/roveyayinevi.com.tr\/index.php\/urun\/bir-oglun-olursa-adimi-koy-lutfen\/","title":{"rendered":"Bir O\u011flun Olursa Ad\u0131m\u0131 Koy L\u00fctfen"},"content":{"rendered":"<p>G\u00f6n\u00fcl bah\u00e7emde a\u00e7an, yeg\u00e2ne gonca g\u00fcl&#8230; Kar\u015f\u0131nda \u00e7aresiz kald\u0131, a\u011flad\u0131 bunca g\u00fcl. Sana keder yok, sen mesut ol sen anca g\u00fcl. Ve de beni d\u00fc\u015f\u00fcnme&#8230; Sen her \u015feye lay\u0131ks\u0131n ama, Sana ne l\u00e2y\u0131k bilemiyorum Yeri, g\u00f6\u011f\u00fc, k\u00e2inat\u0131 arad\u0131m, Sana lay\u0131k olan\u0131 bulam\u0131yorum Ne yapsam ne etsem, Ben sensiz olam\u0131yorum&#8230; Nefessiz bile kald\u0131m, ya\u015fad\u0131m, Ama sensiz ya\u015fam\u0131yorum Hi\u00e7bir \u015fey istemiyorum, senden ad\u0131ma atfen\u2026 Bir o\u011flun olursa, ad\u0131m\u0131 koy l\u00fctfen&#8230; E\u011fer ki buna da olmazsa r\u0131zan O zaman a\u011flar elbette bu deli ozan\u2026 <\/p>\n","protected":false},"excerpt":{"rendered":"<p>G\u00f6n\u00fcl bah\u00e7emde a\u00e7an, yeg\u00e2ne gonca g\u00fcl&#8230; Kar\u015f\u0131nda \u00e7aresiz kald\u0131, a\u011flad\u0131 bunca g\u00fcl. Sana keder yok, sen mesut ol sen anca g\u00fcl. Ve de beni d\u00fc\u015f\u00fcnme&#8230; Sen<span class=\"excerpt-hellip\"> [\u2026]<\/span><\/p>\n","protected":false},"featured_media":0,"template":"","meta":{"_monsterinsights_skip_tracking":false,"_monsterinsights_sitenote_active":false,"_monsterinsights_sitenote_note":"","_monsterinsights_sitenote_category":0},"product_brand":[],"product_cat":[12291,12509],"product_tag":[],"class_list":{"0":"post-779126","1":"product","2":"type-product","3":"status-publish","5":"product_cat-edebiyat","6":"product_cat-siir","7":"pa_cilt-ciltsiz","8":"pa_tur-kitap","9":"pa_yayinevi-luna-cocuk-yayinlari","10":"pa_yazar-adnan-uckun","12":"first","13":"instock","14":"sale","15":"shipping-taxable","16":"purchasable","17":"product-type-simple"},"_links":{"self":[{"href":"https:\/\/roveyayinevi.com.tr\/index.php\/wp-json\/wp\/v2\/product\/779126","targetHints":{"allow":["GET"]}}],"collection":[{"href":"https:\/\/roveyayinevi.com.tr\/index.php\/wp-json\/wp\/v2\/product"}],"about":[{"href":"https:\/\/roveyayinevi.com.tr\/index.php\/wp-json\/wp\/v2\/types\/product"}],"wp:attachment":[{"href":"https:\/\/roveyayinevi.com.tr\/index.php\/wp-json\/wp\/v2\/media?parent=779126"}],"wp:term":[{"taxonomy":"product_brand","embeddable":true,"href":"https:\/\/roveyayinevi.com.tr\/index.php\/wp-json\/wp\/v2\/product_brand?post=779126"},{"taxonomy":"product_cat","embeddable":true,"href":"https:\/\/roveyayinevi.com.tr\/index.php\/wp-json\/wp\/v2\/product_cat?post=779126"},{"taxonomy":"product_tag","embeddable":true,"href":"https:\/\/roveyayinevi.com.tr\/index.php\/wp-json\/wp\/v2\/product_tag?post=779126"}],"curies":[{"name":"wp","href":"https:\/\/api.w.org\/{rel}","templated":true}]}}