{"id":779122,"date":"2025-12-30T10:42:56","date_gmt":"2025-12-30T07:42:56","guid":{"rendered":"https:\/\/roveyayinevi.com.tr\/index.php\/urun\/korsanlar-yapistir-boya-minik-yildizlar\/"},"modified":"2026-04-16T02:40:21","modified_gmt":"2026-04-15T23:40:21","slug":"korsanlar-yapistir-boya-minik-yildizlar","status":"publish","type":"product","link":"https:\/\/roveyayinevi.com.tr\/index.php\/urun\/korsanlar-yapistir-boya-minik-yildizlar\/","title":{"rendered":"Korsanlar Yap\u0131\u015ft\u0131r Boya &#8211; Minik Y\u0131ld\u0131zlar"},"content":{"rendered":"<p>Boya kalemlerini kap ve renk anahtar\u0131ndan yararlanarak resimleri boya. Sonra da kitab\u0131ndaki \u00e7\u0131kartmalarla resimleri s\u00fcsle. Prensesler, korsanlar, deniz canl\u0131lar\u0131 ve masal kahramanlar\u0131 temalar\u0131yla Minik Y\u0131ld\u0131zlar kitap serisi, boyama ve yap\u0131\u015ft\u0131rma etkinliklerini birle\u015ftirerek \u00e7ocuklar\u0131n el becerilerini geli\u015ftirmek \u00fczere haz\u0131rland\u0131.<\/p>\n","protected":false},"excerpt":{"rendered":"<p>Boya kalemlerini kap ve renk anahtar\u0131ndan yararlanarak resimleri boya. Sonra da kitab\u0131ndaki \u00e7\u0131kartmalarla resimleri s\u00fcsle. Prensesler, korsanlar, deniz canl\u0131lar\u0131 ve masal kahramanlar\u0131 temalar\u0131yla Minik Y\u0131ld\u0131zlar kitap<span class=\"excerpt-hellip\"> [\u2026]<\/span><\/p>\n","protected":false},"featured_media":0,"template":"","meta":{"_monsterinsights_skip_tracking":false,"_monsterinsights_sitenote_active":false,"_monsterinsights_sitenote_note":"","_monsterinsights_sitenote_category":0},"product_brand":[],"product_cat":[12644,12274],"product_tag":[],"class_list":{"0":"post-779122","1":"product","2":"type-product","3":"status-publish","5":"product_cat-boyama-kitaplari","6":"product_cat-cocuk-ve-genclik-kitaplari","7":"pa_cilt-ciltsiz","8":"pa_tur-kitap","9":"pa_yayinevi-dogan-egmont-yayincilik","10":"pa_yazar-dogan-egmont-yayincilik-kolektif","12":"first","13":"instock","14":"sale","15":"shipping-taxable","16":"purchasable","17":"product-type-simple"},"_links":{"self":[{"href":"https:\/\/roveyayinevi.com.tr\/index.php\/wp-json\/wp\/v2\/product\/779122","targetHints":{"allow":["GET"]}}],"collection":[{"href":"https:\/\/roveyayinevi.com.tr\/index.php\/wp-json\/wp\/v2\/product"}],"about":[{"href":"https:\/\/roveyayinevi.com.tr\/index.php\/wp-json\/wp\/v2\/types\/product"}],"wp:attachment":[{"href":"https:\/\/roveyayinevi.com.tr\/index.php\/wp-json\/wp\/v2\/media?parent=779122"}],"wp:term":[{"taxonomy":"product_brand","embeddable":true,"href":"https:\/\/roveyayinevi.com.tr\/index.php\/wp-json\/wp\/v2\/product_brand?post=779122"},{"taxonomy":"product_cat","embeddable":true,"href":"https:\/\/roveyayinevi.com.tr\/index.php\/wp-json\/wp\/v2\/product_cat?post=779122"},{"taxonomy":"product_tag","embeddable":true,"href":"https:\/\/roveyayinevi.com.tr\/index.php\/wp-json\/wp\/v2\/product_tag?post=779122"}],"curies":[{"name":"wp","href":"https:\/\/api.w.org\/{rel}","templated":true}]}}