{"id":779121,"date":"2025-12-30T10:42:31","date_gmt":"2025-12-30T07:42:31","guid":{"rendered":"https:\/\/roveyayinevi.com.tr\/index.php\/urun\/kara-kemalin-son-gunleri\/"},"modified":"2026-04-16T02:40:17","modified_gmt":"2026-04-15T23:40:17","slug":"kara-kemalin-son-gunleri","status":"publish","type":"product","link":"https:\/\/roveyayinevi.com.tr\/index.php\/urun\/kara-kemalin-son-gunleri\/","title":{"rendered":"Kara Kemal&#8217;in Son G\u00fcnleri"},"content":{"rendered":"<p>Yak\u0131n d\u00f6nem siyasi tarihimizin en kar\u0131\u015f\u0131k ve m\u00fccadeleli safhas\u0131n\u0131n b\u00fcy\u00fck olaylar\u0131n\u0131n ba\u015f\u0131nda gelen \u0130zmir Suikast\u0131 ve sonras\u0131ndaki dava s\u00fcreci, \u0130ttihat ve Terakki Cemiyetiyle yeni rejimin hesapla\u015fma sahnesi olarak tarihe kaydedilmi\u015ftir. Bu sahnenin en \u00f6nemli akt\u00f6rlerinden biri de \u015f\u00fcphesiz \u201cK\u00fc\u00e7\u00fck Efendi\u201d nam\u0131yla Cemiyet i\u00e7inde Talat Pa\u015fa\u2019dan sonra en etkili isimlerden biri olan Kara Kemal\u2019dir. Yar\u0131n gazetesinin 1 \u015eubat 1930 tarihli 50. say\u0131s\u0131 ile 5 Nisan 1930 tarihli 111. say\u0131s\u0131 aras\u0131nda elli iki tefrika h\u00e2linde yay\u0131nlanan \u201cKara Kemal\u2019in Son G\u00fcnleri\u201d, suikast haberinin gazete s\u00fctunlar\u0131na ge\u00e7ti\u011fi 18 Haziran 1926\u2019dan K\u00fc\u00e7\u00fck Efendi\u2019nin polis takibi sonucunda Cerrahpa\u015fa\u2019da \u00f6ld\u00fcr\u00fcld\u00fc\u011f\u00fc 27 Temmuz 1926\u2019dan hemen \u00f6ncesine kadar ge\u00e7en k\u0131sa aral\u0131kta ya\u015fad\u0131klar\u0131n\u0131n kayd\u0131d\u0131r. Bu kayd\u0131, Tahsin Y\u0131ld\u0131r\u0131m\u2019\u0131n geni\u015f notlar\u0131 ve tefrikada yar\u0131m kalan son g\u00fcne dair Ekrem Baydar\u2019\u0131n tan\u0131kl\u0131\u011f\u0131yla tamamlayarak ne\u015frediyoruz.<\/p>\n","protected":false},"excerpt":{"rendered":"<p>Yak\u0131n d\u00f6nem siyasi tarihimizin en kar\u0131\u015f\u0131k ve m\u00fccadeleli safhas\u0131n\u0131n b\u00fcy\u00fck olaylar\u0131n\u0131n ba\u015f\u0131nda gelen \u0130zmir Suikast\u0131 ve sonras\u0131ndaki dava s\u00fcreci, \u0130ttihat ve Terakki Cemiyetiyle yeni rejimin hesapla\u015fma<span class=\"excerpt-hellip\"> [\u2026]<\/span><\/p>\n","protected":false},"featured_media":0,"template":"","meta":{"_monsterinsights_skip_tracking":false,"_monsterinsights_sitenote_active":false,"_monsterinsights_sitenote_note":"","_monsterinsights_sitenote_category":0},"product_brand":[],"product_cat":[13072,12291],"product_tag":[],"class_list":{"0":"post-779121","1":"product","2":"type-product","3":"status-publish","5":"product_cat-arastirma-inceleme-referans","6":"product_cat-edebiyat","7":"pa_cilt-ciltsiz","8":"pa_tur-kitap","9":"pa_yayinevi-otuken-nesriyat","10":"pa_yazar-arif-oruc","12":"first","13":"instock","14":"sale","15":"shipping-taxable","16":"purchasable","17":"product-type-simple"},"_links":{"self":[{"href":"https:\/\/roveyayinevi.com.tr\/index.php\/wp-json\/wp\/v2\/product\/779121","targetHints":{"allow":["GET"]}}],"collection":[{"href":"https:\/\/roveyayinevi.com.tr\/index.php\/wp-json\/wp\/v2\/product"}],"about":[{"href":"https:\/\/roveyayinevi.com.tr\/index.php\/wp-json\/wp\/v2\/types\/product"}],"wp:attachment":[{"href":"https:\/\/roveyayinevi.com.tr\/index.php\/wp-json\/wp\/v2\/media?parent=779121"}],"wp:term":[{"taxonomy":"product_brand","embeddable":true,"href":"https:\/\/roveyayinevi.com.tr\/index.php\/wp-json\/wp\/v2\/product_brand?post=779121"},{"taxonomy":"product_cat","embeddable":true,"href":"https:\/\/roveyayinevi.com.tr\/index.php\/wp-json\/wp\/v2\/product_cat?post=779121"},{"taxonomy":"product_tag","embeddable":true,"href":"https:\/\/roveyayinevi.com.tr\/index.php\/wp-json\/wp\/v2\/product_tag?post=779121"}],"curies":[{"name":"wp","href":"https:\/\/api.w.org\/{rel}","templated":true}]}}