{"id":779120,"date":"2025-12-30T10:42:27","date_gmt":"2025-12-30T07:42:27","guid":{"rendered":"https:\/\/roveyayinevi.com.tr\/index.php\/urun\/antik-roma\/"},"modified":"2025-12-30T10:42:27","modified_gmt":"2025-12-30T07:42:27","slug":"antik-roma","status":"publish","type":"product","link":"https:\/\/roveyayinevi.com.tr\/index.php\/urun\/antik-roma\/","title":{"rendered":"Antik Roma"},"content":{"rendered":"<p>Bu kitap k\u00fc\u00e7\u00fck bir k\u00f6y olarak kurulan ve y\u00fczy\u0131llar i\u00e7inde t\u00fcm Akdeniz d\u00fcnyas\u0131na egemen olan Roma\u2019n\u0131n hik\u00e2yesini ayr\u0131nt\u0131lar\u0131yla anlat\u0131yor. Tarih sahnesinde bin y\u0131l\u0131 a\u015fk\u0131n s\u00fcre varolmay\u0131 ba\u015faran, \u00e7ok uzun bir s\u00fcre Britanya\u2019dan M\u0131s\u0131r\u2019a, Kuzey Avrupa\u2019dan Kuzey Afrika\u2019ya uzanan devasa co\u011frafyay\u0131 ve farkl\u0131 milletleri hakimiyeti alt\u0131nda birle\u015ftiren bu devletin tarihte ve insanl\u0131\u011f\u0131n zihninde b\u0131rakt\u0131\u011f\u0131 izler \u015f\u00fcphesiz halen g\u00fcn\u00fcm\u00fcz insan\u0131n\u0131 etkilemeye ve g\u00fcn\u00fcm\u00fcz d\u00fcnyas\u0131n\u0131 \u015fekillendirmeye devam ediyor.Tarih, toplum, antropoloji, hukuk, edebiyat, sanat, felsefe, mit, din, bilim ve teknik, t\u0131p, astronomi ve m\u00fczik gibi alanlar\u0131n her birine geni\u015f bir yer ay\u0131ran, Umberto Eco \u00f6nderli\u011finde sayg\u0131n ara\u015ft\u0131rmac\u0131lar taraf\u0131ndan haz\u0131rlanm\u0131\u015f bu ansiklopedik kaynak, T\u00fcrk\u00e7e literat\u00fcrdeki en kapsaml\u0131 kitap olup Roma tarihini merak edenler i\u00e7in yol g\u00f6sterici bir rehber olacakt\u0131r.\u201c\u015eu d\u00fcnyada kim Romal\u0131lar\u0131n nas\u0131l bir us\u00fbl izleyerek neredeyse t\u00fcm d\u00fcnyaya hakim olduklar\u0131n\u0131 merak etmeyecek kadar meraks\u0131z ya da miskin olabilir?\u201d \u2014Polybios<\/p>\n","protected":false},"excerpt":{"rendered":"<p>Bu kitap k\u00fc\u00e7\u00fck bir k\u00f6y olarak kurulan ve y\u00fczy\u0131llar i\u00e7inde t\u00fcm Akdeniz d\u00fcnyas\u0131na egemen olan Roma\u2019n\u0131n hik\u00e2yesini ayr\u0131nt\u0131lar\u0131yla anlat\u0131yor. Tarih sahnesinde bin y\u0131l\u0131 a\u015fk\u0131n s\u00fcre varolmay\u0131<span class=\"excerpt-hellip\"> [\u2026]<\/span><\/p>\n","protected":false},"featured_media":0,"template":"","meta":{"_monsterinsights_skip_tracking":false,"_monsterinsights_sitenote_active":false,"_monsterinsights_sitenote_note":"","_monsterinsights_sitenote_category":0},"product_brand":[],"product_cat":[12370,12304],"product_tag":[],"class_list":{"0":"post-779120","1":"product","2":"type-product","3":"status-publish","5":"product_cat-arastirma-inceleme","6":"product_cat-tarih","7":"pa_cilt-ciltli","8":"pa_tur-kitap","9":"pa_yayinevi-alfa-yayinlari","10":"pa_yazar-umberto-eco","12":"first","13":"instock","14":"sale","15":"shipping-taxable","16":"purchasable","17":"product-type-simple"},"_links":{"self":[{"href":"https:\/\/roveyayinevi.com.tr\/index.php\/wp-json\/wp\/v2\/product\/779120","targetHints":{"allow":["GET"]}}],"collection":[{"href":"https:\/\/roveyayinevi.com.tr\/index.php\/wp-json\/wp\/v2\/product"}],"about":[{"href":"https:\/\/roveyayinevi.com.tr\/index.php\/wp-json\/wp\/v2\/types\/product"}],"wp:attachment":[{"href":"https:\/\/roveyayinevi.com.tr\/index.php\/wp-json\/wp\/v2\/media?parent=779120"}],"wp:term":[{"taxonomy":"product_brand","embeddable":true,"href":"https:\/\/roveyayinevi.com.tr\/index.php\/wp-json\/wp\/v2\/product_brand?post=779120"},{"taxonomy":"product_cat","embeddable":true,"href":"https:\/\/roveyayinevi.com.tr\/index.php\/wp-json\/wp\/v2\/product_cat?post=779120"},{"taxonomy":"product_tag","embeddable":true,"href":"https:\/\/roveyayinevi.com.tr\/index.php\/wp-json\/wp\/v2\/product_tag?post=779120"}],"curies":[{"name":"wp","href":"https:\/\/api.w.org\/{rel}","templated":true}]}}