{"id":779118,"date":"2025-12-30T10:42:15","date_gmt":"2025-12-30T07:42:15","guid":{"rendered":"https:\/\/roveyayinevi.com.tr\/index.php\/urun\/hayatin-puk-ii-kodu\/"},"modified":"2026-04-08T02:48:21","modified_gmt":"2026-04-07T23:48:21","slug":"hayatin-puk-ii-kodu","status":"publish","type":"product","link":"https:\/\/roveyayinevi.com.tr\/index.php\/urun\/hayatin-puk-ii-kodu\/","title":{"rendered":"Hayat\u0131n Puk (II) Kodu"},"content":{"rendered":"<p>Kendini tan\u0131man\u0131 istemeselerdi, bundan binlerce y\u0131l \u00f6ncesinde in\u015fa edilmi\u015f bir tap\u0131na\u011f\u0131n giri\u015f kap\u0131s\u0131n\u0131n \u00fcst\u00fcne \u201cKendini tan\u0131,\u201d yazarlar m\u0131yd\u0131? Sen, Sen De\u011filsin! Kendini Tan\u0131 kitab\u0131n\u0131 yazmamdaki as\u0131l sebep, ger\u00e7ekten kendinizi tan\u0131man\u0131z\u0131 istememdir. \u015eimdi bana diyeceksiniz ki: \u201cZaten ben kendimi tan\u0131yorum, sen bana nas\u0131l yard\u0131mc\u0131 olabilirsin ki?\u201d B\u00f6yle d\u00fc\u015f\u00fcnd\u00fc\u011f\u00fcn\u00fcz\u00fc hissedebiliyorum. Bir\u00e7ok insan\u0131n kendi varl\u0131\u011f\u0131ndan bile haberdar olmay\u0131p, ya\u015fay\u0131p \u00f6m\u00fcr ge\u00e7irdi\u011fi \u015fu ya\u015fam d\u00f6ng\u00fcs\u00fcnde \u00f6yle tuhaf olaylar, sarmallar oluyor ki bunlar\u0131 bir bilseniz \u015fa\u015f\u0131r\u0131r, deyim yerindeyse k\u00fc\u00e7\u00fck dilinizi yutacak hale gelirsiniz. Bu kitapla \u201cBen kimim?\u201d diye sordu\u011funuzda hepinizden farkl\u0131 cevap gelece\u011fine eminim. \u00d6ncelikle bu d\u00fcnyaya geldiyseniz elbette bunun bir sebebi ve ya\u015fam amac\u0131n\u0131z\u0131n da bir sorgusu olmal\u0131d\u0131r. Yaradan&#8217;\u0131n size verdi\u011fi ve sadece belli ba\u015fl\u0131 elit insanlar\u0131n bildi\u011fi, saklad\u0131\u011f\u0131 bu s\u0131rlar\u0131 \u00f6\u011frenmenin sizin de en do\u011fal hakk\u0131n\u0131z oldu\u011funa inanan insanlardan birisiyim. <\/p>\n","protected":false},"excerpt":{"rendered":"<p>Kendini tan\u0131man\u0131 istemeselerdi, bundan binlerce y\u0131l \u00f6ncesinde in\u015fa edilmi\u015f bir tap\u0131na\u011f\u0131n giri\u015f kap\u0131s\u0131n\u0131n \u00fcst\u00fcne \u201cKendini tan\u0131,\u201d yazarlar m\u0131yd\u0131? Sen, Sen De\u011filsin! Kendini Tan\u0131 kitab\u0131n\u0131 yazmamdaki as\u0131l<span class=\"excerpt-hellip\"> [\u2026]<\/span><\/p>\n","protected":false},"featured_media":0,"template":"","meta":{"_monsterinsights_skip_tracking":false,"_monsterinsights_sitenote_active":false,"_monsterinsights_sitenote_note":"","_monsterinsights_sitenote_category":0},"product_brand":[],"product_cat":[12364,12376],"product_tag":[],"class_list":{"0":"post-779118","1":"product","2":"type-product","3":"status-publish","5":"product_cat-genel-konular","6":"product_cat-kisisel-gelisim","7":"pa_cilt-ciltsiz","8":"pa_tur-kitap","9":"pa_yayinevi-luna-yayinlari","10":"pa_yazar-nurettin-ozdogan","12":"first","13":"instock","14":"sale","15":"shipping-taxable","16":"purchasable","17":"product-type-simple"},"_links":{"self":[{"href":"https:\/\/roveyayinevi.com.tr\/index.php\/wp-json\/wp\/v2\/product\/779118","targetHints":{"allow":["GET"]}}],"collection":[{"href":"https:\/\/roveyayinevi.com.tr\/index.php\/wp-json\/wp\/v2\/product"}],"about":[{"href":"https:\/\/roveyayinevi.com.tr\/index.php\/wp-json\/wp\/v2\/types\/product"}],"wp:attachment":[{"href":"https:\/\/roveyayinevi.com.tr\/index.php\/wp-json\/wp\/v2\/media?parent=779118"}],"wp:term":[{"taxonomy":"product_brand","embeddable":true,"href":"https:\/\/roveyayinevi.com.tr\/index.php\/wp-json\/wp\/v2\/product_brand?post=779118"},{"taxonomy":"product_cat","embeddable":true,"href":"https:\/\/roveyayinevi.com.tr\/index.php\/wp-json\/wp\/v2\/product_cat?post=779118"},{"taxonomy":"product_tag","embeddable":true,"href":"https:\/\/roveyayinevi.com.tr\/index.php\/wp-json\/wp\/v2\/product_tag?post=779118"}],"curies":[{"name":"wp","href":"https:\/\/api.w.org\/{rel}","templated":true}]}}