{"id":779116,"date":"2025-12-30T10:40:42","date_gmt":"2025-12-30T07:40:42","guid":{"rendered":"https:\/\/roveyayinevi.com.tr\/index.php\/urun\/alfa-kadini-olmak\/"},"modified":"2026-03-19T02:46:20","modified_gmt":"2026-03-18T23:46:20","slug":"alfa-kadini-olmak","status":"publish","type":"product","link":"https:\/\/roveyayinevi.com.tr\/index.php\/urun\/alfa-kadini-olmak\/","title":{"rendered":"Alfa Kad\u0131n\u0131 Olmak"},"content":{"rendered":"<p>Alfa kad\u0131n\u0131n\u0131n b\u00fct\u00fcn ili\u015fkileri daima sa\u011flamd\u0131r. Dobra oldu\u011fu, olan\u0131 e\u011fip b\u00fckmeden s\u00f6yledi\u011fi, \u00f6\u011frenmeye ve geli\u015fmeye a\u00e7\u0131k olarak kar\u015f\u0131s\u0131ndaki insan\u0131 dikkatle dinledi\u011fi i\u00e7in b\u00fct\u00fcn ili\u015fkilerinde ba\u015far\u0131l\u0131d\u0131r. G\u00fcc\u00fcn\u00fcn tamam\u0131n\u0131; hedeflerine ula\u015fmak i\u00e7in birilerini de\u011fil yeteneklerini kullanmaktan, s\u0131n\u0131rlar\u0131n\u0131 korumaktan, kararl\u0131 duru\u015flar\u0131ndan al\u0131r alfa kad\u0131n\u0131.  Etraf\u0131nda g\u00f6rd\u00fc\u011f\u00fc sayg\u0131 ise kendine has olan o muhte\u015fem auras\u0131ndan, kendini tan\u0131mas\u0131ndan, kendine yak\u0131\u015fan her \u015feyi bilmesinden, konu\u015ftu\u011funda insanlar\u0131 b\u00fcy\u00fcleyen anlay\u0131\u015fl\u0131 ses tonu ve h\u0131zl\u0131ca \u00e7\u00f6z\u00fcm \u00fcretebilen pratik zek\u00e2s\u0131ndan kaynaklan\u0131r. Alfa kad\u0131n\u0131 sadece ne istedi\u011fini bilmek ile yetinmez; o, istedi\u011fi \u015feyi nas\u0131l elde edebilece\u011fini de \u00e7oktan hesaplam\u0131\u015ft\u0131r. <\/p>\n","protected":false},"excerpt":{"rendered":"<p>Alfa kad\u0131n\u0131n\u0131n b\u00fct\u00fcn ili\u015fkileri daima sa\u011flamd\u0131r. Dobra oldu\u011fu, olan\u0131 e\u011fip b\u00fckmeden s\u00f6yledi\u011fi, \u00f6\u011frenmeye ve geli\u015fmeye a\u00e7\u0131k olarak kar\u015f\u0131s\u0131ndaki insan\u0131 dikkatle dinledi\u011fi i\u00e7in b\u00fct\u00fcn ili\u015fkilerinde ba\u015far\u0131l\u0131d\u0131r. G\u00fcc\u00fcn\u00fcn<span class=\"excerpt-hellip\"> [\u2026]<\/span><\/p>\n","protected":false},"featured_media":0,"template":"","meta":{"_monsterinsights_skip_tracking":false,"_monsterinsights_sitenote_active":false,"_monsterinsights_sitenote_note":"","_monsterinsights_sitenote_category":0},"product_brand":[],"product_cat":[12777,12291],"product_tag":[],"class_list":{"0":"post-779116","1":"product","2":"type-product","3":"status-publish","5":"product_cat-deneme","6":"product_cat-edebiyat","7":"pa_cilt-ciltsiz","8":"pa_tur-kitap","9":"pa_yayinevi-olimpos-yayinlari","10":"pa_yazar-hakan-ozkan","12":"first","13":"instock","14":"sale","15":"shipping-taxable","16":"purchasable","17":"product-type-simple"},"_links":{"self":[{"href":"https:\/\/roveyayinevi.com.tr\/index.php\/wp-json\/wp\/v2\/product\/779116","targetHints":{"allow":["GET"]}}],"collection":[{"href":"https:\/\/roveyayinevi.com.tr\/index.php\/wp-json\/wp\/v2\/product"}],"about":[{"href":"https:\/\/roveyayinevi.com.tr\/index.php\/wp-json\/wp\/v2\/types\/product"}],"wp:attachment":[{"href":"https:\/\/roveyayinevi.com.tr\/index.php\/wp-json\/wp\/v2\/media?parent=779116"}],"wp:term":[{"taxonomy":"product_brand","embeddable":true,"href":"https:\/\/roveyayinevi.com.tr\/index.php\/wp-json\/wp\/v2\/product_brand?post=779116"},{"taxonomy":"product_cat","embeddable":true,"href":"https:\/\/roveyayinevi.com.tr\/index.php\/wp-json\/wp\/v2\/product_cat?post=779116"},{"taxonomy":"product_tag","embeddable":true,"href":"https:\/\/roveyayinevi.com.tr\/index.php\/wp-json\/wp\/v2\/product_tag?post=779116"}],"curies":[{"name":"wp","href":"https:\/\/api.w.org\/{rel}","templated":true}]}}