{"id":779110,"date":"2025-12-30T10:38:25","date_gmt":"2025-12-30T07:38:25","guid":{"rendered":"https:\/\/roveyayinevi.com.tr\/index.php\/urun\/jaguara-dokunmak\/"},"modified":"2026-04-16T02:37:10","modified_gmt":"2026-04-15T23:37:10","slug":"jaguara-dokunmak","status":"publish","type":"product","link":"https:\/\/roveyayinevi.com.tr\/index.php\/urun\/jaguara-dokunmak\/","title":{"rendered":"Jaguara Dokunmak"},"content":{"rendered":"<p>40&#8217;tan Fazla Dilde Uluslararas\u0131 \u00c7oksatanBir Ekonomik Tetik\u00e7inin \u0130tiraflar\u0131&#8217;n\u0131n yazar\u0131ndan  Amazon \u015famanlar\u0131yla doymak bilmez t\u00fcketim baronlar\u0131 aras\u0131ndaki vicdani u\u00e7urumdan sesleniyor: Modern zaman k\u00e2hini, ekonomik tetik\u00e7i John Perkins. \u201cBu muhte\u015fem kitap, g\u00f6z al\u0131c\u0131 gezegenimizde insan olmaya dair yeni bir ger\u00e7eklik yaratmam\u0131z i\u00e7in ilham veriyor.\u201dDeepak Chopra Ekonomik tetik\u00e7iler (ET&#8217;ler) yerk\u00fcre \u00fczerindeki \u00fclkeleri trilyonlarca dolar doland\u0131ran y\u00fcksek \u00fccretli profesyonellerdir. D\u00fcnya Bankas\u0131, ABD Uluslararas\u0131 Kalk\u0131nma Ajans\u0131 ve di\u011fer yabanc\u0131 &#8220;yard\u0131m&#8221; kurulu\u015flar\u0131ndan b\u00fcy\u00fck \u015firketlerin kasalar\u0131na ve gezegenimizin do\u011fal kaynaklar\u0131n\u0131 kontrol eden birka\u00e7 varl\u0131kl\u0131 ailenin ceplerine para aktar\u0131rlar. Kulland\u0131klar\u0131 ara\u00e7lar aras\u0131nda sahte finansal raporlar, hileli se\u00e7imler, darbeler, r\u00fc\u015fvet, zorbal\u0131k ve cinayet bulunmaktad\u0131r. Nereden mi biliyorum? Ben de bir ET idim.Her \u015fey Perkins\u2019in Bar\u0131\u015f G\u00f6n\u00fcll\u00fcleri\u2019ne kat\u0131lmas\u0131yla ba\u015flad\u0131.Gitti\u011fi \u00fclkelerde y\u0131llar boyunca yapt\u0131klar\u0131n\u0131n y\u0131k\u0131c\u0131 etkisini g\u00f6rd\u00fc.Yerli halklar\u0131n yok olu\u015funa, k\u00f6lele\u015fmesine tan\u0131k oldu.Ve sonunda anlad\u0131, en az\u0131l\u0131 su\u00e7lular\u0131n orta\u011f\u0131yd\u0131.Sonra bir g\u00fcn, bir Amazon kabilesinde, jaguara dokundu. Jaguara Dokunmak bir tetik\u00e7inin \u00d6l\u00fcm Ekonomisi&#8217;yle sava\u015fan bir kahramana d\u00f6n\u00fc\u015fmesini anlat\u0131yor.Hayatlar\u0131m\u0131z\u0131 ve topraklar\u0131m\u0131z\u0131 y\u0131k\u0131c\u0131 sistem ve projelerden korumam\u0131z\u0131n ipu\u00e7lar\u0131n\u0131 veriyor.John Perkins bu kez iyinin yan\u0131nda, bize yeni hayat\u0131n haritas\u0131n\u0131 a\u00e7\u0131yor.\u015eimdi elimizi ta\u015f\u0131n alt\u0131na koyma zaman\u0131! Perkins son kitab\u0131 Jaguara Dokunmak ile okurlar\u0131 korkular\u0131yla y\u00fczle\u015fme, sorumluluk alma ve gerekli de\u011fi\u015fimleri yapma konusunda y\u00fcreklendiriyor.Publishers Weekly  Zaman\u0131m\u0131zda tutulmu\u015f en \u00f6nemli kay\u0131tlardan biri. Ruhunuza dokunacak, cesaretinizi art\u0131racak, kalbinizi \u0131s\u0131tacak. B\u00fcy\u00fcl\u00fc, isyankar ve ger\u00e7ek. Perkins\u2019ten bir ba\u015fyap\u0131t.Lynne Twist, Paran\u0131n Ruhu kitab\u0131n\u0131n yazar\u0131  Y\u0131k\u0131c\u0131 \u00d6l\u00fcm Ekonomisi&#8217;ni s\u00fcrd\u00fcr\u00fclebilir bir Ya\u015fam Ekonomisi&#8217;ne nas\u0131l d\u00f6n\u00fc\u015ft\u00fcrebiliriz? Kendimizin en iyi versiyonu olman\u0131n \u00f6n\u00fcnde ne engel var? John g\u00fc\u00e7l\u00fc, zekice yan\u0131tlar veriyor. Okuyun!\u201dMarci Shimoff, #1 New York Times \u00e7oksatan yazar\u0131 <\/p>\n","protected":false},"excerpt":{"rendered":"<p>40&#8217;tan Fazla Dilde Uluslararas\u0131 \u00c7oksatanBir Ekonomik Tetik\u00e7inin \u0130tiraflar\u0131&#8217;n\u0131n yazar\u0131ndan Amazon \u015famanlar\u0131yla doymak bilmez t\u00fcketim baronlar\u0131 aras\u0131ndaki vicdani u\u00e7urumdan sesleniyor: Modern zaman k\u00e2hini, ekonomik tetik\u00e7i John Perkins.<span class=\"excerpt-hellip\"> [\u2026]<\/span><\/p>\n","protected":false},"featured_media":0,"template":"","meta":{"_monsterinsights_skip_tracking":false,"_monsterinsights_sitenote_active":false,"_monsterinsights_sitenote_note":"","_monsterinsights_sitenote_category":0},"product_brand":[],"product_cat":[12338,12337],"product_tag":[],"class_list":{"0":"post-779110","1":"product","2":"type-product","3":"status-publish","5":"product_cat-dunya-siyaseti-ve-politikasi","6":"product_cat-politika-siyaset","7":"pa_cilt-ciltsiz","8":"pa_tur-kitap","9":"pa_yayinevi-april-yayincilik","10":"pa_yazar-john-perkins","12":"first","13":"instock","14":"sale","15":"shipping-taxable","16":"purchasable","17":"product-type-simple"},"_links":{"self":[{"href":"https:\/\/roveyayinevi.com.tr\/index.php\/wp-json\/wp\/v2\/product\/779110","targetHints":{"allow":["GET"]}}],"collection":[{"href":"https:\/\/roveyayinevi.com.tr\/index.php\/wp-json\/wp\/v2\/product"}],"about":[{"href":"https:\/\/roveyayinevi.com.tr\/index.php\/wp-json\/wp\/v2\/types\/product"}],"wp:attachment":[{"href":"https:\/\/roveyayinevi.com.tr\/index.php\/wp-json\/wp\/v2\/media?parent=779110"}],"wp:term":[{"taxonomy":"product_brand","embeddable":true,"href":"https:\/\/roveyayinevi.com.tr\/index.php\/wp-json\/wp\/v2\/product_brand?post=779110"},{"taxonomy":"product_cat","embeddable":true,"href":"https:\/\/roveyayinevi.com.tr\/index.php\/wp-json\/wp\/v2\/product_cat?post=779110"},{"taxonomy":"product_tag","embeddable":true,"href":"https:\/\/roveyayinevi.com.tr\/index.php\/wp-json\/wp\/v2\/product_tag?post=779110"}],"curies":[{"name":"wp","href":"https:\/\/api.w.org\/{rel}","templated":true}]}}