{"id":779105,"date":"2025-12-30T10:36:16","date_gmt":"2025-12-30T07:36:16","guid":{"rendered":"https:\/\/roveyayinevi.com.tr\/index.php\/urun\/androtopyaya-yolculuk-ciltli\/"},"modified":"2026-04-16T02:36:32","modified_gmt":"2026-04-15T23:36:32","slug":"androtopyaya-yolculuk-ciltli","status":"publish","type":"product","link":"https:\/\/roveyayinevi.com.tr\/index.php\/urun\/androtopyaya-yolculuk-ciltli\/","title":{"rendered":"Androtopyaya Yolculuk (Ciltli)"},"content":{"rendered":"<p>Bilim kurgu, macera romanlar\u0131yla y\u00fcz binin \u00fczerinde \u00e7ocuk ve gen\u00e7 okurun kitapl\u0131\u011f\u0131na taht kuran \u015e\u00f6hret Do\u011fruyol Sa\u011fba\u015f\u2019\u0131n kaleminden&#8230; Hayat\u0131 sanal olarak ya\u015famay\u0131 tercih eden insanlar\u0131n ve insandan \u00e7ok daha zeki, \u00e7ok daha bilin\u00e7li yapay zek\u00e2l\u0131 androidlerin egemenli\u011finde bir evren&#8230; Androidler d\u00fcnyay\u0131 ele ge\u00e7irebilir mi? Biz d\u00fcnyaya ba\u015fka t\u00fcrl\u00fc davran\u0131rsak gelecek daha farkl\u0131 \u015fekillenebilir mi? Gelece\u011fe dair pek \u00e7ok soruya cevap arayanlar&#8230; Soluksuz bir maceraya haz\u0131r m\u0131s\u0131n\u0131z? Kendi zaman\u0131n\u0131n \u00f6tesinde bir paralel evrene ge\u00e7i\u015f yapan Mavi, bu evreni \u00e7\u00f6zmeye \u00e7al\u0131\u015f\u0131rken asl\u0131nda hi\u00e7bir \u015feyin g\u00f6r\u00fcnd\u00fc\u011f\u00fc gibi olmad\u0131\u011f\u0131n\u0131 fark eder. \u00dcnl\u00fc evren bilimci Stephen Hawking\u2019in yapay zek\u00e2 teknolojileri \u00fczerine kurdu\u011fu kehanetlerinin ger\u00e7ekle\u015fti\u011fine dair \u015f\u00fcpheye d\u00fc\u015fen Mavi, kendini yepyeni bir maceran\u0131n i\u00e7inde bulur. \u015e\u00f6hret Do\u011fruyol Sa\u011fba\u015f, \u00dctopyaya Yolculuk ve Distopyaya Yolculuk kitaplar\u0131nda oldu\u011fu gibi, serinin bu kitab\u0131 i\u00e7in de bir \u015fark\u0131 derledi. Kitaptaki harika \u015fark\u0131ya karekod uygulamas\u0131 arac\u0131l\u0131\u011f\u0131yla eri\u015febilirsiniz! <\/p>\n","protected":false},"excerpt":{"rendered":"<p>Bilim kurgu, macera romanlar\u0131yla y\u00fcz binin \u00fczerinde \u00e7ocuk ve gen\u00e7 okurun kitapl\u0131\u011f\u0131na taht kuran \u015e\u00f6hret Do\u011fruyol Sa\u011fba\u015f\u2019\u0131n kaleminden&#8230; Hayat\u0131 sanal olarak ya\u015famay\u0131 tercih eden insanlar\u0131n ve<span class=\"excerpt-hellip\"> [\u2026]<\/span><\/p>\n","protected":false},"featured_media":0,"template":"","meta":{"_monsterinsights_skip_tracking":false,"_monsterinsights_sitenote_active":false,"_monsterinsights_sitenote_note":"","_monsterinsights_sitenote_category":0},"product_brand":[],"product_cat":[12291,50487],"product_tag":[],"class_list":{"0":"post-779105","1":"product","2":"type-product","3":"status-publish","5":"product_cat-edebiyat","6":"product_cat-kurgu","7":"pa_cilt-ciltli","8":"pa_tur-kitap","9":"pa_yayinevi-epsilon-yayinlari","10":"pa_yazar-sohret-dogruyol-sagbas","12":"first","13":"instock","14":"sale","15":"shipping-taxable","16":"purchasable","17":"product-type-simple"},"_links":{"self":[{"href":"https:\/\/roveyayinevi.com.tr\/index.php\/wp-json\/wp\/v2\/product\/779105","targetHints":{"allow":["GET"]}}],"collection":[{"href":"https:\/\/roveyayinevi.com.tr\/index.php\/wp-json\/wp\/v2\/product"}],"about":[{"href":"https:\/\/roveyayinevi.com.tr\/index.php\/wp-json\/wp\/v2\/types\/product"}],"wp:attachment":[{"href":"https:\/\/roveyayinevi.com.tr\/index.php\/wp-json\/wp\/v2\/media?parent=779105"}],"wp:term":[{"taxonomy":"product_brand","embeddable":true,"href":"https:\/\/roveyayinevi.com.tr\/index.php\/wp-json\/wp\/v2\/product_brand?post=779105"},{"taxonomy":"product_cat","embeddable":true,"href":"https:\/\/roveyayinevi.com.tr\/index.php\/wp-json\/wp\/v2\/product_cat?post=779105"},{"taxonomy":"product_tag","embeddable":true,"href":"https:\/\/roveyayinevi.com.tr\/index.php\/wp-json\/wp\/v2\/product_tag?post=779105"}],"curies":[{"name":"wp","href":"https:\/\/api.w.org\/{rel}","templated":true}]}}