{"id":779103,"date":"2025-12-30T10:35:58","date_gmt":"2025-12-30T07:35:58","guid":{"rendered":"https:\/\/roveyayinevi.com.tr\/index.php\/urun\/bakele\/"},"modified":"2026-02-03T02:51:53","modified_gmt":"2026-02-02T23:51:53","slug":"bakele","status":"publish","type":"product","link":"https:\/\/roveyayinevi.com.tr\/index.php\/urun\/bakele\/","title":{"rendered":"Bakele"},"content":{"rendered":"<p>\u201c\u0130lk \u2018Can\u0131m\u2019 demek istedi\u011finde ar etmi\u015f dedem, \u2018Han\u0131m\u2019 dese \u2018mal\u0131m\u2019 demi\u015f gibi olur diye korkmu\u015f, \u2018Vesile\u2019 dese \u00e7ok resm\u00ee, so\u011fuk. Ama kendinden tarafa bakmas\u0131n\u0131 istiyormu\u015f, onu g\u00f6rmesini, onun i\u00e7ini, y\u00fcre\u011fini, sevdas\u0131n\u0131 fark etmesini istiyormu\u015f; anlatacak, d\u00f6k\u00fclecek, gerekirse a\u011flayacakm\u0131\u015f. \u2018Baksana\u2019 dese olmaz, \u2018Bak hele&#8230;\u2019 demi\u015f, devam\u0131n\u0131 getirebilecekmi\u015f gibi. Bakele d\u00f6n\u00fcp bakm\u0131\u015f. Dedem b\u00fct\u00fcn s\u00f6yleyeceklerini unutmu\u015f, \u00f6ylece kalm\u0131\u015f.\u201dEn saf\u0131ndan a\u015fk, hani, hasretle imtihan edilen\u2026 A\u015fka, dosta, s\u0131rda\u015fa, muhabbete hasret, hasretin \u00e7ileleri\u2026 G\u00f6n\u00fcl yaralar\u0131, mutsuzluklar ve mutsuzlu\u011fu s\u0131k\u0131p s\u0131k\u0131p mutlulu\u011funu oradan \u00e7\u0131kartanlar\u2026 \u0130yi niyetli beceriksizlikler, becerikli k\u00f6t\u00fc niyetler\u2026 Ay\u0131b\u0131 bilenler, bilmeyenler\u2026 Hay\u0131rs\u0131zlar u\u011fursuzlar\u2026 Sezgin Kaymaz, bu kitaptaki k\u0131sa hik\u00e2yelerinde yine o hasretin, o muhabbetin pe\u015finden gidiyor: Darl\u0131\u011f\u0131n yoklu\u011fun k\u0131tl\u0131\u011f\u0131n i\u00e7inden, en beklenmeyecek yerde insaniyet cevheri buluyor, tozunu silkip uzat\u0131yor bize.<\/p>\n","protected":false},"excerpt":{"rendered":"<p>\u201c\u0130lk \u2018Can\u0131m\u2019 demek istedi\u011finde ar etmi\u015f dedem, \u2018Han\u0131m\u2019 dese \u2018mal\u0131m\u2019 demi\u015f gibi olur diye korkmu\u015f, \u2018Vesile\u2019 dese \u00e7ok resm\u00ee, so\u011fuk. Ama kendinden tarafa bakmas\u0131n\u0131 istiyormu\u015f, onu<span class=\"excerpt-hellip\"> [\u2026]<\/span><\/p>\n","protected":false},"featured_media":0,"template":"","meta":{"_monsterinsights_skip_tracking":false,"_monsterinsights_sitenote_active":false,"_monsterinsights_sitenote_note":"","_monsterinsights_sitenote_category":0},"product_brand":[],"product_cat":[12291,12292],"product_tag":[],"class_list":{"0":"post-779103","1":"product","2":"type-product","3":"status-publish","5":"product_cat-edebiyat","6":"product_cat-turk-edebiyati","7":"pa_cilt-ciltsiz","8":"pa_tur-kitap","9":"pa_yayinevi-iletisim-yayinlari","10":"pa_yazar-sezgin-kaymaz","12":"first","13":"instock","14":"sale","15":"shipping-taxable","16":"purchasable","17":"product-type-simple"},"_links":{"self":[{"href":"https:\/\/roveyayinevi.com.tr\/index.php\/wp-json\/wp\/v2\/product\/779103","targetHints":{"allow":["GET"]}}],"collection":[{"href":"https:\/\/roveyayinevi.com.tr\/index.php\/wp-json\/wp\/v2\/product"}],"about":[{"href":"https:\/\/roveyayinevi.com.tr\/index.php\/wp-json\/wp\/v2\/types\/product"}],"wp:attachment":[{"href":"https:\/\/roveyayinevi.com.tr\/index.php\/wp-json\/wp\/v2\/media?parent=779103"}],"wp:term":[{"taxonomy":"product_brand","embeddable":true,"href":"https:\/\/roveyayinevi.com.tr\/index.php\/wp-json\/wp\/v2\/product_brand?post=779103"},{"taxonomy":"product_cat","embeddable":true,"href":"https:\/\/roveyayinevi.com.tr\/index.php\/wp-json\/wp\/v2\/product_cat?post=779103"},{"taxonomy":"product_tag","embeddable":true,"href":"https:\/\/roveyayinevi.com.tr\/index.php\/wp-json\/wp\/v2\/product_tag?post=779103"}],"curies":[{"name":"wp","href":"https:\/\/api.w.org\/{rel}","templated":true}]}}