{"id":779098,"date":"2025-12-30T10:34:07","date_gmt":"2025-12-30T07:34:07","guid":{"rendered":"https:\/\/roveyayinevi.com.tr\/index.php\/urun\/tosun-bank\/"},"modified":"2026-04-16T02:34:55","modified_gmt":"2026-04-15T23:34:55","slug":"tosun-bank","status":"publish","type":"product","link":"https:\/\/roveyayinevi.com.tr\/index.php\/urun\/tosun-bank\/","title":{"rendered":"Tosun Bank"},"content":{"rendered":"<p>1980\u2019lerden beri T\u00fcrkiye\u2019de kurulan saadet zincirlerinin son halkas\u0131, \u201cTosuncuk\u201d lakapl\u0131 Mehmet Ayd\u0131n\u2019\u0131n kurdu\u011fu \u00c7iftlikbank oldu. \u0130smail Saymaz, \u201dTosun Bank\u201c diye adland\u0131rd\u0131\u011f\u0131 bu saadet zincirinin y\u00fckseli\u015fini ve Ayd\u0131n\u2019\u0131n binlerce ki\u015finin paras\u0131n\u0131 \u00e7arparak yurtd\u0131\u015f\u0131na ka\u00e7\u0131\u015f\u0131n\u0131 anlat\u0131yor. Gelir da\u011f\u0131l\u0131m\u0131n\u0131n bozulmas\u0131yla birlikte, emek harcamadan servet edinme hevesiyle ba\u015f\u0131 d\u00f6nm\u00fc\u015f insanlar\u0131n bazen ilahiler, bazen milli mar\u015flar e\u015fli\u011finde doland\u0131r\u0131lmas\u0131n\u0131n k\u0131rk y\u0131ld\u0131r s\u00fcren \u00f6yk\u00fcs\u00fc bu. \u201cNas\u0131l ki Banker Yal\u00e7\u0131n, 12 Eyl\u00fcl\u2019\u00fcn gard\u0131rop Atat\u00fcrk\u00e7\u00fcl\u00fc\u011f\u00fcn\u00fc, Titan Kenan 28 \u015eubat iklimini, Jet Fad\u0131l\u2019sa \u0130sl\u00e2mc\u0131 k\u0131p\u0131rdan\u0131\u015f\u0131 sermayeye \u00e7evirdiyse, imam hatip lisesinden terk olan Tosuncuk Mehmet de bu d\u00f6nemin milliyet\u00e7i ve muhafazak\u00e2r kimli\u011fine b\u00fcr\u00fcnd\u00fc. \u00c7iftlik Bank\u2019\u0131 15 Temmuz\u2019a kar\u015f\u0131 verilen direni\u015fle \u00f6zde\u015fle\u015ftirmekten tutun da, Osmanl\u0131\u2019y\u0131 anlatan bir dizinin oyuncusunu reklam y\u00fcz\u00fc yapmaya, tesis a\u00e7\u0131l\u0131\u015flar\u0131nda Kud\u00fcs\u2019e selam g\u00f6ndermekten, Ayd\u0131n\u2019\u0131 Fatih Sultan Mehmed\u2019e benzetmeye kadar her t\u00fcrden hamasete ba\u015fvuruldu. Banka y\u00f6netim kurulu \u00fcyesinin g\u00fcre\u015f\u00e7ilerden se\u00e7ildi\u011fi liyakatsiz bir b\u00fcrokrasinin, kamu ihaleleriyle semirtilmi\u015f i\u015fadamlar\u0131n\u0131n ve partizanla\u015fm\u0131\u015f memurlar\u0131n elinde kalan T\u00fcrkiye\u2019nin Tosuncuk Mehmetler \u00fcretmesi ka\u00e7\u0131n\u0131lmazd\u0131r. Gelir adaletsizli\u011fi, i\u015fsizlik ve yoksulluk var olduk\u00e7a bir Tosuncuk gidecek, bir ba\u015fka umut taciri gelecektir.\u201d <\/p>\n","protected":false},"excerpt":{"rendered":"<p>1980\u2019lerden beri T\u00fcrkiye\u2019de kurulan saadet zincirlerinin son halkas\u0131, \u201cTosuncuk\u201d lakapl\u0131 Mehmet Ayd\u0131n\u2019\u0131n kurdu\u011fu \u00c7iftlikbank oldu. \u0130smail Saymaz, \u201dTosun Bank\u201c diye adland\u0131rd\u0131\u011f\u0131 bu saadet zincirinin y\u00fckseli\u015fini ve<span class=\"excerpt-hellip\"> [\u2026]<\/span><\/p>\n","protected":false},"featured_media":0,"template":"","meta":{"_monsterinsights_skip_tracking":false,"_monsterinsights_sitenote_active":false,"_monsterinsights_sitenote_note":"","_monsterinsights_sitenote_category":0},"product_brand":[],"product_cat":[14787,13488],"product_tag":[],"class_list":{"0":"post-779098","1":"product","2":"type-product","3":"status-publish","5":"product_cat-diger-toplum-ve-insan","6":"product_cat-toplum-ve-insan","7":"pa_cilt-ciltsiz","8":"pa_tur-kitap","9":"pa_yayinevi-iletisim-yayinlari","10":"pa_yazar-ismail-saymaz","12":"first","13":"instock","14":"sale","15":"shipping-taxable","16":"purchasable","17":"product-type-simple"},"_links":{"self":[{"href":"https:\/\/roveyayinevi.com.tr\/index.php\/wp-json\/wp\/v2\/product\/779098","targetHints":{"allow":["GET"]}}],"collection":[{"href":"https:\/\/roveyayinevi.com.tr\/index.php\/wp-json\/wp\/v2\/product"}],"about":[{"href":"https:\/\/roveyayinevi.com.tr\/index.php\/wp-json\/wp\/v2\/types\/product"}],"wp:attachment":[{"href":"https:\/\/roveyayinevi.com.tr\/index.php\/wp-json\/wp\/v2\/media?parent=779098"}],"wp:term":[{"taxonomy":"product_brand","embeddable":true,"href":"https:\/\/roveyayinevi.com.tr\/index.php\/wp-json\/wp\/v2\/product_brand?post=779098"},{"taxonomy":"product_cat","embeddable":true,"href":"https:\/\/roveyayinevi.com.tr\/index.php\/wp-json\/wp\/v2\/product_cat?post=779098"},{"taxonomy":"product_tag","embeddable":true,"href":"https:\/\/roveyayinevi.com.tr\/index.php\/wp-json\/wp\/v2\/product_tag?post=779098"}],"curies":[{"name":"wp","href":"https:\/\/api.w.org\/{rel}","templated":true}]}}