{"id":779076,"date":"2025-12-30T10:27:41","date_gmt":"2025-12-30T07:27:41","guid":{"rendered":"https:\/\/roveyayinevi.com.tr\/index.php\/urun\/karnaval-ve-yamyam\/"},"modified":"2026-04-16T02:29:47","modified_gmt":"2026-04-15T23:29:47","slug":"karnaval-ve-yamyam","status":"publish","type":"product","link":"https:\/\/roveyayinevi.com.tr\/index.php\/urun\/karnaval-ve-yamyam\/","title":{"rendered":"Karnaval ve Yamyam"},"content":{"rendered":"<p>Yamyaml\u0131\u011f\u0131n tipik bir \u00f6rne\u011fi 16. y\u00fczy\u0131lda ger\u00e7ekle\u015fir. Yerlilerin H\u0131ristiyanl\u0131\u011fa ge\u00e7i\u015fini kutlamak i\u00e7in Portekiz\u2019den \u00f6zel olarak din g\u00f6revlileri gelir. T\u00f6ren sonras\u0131 ba\u015frahipler s\u00f6zde H\u0131ristiyanl\u0131k a\u015fk\u0131yla yan\u0131p tutu\u015fan o yerliler taraf\u0131ndan k\u0131zart\u0131l\u0131p yenilirler. Yerliler i\u00e7in hi\u00e7 de \u015fa\u015f\u0131rt\u0131c\u0131 bir eylem de\u011fildir bu, bizzat konukseverli\u011fin gere\u011fidir.   Baudrillard\u2019\u0131n karnaval olarak tan\u0131mlad\u0131\u011f\u0131 s\u00fcre\u00e7 her t\u00fcrl\u00fc din\u00ee, teknolojik, ekonomik ve politik de\u011ferlerin muazzam boyutlara varan komik bir taklitten ibaret olmas\u0131d\u0131r. K\u00fcresel sistem ola\u011fan\u00fcst\u00fc bir yenilip yutulma eylemine tan\u0131kl\u0131k etmektedir \u015fimdi. <\/p>\n","protected":false},"excerpt":{"rendered":"<p>Yamyaml\u0131\u011f\u0131n tipik bir \u00f6rne\u011fi 16. y\u00fczy\u0131lda ger\u00e7ekle\u015fir. Yerlilerin H\u0131ristiyanl\u0131\u011fa ge\u00e7i\u015fini kutlamak i\u00e7in Portekiz\u2019den \u00f6zel olarak din g\u00f6revlileri gelir. T\u00f6ren sonras\u0131 ba\u015frahipler s\u00f6zde H\u0131ristiyanl\u0131k a\u015fk\u0131yla yan\u0131p tutu\u015fan<span class=\"excerpt-hellip\"> [\u2026]<\/span><\/p>\n","protected":false},"featured_media":0,"template":"","meta":{"_monsterinsights_skip_tracking":false,"_monsterinsights_sitenote_active":false,"_monsterinsights_sitenote_note":"","_monsterinsights_sitenote_category":0},"product_brand":[],"product_cat":[12325,12324],"product_tag":[],"class_list":{"0":"post-779076","1":"product","2":"type-product","3":"status-publish","5":"product_cat-diger-sosyoloji","6":"product_cat-sosyoloji","7":"pa_cilt-ciltsiz","8":"pa_tur-kitap","9":"pa_yayinevi-dogu-bati-yayinlari","10":"pa_yazar-jean-baudrillard","12":"first","13":"instock","14":"sale","15":"shipping-taxable","16":"purchasable","17":"product-type-simple"},"_links":{"self":[{"href":"https:\/\/roveyayinevi.com.tr\/index.php\/wp-json\/wp\/v2\/product\/779076","targetHints":{"allow":["GET"]}}],"collection":[{"href":"https:\/\/roveyayinevi.com.tr\/index.php\/wp-json\/wp\/v2\/product"}],"about":[{"href":"https:\/\/roveyayinevi.com.tr\/index.php\/wp-json\/wp\/v2\/types\/product"}],"wp:attachment":[{"href":"https:\/\/roveyayinevi.com.tr\/index.php\/wp-json\/wp\/v2\/media?parent=779076"}],"wp:term":[{"taxonomy":"product_brand","embeddable":true,"href":"https:\/\/roveyayinevi.com.tr\/index.php\/wp-json\/wp\/v2\/product_brand?post=779076"},{"taxonomy":"product_cat","embeddable":true,"href":"https:\/\/roveyayinevi.com.tr\/index.php\/wp-json\/wp\/v2\/product_cat?post=779076"},{"taxonomy":"product_tag","embeddable":true,"href":"https:\/\/roveyayinevi.com.tr\/index.php\/wp-json\/wp\/v2\/product_tag?post=779076"}],"curies":[{"name":"wp","href":"https:\/\/api.w.org\/{rel}","templated":true}]}}