{"id":779070,"date":"2025-12-30T10:27:12","date_gmt":"2025-12-30T07:27:12","guid":{"rendered":"https:\/\/roveyayinevi.com.tr\/index.php\/urun\/insanin-tureyisi-3\/"},"modified":"2026-03-12T02:38:40","modified_gmt":"2026-03-11T23:38:40","slug":"insanin-tureyisi-3","status":"publish","type":"product","link":"https:\/\/roveyayinevi.com.tr\/index.php\/urun\/insanin-tureyisi-3\/","title":{"rendered":"\u0130nsan\u0131n T\u00fcreyi\u015fi"},"content":{"rendered":"<p>Darwin 1859\u2019da yay\u0131mlad\u0131\u011f\u0131 T\u00fcrlerin K\u00f6keni kitab\u0131yla d\u00fcnyam\u0131z\u0131n tarihini sonsuza kadar de\u011fi\u015ftirmi\u015fti. Ancak insan\u0131n evrimini ayr\u0131nt\u0131lar\u0131yla a\u00e7\u0131klamaktan, biraz da gelecek tepkilerden \u00e7ekinerek geri durmu\u015ftu. 12 y\u0131l konu \u00fczerine yo\u011fun bir \u015fekilde \u00e7al\u0131\u015ft\u0131ktan sonra, ilk bas\u0131m\u0131n\u0131 1871 y\u0131l\u0131nda ger\u00e7ekle\u015ftirdi\u011fi \u0130nsan\u0131n T\u00fcreyi\u015fi ve Cinsel Se\u00e7ilim kitab\u0131yla bu a\u00e7\u0131\u011f\u0131 kapatt\u0131. Elinizdeki bu kitap Darwin\u2019in kitab\u0131n\u0131n ilk b\u00f6l\u00fcm\u00fcn\u00fcn 1874 tarihli bask\u0131s\u0131n\u0131n \u00e7evirisidir.Zaman i\u00e7inde Darwinci devrim, d\u00fcnya \u00fczerindeki her e\u011fitimli insan\u0131n akl\u0131nda ve kalbinde emin ve rahat bir \u015fekilde yerini alacakt\u0131r, fakat bug\u00fcn Darwin\u2019in \u00f6l\u00fcm\u00fcn\u00fcn \u00fczerinden bir as\u0131rdan fazla zaman ge\u00e7mesine ra\u011fmen h\u00e2l\u00e2 onun parmak \u0131s\u0131rtan \u00e7\u0131kar\u0131mlarla dolu ifadelerini tam olarak hazmedebilmi\u015f de\u011filiz.Daniel Dennett, Darwin\u2019in Tehlikeli FikriDarwinci kuram yaln\u0131zca \u00fcst\u00fcn bir a\u00e7\u0131klama g\u00fcc\u00fcne sahip olmakla kalmaz; a\u00e7\u0131klamas\u0131ndaki ekonomikli\u011fin g\u00fc\u00e7 dolu bir zarafeti, d\u00fcnyan\u0131n en unutulmaz ba\u015flang\u0131\u00e7 mitlerine bile \u00fcst\u00fcn gelecek \u015fiirsel bir g\u00fczelli\u011fi vard\u0131r.Richard Dawkins, Cennetten Akan IrmakHi\u00e7bir bilimsel devrim daha \u00f6nceki al\u0131\u015fkanl\u0131klar\u0131m\u0131z\u0131 ve kanaatlerimizi de\u011fi\u015ftirmek a\u00e7\u0131s\u0131ndan Darwin\u2019in bulu\u015fuyla kar\u015f\u0131la\u015ft\u0131r\u0131lamaz.Carl Zimmer, Evrim: Bir Fikrin Ba\u015far\u0131s\u0131 <\/p>\n","protected":false},"excerpt":{"rendered":"<p>Darwin 1859\u2019da yay\u0131mlad\u0131\u011f\u0131 T\u00fcrlerin K\u00f6keni kitab\u0131yla d\u00fcnyam\u0131z\u0131n tarihini sonsuza kadar de\u011fi\u015ftirmi\u015fti. Ancak insan\u0131n evrimini ayr\u0131nt\u0131lar\u0131yla a\u00e7\u0131klamaktan, biraz da gelecek tepkilerden \u00e7ekinerek geri durmu\u015ftu. 12 y\u0131l konu<span class=\"excerpt-hellip\"> [\u2026]<\/span><\/p>\n","protected":false},"featured_media":0,"template":"","meta":{"_monsterinsights_skip_tracking":false,"_monsterinsights_sitenote_active":false,"_monsterinsights_sitenote_note":"","_monsterinsights_sitenote_category":0},"product_brand":[],"product_cat":[12389,12388],"product_tag":[],"class_list":{"0":"post-779070","1":"product","2":"type-product","3":"status-publish","5":"product_cat-diger-felsefe","6":"product_cat-felsefe","7":"pa_cilt-ciltsiz","8":"pa_tur-kitap","9":"pa_yayinevi-alfa-yayinlari","10":"pa_yazar-charles-darwin","12":"first","13":"instock","14":"sale","15":"shipping-taxable","16":"purchasable","17":"product-type-simple"},"_links":{"self":[{"href":"https:\/\/roveyayinevi.com.tr\/index.php\/wp-json\/wp\/v2\/product\/779070","targetHints":{"allow":["GET"]}}],"collection":[{"href":"https:\/\/roveyayinevi.com.tr\/index.php\/wp-json\/wp\/v2\/product"}],"about":[{"href":"https:\/\/roveyayinevi.com.tr\/index.php\/wp-json\/wp\/v2\/types\/product"}],"wp:attachment":[{"href":"https:\/\/roveyayinevi.com.tr\/index.php\/wp-json\/wp\/v2\/media?parent=779070"}],"wp:term":[{"taxonomy":"product_brand","embeddable":true,"href":"https:\/\/roveyayinevi.com.tr\/index.php\/wp-json\/wp\/v2\/product_brand?post=779070"},{"taxonomy":"product_cat","embeddable":true,"href":"https:\/\/roveyayinevi.com.tr\/index.php\/wp-json\/wp\/v2\/product_cat?post=779070"},{"taxonomy":"product_tag","embeddable":true,"href":"https:\/\/roveyayinevi.com.tr\/index.php\/wp-json\/wp\/v2\/product_tag?post=779070"}],"curies":[{"name":"wp","href":"https:\/\/api.w.org\/{rel}","templated":true}]}}