{"id":779069,"date":"2025-12-30T10:26:47","date_gmt":"2025-12-30T07:26:47","guid":{"rendered":"https:\/\/roveyayinevi.com.tr\/index.php\/urun\/ilkokulda-temel-fen-bilimleri-2\/"},"modified":"2026-04-16T02:29:18","modified_gmt":"2026-04-15T23:29:18","slug":"ilkokulda-temel-fen-bilimleri-2","status":"publish","type":"product","link":"https:\/\/roveyayinevi.com.tr\/index.php\/urun\/ilkokulda-temel-fen-bilimleri-2\/","title":{"rendered":"\u0130lkokulda Temel Fen Bilimleri"},"content":{"rendered":"<p>2012 y\u0131l\u0131ndan \u00f6nce fen bilimleri dersi Fen Bilimleri ad\u0131 ile sadece 4. s\u0131n\u0131fta yer al\u0131rken 2012 y\u0131l\u0131ndan sonra 3 ve 4. s\u0131n\u0131flarda yer alm\u0131\u015ft\u0131r. Benzer de\u011fi\u015fiklikler di\u011fer derslerde de meydana gelmi\u015ftir. Bu de\u011fi\u015fimler do\u011frultusunda s\u0131n\u0131f \u00f6\u011fretmenli\u011fi lisans program\u0131, MEB ile entegre olmak ad\u0131na 2018-2019 e\u011fitim-\u00f6\u011fretim y\u0131l\u0131ndan itibaren Y\u00d6K taraf\u0131ndan de\u011fi\u015ftirilmi\u015ftir. Bu de\u011fi\u015fim kapsam\u0131nda programa baz\u0131 yeni dersler eklenmi\u015ftir. \u0130lkokulda Temel Fen Bilimleri bu dersler aras\u0131nda yer almaktad\u0131r. Y\u00d6K s\u0131n\u0131f \u00f6\u011fretmenli\u011fi lisans program\u0131 ders i\u00e7eriklerini belirlerken, MEB taraf\u0131ndan haz\u0131rlanan fen bilimleri dersi m\u00fcfredat program\u0131n\u0131 temel alm\u0131\u015ft\u0131r. Bu kitap, Y\u00d6K taraf\u0131ndan belirlenen ders i\u00e7eriklerine uygun olarak ve MEB \u0130lkokul Fen Bilimleri Dersi \u00d6\u011fretim Program\u0131 do\u011frultusunda alanda uzman \u00f6\u011fretim g\u00f6revlileri taraf\u0131ndan haz\u0131rlanm\u0131\u015ft\u0131r.\u0130lkokulda Temel Fen Bilimleri kitab\u0131 s\u0131n\u0131f \u00f6\u011fretmenli\u011fi lisans program\u0131 \u00f6\u011frencileri, lisans\u00fcst\u00fc \u00f6\u011frenciler ve s\u0131n\u0131f \u00f6\u011fretmenleri i\u00e7in \u00f6nemli bir kaynak olacakt\u0131r. Alana ve okuyuculara katk\u0131 sa\u011flamas\u0131 dile\u011fiyle&#8230;<\/p>\n","protected":false},"excerpt":{"rendered":"<p>2012 y\u0131l\u0131ndan \u00f6nce fen bilimleri dersi Fen Bilimleri ad\u0131 ile sadece 4. s\u0131n\u0131fta yer al\u0131rken 2012 y\u0131l\u0131ndan sonra 3 ve 4. s\u0131n\u0131flarda yer alm\u0131\u015ft\u0131r. Benzer de\u011fi\u015fiklikler<span class=\"excerpt-hellip\"> [\u2026]<\/span><\/p>\n","protected":false},"featured_media":0,"template":"","meta":{"_monsterinsights_skip_tracking":false,"_monsterinsights_sitenote_active":false,"_monsterinsights_sitenote_note":"","_monsterinsights_sitenote_category":0},"product_brand":[],"product_cat":[12573,12566],"product_tag":[],"class_list":{"0":"post-779069","1":"product","2":"type-product","3":"status-publish","5":"product_cat-akademik-kitaplar","6":"product_cat-egitim","7":"pa_cilt-ciltsiz","8":"pa_tur-kitap","9":"pa_yayinevi-nobel-akademi","10":"pa_yazar-kolektif","12":"first","13":"instock","14":"sale","15":"shipping-taxable","16":"purchasable","17":"product-type-simple"},"_links":{"self":[{"href":"https:\/\/roveyayinevi.com.tr\/index.php\/wp-json\/wp\/v2\/product\/779069","targetHints":{"allow":["GET"]}}],"collection":[{"href":"https:\/\/roveyayinevi.com.tr\/index.php\/wp-json\/wp\/v2\/product"}],"about":[{"href":"https:\/\/roveyayinevi.com.tr\/index.php\/wp-json\/wp\/v2\/types\/product"}],"wp:attachment":[{"href":"https:\/\/roveyayinevi.com.tr\/index.php\/wp-json\/wp\/v2\/media?parent=779069"}],"wp:term":[{"taxonomy":"product_brand","embeddable":true,"href":"https:\/\/roveyayinevi.com.tr\/index.php\/wp-json\/wp\/v2\/product_brand?post=779069"},{"taxonomy":"product_cat","embeddable":true,"href":"https:\/\/roveyayinevi.com.tr\/index.php\/wp-json\/wp\/v2\/product_cat?post=779069"},{"taxonomy":"product_tag","embeddable":true,"href":"https:\/\/roveyayinevi.com.tr\/index.php\/wp-json\/wp\/v2\/product_tag?post=779069"}],"curies":[{"name":"wp","href":"https:\/\/api.w.org\/{rel}","templated":true}]}}