{"id":779063,"date":"2025-12-30T10:25:54","date_gmt":"2025-12-30T07:25:54","guid":{"rendered":"https:\/\/roveyayinevi.com.tr\/index.php\/urun\/kalbimin-can-mayasi\/"},"modified":"2026-04-16T02:28:39","modified_gmt":"2026-04-15T23:28:39","slug":"kalbimin-can-mayasi","status":"publish","type":"product","link":"https:\/\/roveyayinevi.com.tr\/index.php\/urun\/kalbimin-can-mayasi\/","title":{"rendered":"Kalbimin Can Mayas\u0131"},"content":{"rendered":"<p>\u0130nsan Bir Hikayeye Kendini Kapt\u0131rd\u0131\u011f\u0131nda, Bir Bak\u0131yor Ki Kar\u015f\u0131s\u0131ndakini Anlamaya Ba\u015flam\u0131\u015f.\u201cNedenini bilmeden pe\u015fine d\u00fc\u015ft\u00fc\u011f\u00fcm\u00fcz duygular\u0131n, izini s\u00fcrd\u00fc\u011f\u00fcm\u00fcz tutkular\u0131n, hapishanemiz olan korkular\u0131n bize bizden \u00f6nceki nesilden kald\u0131\u011f\u0131na kanaat getirdim. Unutmamak, hat\u0131rlamak, birbirini tamamlamak i\u00e7in asl\u0131nda.\u201dDiken kelebeklerinin g\u00f6\u00e7\u00fc alt\u0131 nesil s\u00fcr\u00fcyorsa ve nesiller birbirinde devam ediyorsa, da\u011f\u0131n bu yan\u0131yla \u00f6b\u00fcr yan\u0131n\u0131, denizin bu ucuyla \u00f6teki ucunu, bir k\u0131tan\u0131n ba\u015flang\u0131c\u0131yla bitimini ayn\u0131 anda g\u00f6rebilen hangi nesildir?Kapal\u0131 bir kap\u0131n\u0131n iki taraf\u0131nda iki insan duruyor. R\u00fc\u00e7han ve Nesrin. T\u00fcrk\u00e2n ve Mine. Kartal ve Somer. Peki, bir sonraki nesilden Defne ve Somer\u2019in \u00f6teki k\u0131z\u0131 Kiraz kendi aralar\u0131ndaki kap\u0131y\u0131 aralarsa, di\u011fer kapal\u0131 kap\u0131lara ne olur?D\u00fcn, bug\u00fcn ve yar\u0131n, bir neslin yolunda kesi\u015fti\u011finde hik\u00e2yeler nas\u0131l de\u011fi\u015fir?Belki de, Kiraz\u2019\u0131n Defne\u2019ye s\u00f6yledi\u011fi gibi bir aynaya tutulur b\u00fct\u00fcn hik\u00e2yeler:\u201cB\u00fcy\u00fcrken, gen\u00e7 k\u0131z olurken fark ettim ki, benim annem de sen ve senin annen i\u00e7in \u00f6teki kad\u0131n.Annelerimize ya\u015fat\u0131lan reddedili\u015fin iki ucuyduk seninle. R\u00fc\u00e7han Han\u0131m\u2019\u0131n \u00f6l\u00fcme giderken h\u00fcz\u00fcnle bakt\u0131\u011f\u0131 bir aynay\u0131z biz. Birimiz aynan\u0131n s\u0131rr\u0131, di\u011ferimiz cam\u0131y\u0131z.\u201d\u00dc\u00e7 k\u0131z karde\u015f T\u00fcrk\u00e2n, D\u00f6n\u00fc\u015f ve Derya\u2019n\u0131n hik\u00e2yesi, Ayval\u0131k\u2019ta kald\u0131\u011f\u0131 yerden, ba\u011f\u0131ms\u0131z kurgusu ve tan\u0131d\u0131k karakterleriyle devam ediyor.<\/p>\n","protected":false},"excerpt":{"rendered":"<p>\u0130nsan Bir Hikayeye Kendini Kapt\u0131rd\u0131\u011f\u0131nda, Bir Bak\u0131yor Ki Kar\u015f\u0131s\u0131ndakini Anlamaya Ba\u015flam\u0131\u015f.\u201cNedenini bilmeden pe\u015fine d\u00fc\u015ft\u00fc\u011f\u00fcm\u00fcz duygular\u0131n, izini s\u00fcrd\u00fc\u011f\u00fcm\u00fcz tutkular\u0131n, hapishanemiz olan korkular\u0131n bize bizden \u00f6nceki nesilden kald\u0131\u011f\u0131na<span class=\"excerpt-hellip\"> [\u2026]<\/span><\/p>\n","protected":false},"featured_media":0,"template":"","meta":{"_monsterinsights_skip_tracking":false,"_monsterinsights_sitenote_active":false,"_monsterinsights_sitenote_note":"","_monsterinsights_sitenote_category":0},"product_brand":[],"product_cat":[12291,12711],"product_tag":[],"class_list":{"0":"post-779063","1":"product","2":"type-product","3":"status-publish","5":"product_cat-edebiyat","6":"product_cat-roman-oyku","7":"pa_cilt-ciltsiz","8":"pa_tur-kitap","9":"pa_yayinevi-artemis-yayinlari","10":"pa_yazar-iclal-aydin","12":"first","13":"instock","14":"sale","15":"shipping-taxable","16":"purchasable","17":"product-type-simple"},"_links":{"self":[{"href":"https:\/\/roveyayinevi.com.tr\/index.php\/wp-json\/wp\/v2\/product\/779063","targetHints":{"allow":["GET"]}}],"collection":[{"href":"https:\/\/roveyayinevi.com.tr\/index.php\/wp-json\/wp\/v2\/product"}],"about":[{"href":"https:\/\/roveyayinevi.com.tr\/index.php\/wp-json\/wp\/v2\/types\/product"}],"wp:attachment":[{"href":"https:\/\/roveyayinevi.com.tr\/index.php\/wp-json\/wp\/v2\/media?parent=779063"}],"wp:term":[{"taxonomy":"product_brand","embeddable":true,"href":"https:\/\/roveyayinevi.com.tr\/index.php\/wp-json\/wp\/v2\/product_brand?post=779063"},{"taxonomy":"product_cat","embeddable":true,"href":"https:\/\/roveyayinevi.com.tr\/index.php\/wp-json\/wp\/v2\/product_cat?post=779063"},{"taxonomy":"product_tag","embeddable":true,"href":"https:\/\/roveyayinevi.com.tr\/index.php\/wp-json\/wp\/v2\/product_tag?post=779063"}],"curies":[{"name":"wp","href":"https:\/\/api.w.org\/{rel}","templated":true}]}}