{"id":779052,"date":"2025-12-30T10:21:31","date_gmt":"2025-12-30T07:21:31","guid":{"rendered":"https:\/\/roveyayinevi.com.tr\/index.php\/urun\/iki-tekerlekli-alamet-motosiklet\/"},"modified":"2026-04-16T02:26:17","modified_gmt":"2026-04-15T23:26:17","slug":"iki-tekerlekli-alamet-motosiklet","status":"publish","type":"product","link":"https:\/\/roveyayinevi.com.tr\/index.php\/urun\/iki-tekerlekli-alamet-motosiklet\/","title":{"rendered":"\u0130ki Tekerlekli Alamet Motosiklet"},"content":{"rendered":"<p>E\u011fer bir kazada \u00f6lmediysen d\u00fc\u015f\u00fcnmelisin! O kazan\u0131n olmas\u0131na neden olan hatan\u0131n bir kazaya d\u00f6n\u00fc\u015fmesini engelleyecek herhangi bir \u015fey yapabilir miydin? Veya b\u00f6yle bir \u015fey yapabilme olas\u0131l\u0131\u011f\u0131 var m\u0131yd\u0131 ger\u00e7ekten? E\u011fer b\u00f6yle bir olas\u0131l\u0131k vard\u0131ysa, bunu bilmek istemez miydin? Seni o kazadan koruyacak o \u015fey, her neyse, bir sihir mi, yoksa bilimsel bir bilgi mi? B\u00f6yle bir bilgi var m\u0131? Bilmek ister miydin veya art\u0131k bilmek ister misin? Evet var. O bilgi, bir d\u00fc\u015f\u00fcnme sistemidir. Bilimsel olarak ispatlanm\u0131\u015f ve y\u0131llard\u0131r uygulanmakta olan bir sistem. Bunu \u00f6\u011frenmek i\u00e7in \u00f6nce bu kitab\u0131 okumal\u0131 sonra da e\u011fer ger\u00e7ekten istiyorsan uzman bir motosiklet e\u011fitmeni bulmal\u0131s\u0131n.<\/p>\n","protected":false},"excerpt":{"rendered":"<p>E\u011fer bir kazada \u00f6lmediysen d\u00fc\u015f\u00fcnmelisin! O kazan\u0131n olmas\u0131na neden olan hatan\u0131n bir kazaya d\u00f6n\u00fc\u015fmesini engelleyecek herhangi bir \u015fey yapabilir miydin? Veya b\u00f6yle bir \u015fey yapabilme olas\u0131l\u0131\u011f\u0131<span class=\"excerpt-hellip\"> [\u2026]<\/span><\/p>\n","protected":false},"featured_media":0,"template":"","meta":{"_monsterinsights_skip_tracking":false,"_monsterinsights_sitenote_active":false,"_monsterinsights_sitenote_note":"","_monsterinsights_sitenote_category":0},"product_brand":[],"product_cat":[28265,15563],"product_tag":[],"class_list":{"0":"post-779052","1":"product","2":"type-product","3":"status-publish","5":"product_cat-diger-hobi","6":"product_cat-hobi","7":"pa_cilt-ciltsiz","8":"pa_tur-kitap","9":"pa_yayinevi-yitik-ulke-yayinlari","10":"pa_yazar-kaya-sener","12":"first","13":"instock","14":"sale","15":"shipping-taxable","16":"purchasable","17":"product-type-simple"},"_links":{"self":[{"href":"https:\/\/roveyayinevi.com.tr\/index.php\/wp-json\/wp\/v2\/product\/779052","targetHints":{"allow":["GET"]}}],"collection":[{"href":"https:\/\/roveyayinevi.com.tr\/index.php\/wp-json\/wp\/v2\/product"}],"about":[{"href":"https:\/\/roveyayinevi.com.tr\/index.php\/wp-json\/wp\/v2\/types\/product"}],"wp:attachment":[{"href":"https:\/\/roveyayinevi.com.tr\/index.php\/wp-json\/wp\/v2\/media?parent=779052"}],"wp:term":[{"taxonomy":"product_brand","embeddable":true,"href":"https:\/\/roveyayinevi.com.tr\/index.php\/wp-json\/wp\/v2\/product_brand?post=779052"},{"taxonomy":"product_cat","embeddable":true,"href":"https:\/\/roveyayinevi.com.tr\/index.php\/wp-json\/wp\/v2\/product_cat?post=779052"},{"taxonomy":"product_tag","embeddable":true,"href":"https:\/\/roveyayinevi.com.tr\/index.php\/wp-json\/wp\/v2\/product_tag?post=779052"}],"curies":[{"name":"wp","href":"https:\/\/api.w.org\/{rel}","templated":true}]}}