{"id":779046,"date":"2025-12-30T10:20:15","date_gmt":"2025-12-30T07:20:15","guid":{"rendered":"https:\/\/roveyayinevi.com.tr\/index.php\/urun\/dut-kokusu\/"},"modified":"2026-04-13T02:31:56","modified_gmt":"2026-04-12T23:31:56","slug":"dut-kokusu","status":"publish","type":"product","link":"https:\/\/roveyayinevi.com.tr\/index.php\/urun\/dut-kokusu\/","title":{"rendered":"Dut Kokusu"},"content":{"rendered":"<p>Bellekteki \u00e7e\u015fit an\u0131lar y\u011f\u0131na\u011f\u0131.Ge\u00e7mi\u015fle aram\u0131zdaki incecik s\u0131n\u0131rda.G\u00fczel an\u0131lar\u0131n tatl\u0131 huzurunda unutmak ve ya\u015famaya devame tmek!\u0130nsan ne kadar saf oluyor , fark\u0131nda varmadan&#8230;Bazen bir koku , bir dokunu\u015f , r\u00fczgar\u0131n esi\u015fi,Bazen de radyoda \u00e7alan bir \u015fark\u0131n\u0131n s\u00f6zleri, Hayat\u0131n kugusunu alt \u00fcst etmeye yeter;Porselen kasenin \u00fczerindeki \u00e7ini mavisi tavus ku\u015fu\u015ea\u015fk\u0131nl\u0131kla ba\u015f\u0131n\u0131 \u00e7evirir , bir top koridorda bir ka\u00e7 kez sektikten sonra G\u00f6zdekaybolur , sokaktan ge\u00e7en bir araban\u0131n farlar\u0131 seksek \u00e7izgilerini ayd\u0131nlat\u0131r.\u00c7ocuklu\u011fumuz k\u00f6\u015fe ba\u015f\u0131nda bekliyordur , k\u00fcsk\u00fcn&#8230;Bir sevgilinin koynunda huzurla uyurken , tekinsiz bir d\u00fc\u015f\u00fcn i\u00e7ine \u00e7ekilir ruhumuz , do\u011fup b\u00fcy\u00fcd\u00fc\u011f\u00fcm\u00fcz \u015fehrin sokaklar\u0131nda kayboluruz.Zaman\u0131n ak\u0131\u015f\u0131n\u0131 kavramaya \u00e7al\u0131\u015f\u0131r\u0131z, mermer zemindeki \u00e7atla\u011f\u0131n izini s\u00fcrerek Hani unutmu\u015ftuk!<\/p>\n","protected":false},"excerpt":{"rendered":"<p>Bellekteki \u00e7e\u015fit an\u0131lar y\u011f\u0131na\u011f\u0131.Ge\u00e7mi\u015fle aram\u0131zdaki incecik s\u0131n\u0131rda.G\u00fczel an\u0131lar\u0131n tatl\u0131 huzurunda unutmak ve ya\u015famaya devame tmek!\u0130nsan ne kadar saf oluyor , fark\u0131nda varmadan&#8230;Bazen bir koku , bir<span class=\"excerpt-hellip\"> [\u2026]<\/span><\/p>\n","protected":false},"featured_media":0,"template":"","meta":{"_monsterinsights_skip_tracking":false,"_monsterinsights_sitenote_active":false,"_monsterinsights_sitenote_note":"","_monsterinsights_sitenote_category":0},"product_brand":[],"product_cat":[12291,12711],"product_tag":[],"class_list":{"0":"post-779046","1":"product","2":"type-product","3":"status-publish","5":"product_cat-edebiyat","6":"product_cat-roman-oyku","7":"pa_cilt-ciltsiz","8":"pa_tur-kitap","9":"pa_yayinevi-bilim-ve-sanat-yayinlari","10":"pa_yazar-sevil-kesimal","12":"first","13":"instock","14":"sale","15":"shipping-taxable","16":"purchasable","17":"product-type-simple"},"_links":{"self":[{"href":"https:\/\/roveyayinevi.com.tr\/index.php\/wp-json\/wp\/v2\/product\/779046","targetHints":{"allow":["GET"]}}],"collection":[{"href":"https:\/\/roveyayinevi.com.tr\/index.php\/wp-json\/wp\/v2\/product"}],"about":[{"href":"https:\/\/roveyayinevi.com.tr\/index.php\/wp-json\/wp\/v2\/types\/product"}],"wp:attachment":[{"href":"https:\/\/roveyayinevi.com.tr\/index.php\/wp-json\/wp\/v2\/media?parent=779046"}],"wp:term":[{"taxonomy":"product_brand","embeddable":true,"href":"https:\/\/roveyayinevi.com.tr\/index.php\/wp-json\/wp\/v2\/product_brand?post=779046"},{"taxonomy":"product_cat","embeddable":true,"href":"https:\/\/roveyayinevi.com.tr\/index.php\/wp-json\/wp\/v2\/product_cat?post=779046"},{"taxonomy":"product_tag","embeddable":true,"href":"https:\/\/roveyayinevi.com.tr\/index.php\/wp-json\/wp\/v2\/product_tag?post=779046"}],"curies":[{"name":"wp","href":"https:\/\/api.w.org\/{rel}","templated":true}]}}