{"id":779035,"date":"2025-12-30T10:16:51","date_gmt":"2025-12-30T07:16:51","guid":{"rendered":"https:\/\/roveyayinevi.com.tr\/index.php\/urun\/dostoyevski-okumalari\/"},"modified":"2026-04-16T02:23:22","modified_gmt":"2026-04-15T23:23:22","slug":"dostoyevski-okumalari","status":"publish","type":"product","link":"https:\/\/roveyayinevi.com.tr\/index.php\/urun\/dostoyevski-okumalari\/","title":{"rendered":"Dostoyevski Okumalar\u0131"},"content":{"rendered":"<p>Rus edebiyat tarihinde 19. y\u00fczy\u0131l yaln\u0131zca \u015fiirin de\u011fil, roman t\u00fcr\u00fcn\u00fcn de Alt\u0131n \u00c7a\u011f\u0131\u2019d\u0131r. Bu d\u00f6neme eserleriyle damgas\u0131n\u0131 vuran ve d\u00fcnya klasikleri aras\u0131na girmeyi ba\u015faran yazarlardan birisi de Fyodor Mihaylovi\u00e7 Dostoyevski\u2019dir.   Fyodor Mihaylovi\u00e7 Dostoyevski, bug\u00fcn h\u00e2l\u00e2 d\u00fcnya edebiyat\u0131n\u0131n en iyi roman yazarlar\u0131ndan birisi olarak kabul ediliyor. Onun eserleri yaln\u0131zca edebiyat biliminin de\u011fil, felsefe, psikoloji, teoloji, kriminoloji gibi \u00e7ok farkl\u0131 disiplinlerin de ara\u015ft\u0131rma konusudur. \u00d6yle ki edebiyat bilimi ve edebiyat tarihinin bir alt dal\u0131 olarak faaliyet g\u00f6steren ve Rus\u00e7ada Dostoyevstika (Dostoyevizm) olarak an\u0131lan alanda Dostoyevski uzmanlar\u0131 yazar\u0131n biyografisini, sanat\u0131n\u0131 ve yarat\u0131c\u0131l\u0131k s\u00fcre\u00e7lerini ara\u015ft\u0131rmaktad\u0131r.   Birsen Karaca, Dostoyevski Okumalar\u0131 adl\u0131 bu \u00e7al\u0131\u015fmas\u0131nda Dostoyevski\u2019nin s\u00fcrg\u00fcne gitmeden \u00f6nce yazd\u0131\u011f\u0131 eserleri metne ba\u011fl\u0131 analiz y\u00f6ntemiyle inceliyor. Elde etti\u011fi verileri ise, yazar\u0131n biyografisini, aile ortam\u0131n\u0131, \u00e7evresini ve ya\u015fad\u0131\u011f\u0131 d\u00f6nemin sundu\u011fu ko\u015fullar\u0131 dikkate alarak de\u011ferlendiriyor. <\/p>\n","protected":false},"excerpt":{"rendered":"<p>Rus edebiyat tarihinde 19. y\u00fczy\u0131l yaln\u0131zca \u015fiirin de\u011fil, roman t\u00fcr\u00fcn\u00fcn de Alt\u0131n \u00c7a\u011f\u0131\u2019d\u0131r. Bu d\u00f6neme eserleriyle damgas\u0131n\u0131 vuran ve d\u00fcnya klasikleri aras\u0131na girmeyi ba\u015faran yazarlardan birisi<span class=\"excerpt-hellip\"> [\u2026]<\/span><\/p>\n","protected":false},"featured_media":0,"template":"","meta":{"_monsterinsights_skip_tracking":false,"_monsterinsights_sitenote_active":false,"_monsterinsights_sitenote_note":"","_monsterinsights_sitenote_category":0},"product_brand":[],"product_cat":[13072,12291],"product_tag":[],"class_list":{"0":"post-779035","1":"product","2":"type-product","3":"status-publish","5":"product_cat-arastirma-inceleme-referans","6":"product_cat-edebiyat","7":"pa_cilt-ciltsiz","8":"pa_tur-kitap","9":"pa_yayinevi-hece-yayinlari","10":"pa_yazar-birsen-karaca","12":"first","13":"instock","14":"sale","15":"shipping-taxable","16":"purchasable","17":"product-type-simple"},"_links":{"self":[{"href":"https:\/\/roveyayinevi.com.tr\/index.php\/wp-json\/wp\/v2\/product\/779035","targetHints":{"allow":["GET"]}}],"collection":[{"href":"https:\/\/roveyayinevi.com.tr\/index.php\/wp-json\/wp\/v2\/product"}],"about":[{"href":"https:\/\/roveyayinevi.com.tr\/index.php\/wp-json\/wp\/v2\/types\/product"}],"wp:attachment":[{"href":"https:\/\/roveyayinevi.com.tr\/index.php\/wp-json\/wp\/v2\/media?parent=779035"}],"wp:term":[{"taxonomy":"product_brand","embeddable":true,"href":"https:\/\/roveyayinevi.com.tr\/index.php\/wp-json\/wp\/v2\/product_brand?post=779035"},{"taxonomy":"product_cat","embeddable":true,"href":"https:\/\/roveyayinevi.com.tr\/index.php\/wp-json\/wp\/v2\/product_cat?post=779035"},{"taxonomy":"product_tag","embeddable":true,"href":"https:\/\/roveyayinevi.com.tr\/index.php\/wp-json\/wp\/v2\/product_tag?post=779035"}],"curies":[{"name":"wp","href":"https:\/\/api.w.org\/{rel}","templated":true}]}}