{"id":779030,"date":"2025-12-30T10:14:11","date_gmt":"2025-12-30T07:14:11","guid":{"rendered":"https:\/\/roveyayinevi.com.tr\/index.php\/urun\/defineler-ulkesi-voyvoda-martin\/"},"modified":"2026-02-23T11:15:30","modified_gmt":"2026-02-23T08:15:30","slug":"defineler-ulkesi-voyvoda-martin","status":"publish","type":"product","link":"https:\/\/roveyayinevi.com.tr\/index.php\/urun\/defineler-ulkesi-voyvoda-martin\/","title":{"rendered":"Defineler \u00dclkesi &#8211; Voyvoda Martin"},"content":{"rendered":"<p>\u201c\u0130\u015fte \u015fimdi kar\u015f\u0131l\u0131kl\u0131 \u015ferbet i\u00e7iyorlard\u0131. Molla Fet*hullah soran g\u00f6zlerle kendisini s\u00fczen Martini\u2019yi daha fazla merakta b\u0131rakmamak i\u00e7in konu\u015fmaya karar verdi. \u2018Ben bir Hristiyan\u0131m,\u2019 dedi \u00e7abucak, \u2018Hem de sars\u0131lmaz bir imana sahip koyu bir Katolik, as\u0131l ad\u0131m Paul.\u2019 Elindeki karla so\u011futulmu\u015f \u015ferbetten bir yudum ald\u0131ktan sonra devam etti. \u2018Biraz \u00f6nce namaz k\u0131ld\u0131\u011f\u0131m\u0131z cami asl\u0131nda bir katedraldir. Aziz Paul ad\u0131na yap\u0131lm\u0131\u015f bir kilise.\u2019 Martini onu dikkatle dinliyordu. Buraya, Tarsus\u2019un en b\u00fcy\u00fck kilisesinde bulunan hazineleri koruma alt\u0131na almaya gelmi\u015fken kar\u015f\u0131s\u0131na bir cami \u00e7\u0131km\u0131\u015ft\u0131.\u201d \u0130stanbul\u2019un Sultan Mehmed Han taraf\u0131ndan fethedilmesinden sonra Anadolu kiliselerinde saklanan hazinelerin gelece\u011fi tehlikeye girmi\u015ftir. Papa II. Pius taraf\u0131ndan g\u00f6revlendirilen, d\u00f6nemin me\u015fhur mimar\u0131 Voyvoda Martin Anadolu\u2019ya bir T\u00fcrk k\u0131l\u0131\u011f\u0131nda gelerek bu hazineler i\u00e7in gizli mahzenler, yap\u0131lar tahkim eder. Diapolis\u2019te (Ak\u00e7akoca), Tarsus\u2019ta, Safranbolu\u2019da ve daha bir\u00e7ok yerde in\u015fa edilen bu gizli yap\u0131lar\u0131n bir k\u0131sm\u0131, aradan ge\u00e7en 500 y\u0131l sonras\u0131nda, anlaml\u0131 tesad\u00fcflerle T\u00fcrk defineciler taraf\u0131ndan ke\u015ffedilir. Vatikan\u2019\u0131n gizli \u015f\u00f6valyeleri ile Cengiz\u2019in, Leyla\u2019n\u0131n, Avc\u0131 Memet\u2019in, Gariban Hasan\u2019\u0131n ve daha nicelerinin nefes kesen maceralar\u0131n\u0131 yazar\u0131n ak\u0131c\u0131 anlat\u0131m\u0131yla okuyacaks\u0131n\u0131z. <\/p>\n","protected":false},"excerpt":{"rendered":"<p>\u201c\u0130\u015fte \u015fimdi kar\u015f\u0131l\u0131kl\u0131 \u015ferbet i\u00e7iyorlard\u0131. Molla Fet*hullah soran g\u00f6zlerle kendisini s\u00fczen Martini\u2019yi daha fazla merakta b\u0131rakmamak i\u00e7in konu\u015fmaya karar verdi. \u2018Ben bir Hristiyan\u0131m,\u2019 dedi \u00e7abucak, \u2018Hem<span class=\"excerpt-hellip\"> [\u2026]<\/span><\/p>\n","protected":false},"featured_media":0,"template":"","meta":{"_monsterinsights_skip_tracking":false,"_monsterinsights_sitenote_active":false,"_monsterinsights_sitenote_note":"","_monsterinsights_sitenote_category":0},"product_brand":[],"product_cat":[12291,12711],"product_tag":[],"class_list":{"0":"post-779030","1":"product","2":"type-product","3":"status-publish","5":"product_cat-edebiyat","6":"product_cat-roman-oyku","7":"pa_cilt-ciltsiz","8":"pa_tur-kitap","9":"pa_yayinevi-luna-yayinlari","10":"pa_yazar-tekin-birdal","12":"first","13":"instock","14":"sale","15":"shipping-taxable","16":"purchasable","17":"product-type-simple"},"_links":{"self":[{"href":"https:\/\/roveyayinevi.com.tr\/index.php\/wp-json\/wp\/v2\/product\/779030","targetHints":{"allow":["GET"]}}],"collection":[{"href":"https:\/\/roveyayinevi.com.tr\/index.php\/wp-json\/wp\/v2\/product"}],"about":[{"href":"https:\/\/roveyayinevi.com.tr\/index.php\/wp-json\/wp\/v2\/types\/product"}],"wp:attachment":[{"href":"https:\/\/roveyayinevi.com.tr\/index.php\/wp-json\/wp\/v2\/media?parent=779030"}],"wp:term":[{"taxonomy":"product_brand","embeddable":true,"href":"https:\/\/roveyayinevi.com.tr\/index.php\/wp-json\/wp\/v2\/product_brand?post=779030"},{"taxonomy":"product_cat","embeddable":true,"href":"https:\/\/roveyayinevi.com.tr\/index.php\/wp-json\/wp\/v2\/product_cat?post=779030"},{"taxonomy":"product_tag","embeddable":true,"href":"https:\/\/roveyayinevi.com.tr\/index.php\/wp-json\/wp\/v2\/product_tag?post=779030"}],"curies":[{"name":"wp","href":"https:\/\/api.w.org\/{rel}","templated":true}]}}