{"id":779028,"date":"2025-12-30T10:14:06","date_gmt":"2025-12-30T07:14:06","guid":{"rendered":"https:\/\/roveyayinevi.com.tr\/index.php\/urun\/apollonun-gorevleri-3-yanan-dehliz-2\/"},"modified":"2026-01-27T02:38:45","modified_gmt":"2026-01-26T23:38:45","slug":"apollonun-gorevleri-3-yanan-dehliz-2","status":"publish","type":"product","link":"https:\/\/roveyayinevi.com.tr\/index.php\/urun\/apollonun-gorevleri-3-yanan-dehliz-2\/","title":{"rendered":"Apollon&#8217;un G\u00f6revleri 3 &#8211; Yanan Dehliz"},"content":{"rendered":"<p>Roma imparatorlar\u0131n\u0131n en korkulan\u0131\u2026 Bulmacalarla konu\u015fan bir k\u00e2hin\u2026 T\u00fcm zamanlar\u0131n en i\u015fe yaramaz \u00f6l\u00fcml\u00fc bedenine hapis bir tanr\u0131\u2026 Zeus taraf\u0131ndan cezaland\u0131r\u0131larak yery\u00fcz\u00fcne g\u00f6nderilen bir zamanlar\u0131n ihti\u015faml\u0131 tanr\u0131s\u0131 Apollon, art\u0131k LesterPapadopoulos ad\u0131nda \u00f6l\u00fcml\u00fc ve \u015fa\u015fk\u0131n bir yeniyetme. Olimpos Da\u011f\u0131\u2019ndaki yerine geri d\u00f6nebilmek ve g\u00f6rkemine yeniden kavu\u015fabilmek i\u00e7in karanl\u0131\u011fa teslim olmu\u015f k\u00e2hinleri eski haline d\u00f6nd\u00fcrmesi laz\u0131m. \u00dcstelik t\u00fcm bunlar\u0131 tanr\u0131sal hi\u00e7bir g\u00fcc\u00fc olmadan ve Demeter\u2019in ak\u0131l almaz k\u0131z\u0131 Meg\u2019in emrindeyken ba\u015farmas\u0131 gerekiyor. Sa\u011f ol be baba. Lester arkada\u015flar\u0131n\u0131n yard\u0131m\u0131yla Melez Kamp\u0131\u2019ndaki ve Meg\u2019in Karanl\u0131k Kehanet\u2019i dillendirdi\u011fi Indianapolis\u2019teki g\u00f6revlerinden sa\u011f \u00e7\u0131kmay\u0131 ba\u015fard\u0131. Meg\u2019inIndianapolis\u2019te Haf\u0131za Taht\u0131\u2019nda otururken sarf etti\u011fi s\u00f6zc\u00fckler, Roma imparatorlar\u0131ndan olu\u015fan k\u00f6t\u00fcc\u00fcl bir triumvirate\u2019nin J\u00fcpiter Kamp\u0131\u2019na sald\u0131raca\u011f\u0131n\u0131 haber veriyordu. \u015eimdi ise, Leo kamp\u0131 uyarmak i\u00e7in Festus\u2019la birlikte \u00f6nden u\u00e7arken, Lester ve Meg\u2019inLabirent\u2019e girerek \u00fc\u00e7\u00fcnc\u00fc imparatoru ve bulmacalarla konu\u015fan bir k\u00e2hini bulmalar\u0131 gerekiyor. Felaket habercisi kehanetin umut veren tek bir dizesi var: Yolu yaln\u0131z toynakl\u0131 rehber bilir. Satir bir rehbere ihtiya\u00e7lar\u0131 olacak ve Meg, kimi \u00e7a\u011f\u0131raca\u011f\u0131n\u0131 \u00e7ok iyi biliyor\u2026<\/p>\n","protected":false},"excerpt":{"rendered":"<p>Roma imparatorlar\u0131n\u0131n en korkulan\u0131\u2026 Bulmacalarla konu\u015fan bir k\u00e2hin\u2026 T\u00fcm zamanlar\u0131n en i\u015fe yaramaz \u00f6l\u00fcml\u00fc bedenine hapis bir tanr\u0131\u2026 Zeus taraf\u0131ndan cezaland\u0131r\u0131larak yery\u00fcz\u00fcne g\u00f6nderilen bir zamanlar\u0131n ihti\u015faml\u0131<span class=\"excerpt-hellip\"> [\u2026]<\/span><\/p>\n","protected":false},"featured_media":0,"template":"","meta":{"_monsterinsights_skip_tracking":false,"_monsterinsights_sitenote_active":false,"_monsterinsights_sitenote_note":"","_monsterinsights_sitenote_category":0},"product_brand":[],"product_cat":[12291,14777],"product_tag":[],"class_list":{"0":"post-779028","1":"product","2":"type-product","3":"status-publish","5":"product_cat-edebiyat","6":"product_cat-fantastik","7":"pa_cilt-ciltsiz","8":"pa_tur-kitap","9":"pa_yayinevi-dogan-egmont-yayincilik","10":"pa_yazar-rick-riordan","12":"first","13":"instock","14":"sale","15":"shipping-taxable","16":"purchasable","17":"product-type-simple"},"_links":{"self":[{"href":"https:\/\/roveyayinevi.com.tr\/index.php\/wp-json\/wp\/v2\/product\/779028","targetHints":{"allow":["GET"]}}],"collection":[{"href":"https:\/\/roveyayinevi.com.tr\/index.php\/wp-json\/wp\/v2\/product"}],"about":[{"href":"https:\/\/roveyayinevi.com.tr\/index.php\/wp-json\/wp\/v2\/types\/product"}],"wp:attachment":[{"href":"https:\/\/roveyayinevi.com.tr\/index.php\/wp-json\/wp\/v2\/media?parent=779028"}],"wp:term":[{"taxonomy":"product_brand","embeddable":true,"href":"https:\/\/roveyayinevi.com.tr\/index.php\/wp-json\/wp\/v2\/product_brand?post=779028"},{"taxonomy":"product_cat","embeddable":true,"href":"https:\/\/roveyayinevi.com.tr\/index.php\/wp-json\/wp\/v2\/product_cat?post=779028"},{"taxonomy":"product_tag","embeddable":true,"href":"https:\/\/roveyayinevi.com.tr\/index.php\/wp-json\/wp\/v2\/product_tag?post=779028"}],"curies":[{"name":"wp","href":"https:\/\/api.w.org\/{rel}","templated":true}]}}