{"id":779021,"date":"2025-12-30T10:12:04","date_gmt":"2025-12-30T07:12:04","guid":{"rendered":"https:\/\/roveyayinevi.com.tr\/index.php\/urun\/ask-sozlugu\/"},"modified":"2026-04-16T02:20:58","modified_gmt":"2026-04-15T23:20:58","slug":"ask-sozlugu","status":"publish","type":"product","link":"https:\/\/roveyayinevi.com.tr\/index.php\/urun\/ask-sozlugu\/","title":{"rendered":"A\u015fk S\u00f6zl\u00fc\u011f\u00fc"},"content":{"rendered":"<p>Kim &#8221;her gece Heybeli&#8217;de mehtaba \u00e7\u0131kar&#8221;Kimin &#8221;dudaklar\u0131ndan do\u011fard\u0131 \u015fafaklar ve g\u00fcne\u015fler&#8221;Kime &#8221;yaz\u0131l\u0131rd\u0131 \u015fark\u0131lar&#8221;Nas\u0131l bilinmezlerdi &#8221;\u015fark\u0131n\u0131n kimin i\u00e7in yaz\u0131ld\u0131\u011f\u0131&#8221;Hangi &#8221;ipek sa\u00e7tan nem, g\u00fcl dudaktan kahkaha d\u00f6k\u00fcl\u00fcrd\u00fc&#8221;Neden dertler ummana d\u00f6k\u00fcl\u00fcr, asumana inlenirdi&#8221;Ni\u00e7in &#8221;kal\u0131rd\u0131 insani a\u015fk\u0131n karanl\u0131k yollar\u0131nda&#8221;Niye &#8221;kimse bilmezdi a\u015fka d\u00fc\u015fenin halini&#8221;Ve a\u015f\u0131k neden beklerdi &#8221;bir tesellli g\u00f6nl\u00fcndeki bin yaraya&#8221;?Neden, nas\u0131l, ni\u00e7in, kim, kime, kiminle, kimden, niye, hangi ve nereden do\u011fdu bu a\u015fk?Sorular bitmiyor.Yan\u0131tlar yetmiyordu. <\/p>\n","protected":false},"excerpt":{"rendered":"<p>Kim &#8221;her gece Heybeli&#8217;de mehtaba \u00e7\u0131kar&#8221;Kimin &#8221;dudaklar\u0131ndan do\u011fard\u0131 \u015fafaklar ve g\u00fcne\u015fler&#8221;Kime &#8221;yaz\u0131l\u0131rd\u0131 \u015fark\u0131lar&#8221;Nas\u0131l bilinmezlerdi &#8221;\u015fark\u0131n\u0131n kimin i\u00e7in yaz\u0131ld\u0131\u011f\u0131&#8221;Hangi &#8221;ipek sa\u00e7tan nem, g\u00fcl dudaktan kahkaha d\u00f6k\u00fcl\u00fcrd\u00fc&#8221;Neden dertler<span class=\"excerpt-hellip\"> [\u2026]<\/span><\/p>\n","protected":false},"featured_media":0,"template":"","meta":{"_monsterinsights_skip_tracking":false,"_monsterinsights_sitenote_active":false,"_monsterinsights_sitenote_note":"","_monsterinsights_sitenote_category":0},"product_brand":[],"product_cat":[13072,12291],"product_tag":[],"class_list":{"0":"post-779021","1":"product","2":"type-product","3":"status-publish","5":"product_cat-arastirma-inceleme-referans","6":"product_cat-edebiyat","7":"pa_cilt-ciltsiz","8":"pa_tur-kitap","9":"pa_yayinevi-bilim-ve-sanat-yayinlari","10":"pa_yazar-s-nezih-kuleyin","12":"first","13":"instock","14":"sale","15":"shipping-taxable","16":"purchasable","17":"product-type-simple"},"_links":{"self":[{"href":"https:\/\/roveyayinevi.com.tr\/index.php\/wp-json\/wp\/v2\/product\/779021","targetHints":{"allow":["GET"]}}],"collection":[{"href":"https:\/\/roveyayinevi.com.tr\/index.php\/wp-json\/wp\/v2\/product"}],"about":[{"href":"https:\/\/roveyayinevi.com.tr\/index.php\/wp-json\/wp\/v2\/types\/product"}],"wp:attachment":[{"href":"https:\/\/roveyayinevi.com.tr\/index.php\/wp-json\/wp\/v2\/media?parent=779021"}],"wp:term":[{"taxonomy":"product_brand","embeddable":true,"href":"https:\/\/roveyayinevi.com.tr\/index.php\/wp-json\/wp\/v2\/product_brand?post=779021"},{"taxonomy":"product_cat","embeddable":true,"href":"https:\/\/roveyayinevi.com.tr\/index.php\/wp-json\/wp\/v2\/product_cat?post=779021"},{"taxonomy":"product_tag","embeddable":true,"href":"https:\/\/roveyayinevi.com.tr\/index.php\/wp-json\/wp\/v2\/product_tag?post=779021"}],"curies":[{"name":"wp","href":"https:\/\/api.w.org\/{rel}","templated":true}]}}