{"id":779017,"date":"2025-12-30T10:10:06","date_gmt":"2025-12-30T07:10:06","guid":{"rendered":"https:\/\/roveyayinevi.com.tr\/index.php\/urun\/ted-gibi-konus\/"},"modified":"2026-03-26T18:01:07","modified_gmt":"2026-03-26T15:01:07","slug":"ted-gibi-konus","status":"publish","type":"product","link":"https:\/\/roveyayinevi.com.tr\/index.php\/urun\/ted-gibi-konus\/","title":{"rendered":"Ted Gibi Konu\u015f"},"content":{"rendered":"<p>Teknoloji, E\u011flence ve Dizayn s\u00f6zc\u00fcklerinin ba\u015f harflerinden ad\u0131n\u0131 alan TED konferanslar\u0131n\u0131n g\u00f6rd\u00fc\u011f\u00fc ilgi b\u00fct\u00fcn d\u00fcnyada artarak s\u00fcr\u00fcyor. &#8220;Payla\u015fmaya de\u011fer fikirler&#8221; slogan\u0131yla an\u0131lan, insanlar\u0131 bu denli etkileyen 18 dakikal\u0131k TED konu\u015fmalar\u0131 internette 4 milyardan fazla izlendi. Peki ni\u00e7in? Bu kadar \u00e7ok insan\u0131 bu kadar etkileyen konu\u015fmalar\u0131n s\u0131rr\u0131 ne? Etkili, ikna edici, ilham veren bir sunum yapmak i\u00e7in en \u00e7ok neye gereksinim duyar\u0131z? Yetenek? Hay\u0131r, bildi\u011finiz gibi de\u011fil. Topluluk \u00f6n\u00fcnde konu\u015fmak o kadar da korkutucu de\u011fil. Carmine Gallo&#8217;nun, Wall Street Journal \u00e7oksatar listesine girmi\u015f bu kitab\u0131, 100&#8217;den fazla TED konu\u015fmas\u0131n\u0131n \u00e7\u00f6z\u00fcmlemesi, TED&#8217;in en sevilen konu\u015fmac\u0131lar\u0131yla s\u00f6yle\u015filer, psikoloji, n\u00f6robilim ve ileti\u015fim uzmanlar\u0131n\u0131n g\u00f6r\u00fc\u015flerini bir araya getiriyor. \ufffcTan\u0131t\u0131m Metni<\/p>\n","protected":false},"excerpt":{"rendered":"<p>Teknoloji, E\u011flence ve Dizayn s\u00f6zc\u00fcklerinin ba\u015f harflerinden ad\u0131n\u0131 alan TED konferanslar\u0131n\u0131n g\u00f6rd\u00fc\u011f\u00fc ilgi b\u00fct\u00fcn d\u00fcnyada artarak s\u00fcr\u00fcyor. &#8220;Payla\u015fmaya de\u011fer fikirler&#8221; slogan\u0131yla an\u0131lan, insanlar\u0131 bu denli etkileyen<span class=\"excerpt-hellip\"> [\u2026]<\/span><\/p>\n","protected":false},"featured_media":0,"template":"","meta":{"_monsterinsights_skip_tracking":false,"_monsterinsights_sitenote_active":false,"_monsterinsights_sitenote_note":"","_monsterinsights_sitenote_category":0},"product_brand":[],"product_cat":[12364,12376],"product_tag":[],"class_list":{"0":"post-779017","1":"product","2":"type-product","3":"status-publish","5":"product_cat-genel-konular","6":"product_cat-kisisel-gelisim","7":"pa_cilt-ciltsiz","8":"pa_tur-kitap","9":"pa_yayinevi-aganta","10":"pa_yazar-carmine-gallo","12":"first","13":"instock","14":"sale","15":"shipping-taxable","16":"purchasable","17":"product-type-simple"},"_links":{"self":[{"href":"https:\/\/roveyayinevi.com.tr\/index.php\/wp-json\/wp\/v2\/product\/779017","targetHints":{"allow":["GET"]}}],"collection":[{"href":"https:\/\/roveyayinevi.com.tr\/index.php\/wp-json\/wp\/v2\/product"}],"about":[{"href":"https:\/\/roveyayinevi.com.tr\/index.php\/wp-json\/wp\/v2\/types\/product"}],"wp:attachment":[{"href":"https:\/\/roveyayinevi.com.tr\/index.php\/wp-json\/wp\/v2\/media?parent=779017"}],"wp:term":[{"taxonomy":"product_brand","embeddable":true,"href":"https:\/\/roveyayinevi.com.tr\/index.php\/wp-json\/wp\/v2\/product_brand?post=779017"},{"taxonomy":"product_cat","embeddable":true,"href":"https:\/\/roveyayinevi.com.tr\/index.php\/wp-json\/wp\/v2\/product_cat?post=779017"},{"taxonomy":"product_tag","embeddable":true,"href":"https:\/\/roveyayinevi.com.tr\/index.php\/wp-json\/wp\/v2\/product_tag?post=779017"}],"curies":[{"name":"wp","href":"https:\/\/api.w.org\/{rel}","templated":true}]}}