{"id":779010,"date":"2025-12-30T10:06:43","date_gmt":"2025-12-30T07:06:43","guid":{"rendered":"https:\/\/roveyayinevi.com.tr\/index.php\/urun\/okuma-ve-anlamlandirma-becerilerinin-kazandirilmasi\/"},"modified":"2026-04-16T02:18:03","modified_gmt":"2026-04-15T23:18:03","slug":"okuma-ve-anlamlandirma-becerilerinin-kazandirilmasi","status":"publish","type":"product","link":"https:\/\/roveyayinevi.com.tr\/index.php\/urun\/okuma-ve-anlamlandirma-becerilerinin-kazandirilmasi\/","title":{"rendered":"Okuma ve Anlamland\u0131rma Becerilerinin Kazand\u0131r\u0131lmas\u0131"},"content":{"rendered":"<p>Okuma becerisi, salt s\u00f6zc\u00fckleri olu\u015fturan ses ve seslemlerin, daha ileri a\u015famada t\u00fcmceleri olu\u015fturan s\u00f6zc\u00fcklerin ve son a\u015famada metni olu\u015fturan t\u00fcmcelerin tan\u0131nmas\u0131na de\u011fil, ayn\u0131 zamanda okurun etkin kat\u0131l\u0131m\u0131yla yaz\u0131l\u0131 metnin anlamland\u0131r\u0131lmas\u0131na da g\u00f6nderimde bulunur. Bu ba\u011flamda bir yaz\u0131l\u0131 metni anlamland\u0131rabilmek, ki\u015filerin okumaya ili\u015fkin sahip olduklar\u0131 donan\u0131mlarla ilgilidir. Bu bak\u0131mdan okuma becerisi, okuma s\u00fcrecinde ger\u00e7ekle\u015fenlerin ayr\u0131m\u0131nda olarak, bili\u015fsel a\u00e7\u0131dan okunanlar\u0131n i\u015flemlenmesine katk\u0131 sa\u011flayacak birtak\u0131m stratejiden yararlanarak ve okunan \u00fcr\u00fcn metnin dilsel ve bi\u00e7imsel \u00f6zelliklerini \u00f6\u011frenerek geli\u015ftirilebilir. Dolay\u0131s\u0131yla ilk okuma becerisini kazanan bir \u00f6\u011frencinin, bu a\u015famadan sonra da okuma becerisini geli\u015ftirebilmek i\u00e7in kazanmas\u0131 gereken bir\u00e7ok donan\u0131m vard\u0131r. E\u011fitim ortamlar\u0131nda \u00f6\u011frencilerin bu donan\u0131mlar\u0131 kazanabilmelerini sa\u011flamak olanakl\u0131d\u0131r. Bu kitab\u0131n haz\u0131rlanmas\u0131na kaynakl\u0131k eden gerek\u00e7e de okuman\u0131n, do\u011fu\u015ftan getirilen bir yetenek de\u011fil, \u00f6\u011fretim ortamlar\u0131nda kazan\u0131labilen ve geli\u015ftirilebilen bir beceri alan\u0131 olmas\u0131d\u0131r. O nedenle kitab\u0131n haz\u0131rlanma s\u00fcrecinde \u00f6\u011fretim ilkelerine uygun bir bi\u00e7imde \u00f6\u011fretim ama\u00e7l\u0131 dizgesel bir \u00e7izgi izlenmi\u015ftir. Bu ba\u011flamda ilk a\u015famada okuma ve okuma t\u00fcrlerine de\u011finilmi\u015f; ikinci a\u015famada okuma s\u00fcreci a\u00e7\u0131klanm\u0131\u015ft\u0131r. \u00dc\u00e7\u00fcnc\u00fc a\u015famada okuma s\u00fcrecinde etkili olan etmenler tan\u0131t\u0131lm\u0131\u015ft\u0131r. D\u00f6rd\u00fcnc\u00fc a\u015famada ise okuma becerisine ili\u015fkin durum saptamas\u0131na d\u00f6n\u00fck donan\u0131m kazand\u0131r\u0131lmas\u0131 hedeflenmi\u015ftir. Son a\u015famada ise okuma becerisinin kazand\u0131r\u0131lmas\u0131na d\u00f6n\u00fck \u00f6zel \u00f6\u011fretim etkinliklerinden \u00f6rnekler sunulmu\u015ftur. B\u00f6ylelikle okuma\/okuma s\u00fcreci, durum saptama ve etkinliklerden olu\u015fan bir sacaya\u011f\u0131 kurularak okurlara t\u00fcm y\u00f6nleriyle okuma e\u011fitimi ba\u011flam\u0131nda katk\u0131 sa\u011flanmas\u0131 ama\u00e7lanm\u0131\u015ft\u0131r. \ufffcTan\u0131t\u0131m Metni<\/p>\n","protected":false},"excerpt":{"rendered":"<p>Okuma becerisi, salt s\u00f6zc\u00fckleri olu\u015fturan ses ve seslemlerin, daha ileri a\u015famada t\u00fcmceleri olu\u015fturan s\u00f6zc\u00fcklerin ve son a\u015famada metni olu\u015fturan t\u00fcmcelerin tan\u0131nmas\u0131na de\u011fil, ayn\u0131 zamanda okurun etkin<span class=\"excerpt-hellip\"> [\u2026]<\/span><\/p>\n","protected":false},"featured_media":0,"template":"","meta":{"_monsterinsights_skip_tracking":false,"_monsterinsights_sitenote_active":false,"_monsterinsights_sitenote_note":"","_monsterinsights_sitenote_category":0},"product_brand":[],"product_cat":[12573,12566],"product_tag":[],"class_list":{"0":"post-779010","1":"product","2":"type-product","3":"status-publish","5":"product_cat-akademik-kitaplar","6":"product_cat-egitim","7":"pa_cilt-ciltsiz","8":"pa_tur-kitap","9":"pa_yayinevi-nobel-akademik-yayincilik","10":"pa_yazar-hakan-ulper","12":"first","13":"instock","14":"sale","15":"shipping-taxable","16":"purchasable","17":"product-type-simple"},"_links":{"self":[{"href":"https:\/\/roveyayinevi.com.tr\/index.php\/wp-json\/wp\/v2\/product\/779010","targetHints":{"allow":["GET"]}}],"collection":[{"href":"https:\/\/roveyayinevi.com.tr\/index.php\/wp-json\/wp\/v2\/product"}],"about":[{"href":"https:\/\/roveyayinevi.com.tr\/index.php\/wp-json\/wp\/v2\/types\/product"}],"wp:attachment":[{"href":"https:\/\/roveyayinevi.com.tr\/index.php\/wp-json\/wp\/v2\/media?parent=779010"}],"wp:term":[{"taxonomy":"product_brand","embeddable":true,"href":"https:\/\/roveyayinevi.com.tr\/index.php\/wp-json\/wp\/v2\/product_brand?post=779010"},{"taxonomy":"product_cat","embeddable":true,"href":"https:\/\/roveyayinevi.com.tr\/index.php\/wp-json\/wp\/v2\/product_cat?post=779010"},{"taxonomy":"product_tag","embeddable":true,"href":"https:\/\/roveyayinevi.com.tr\/index.php\/wp-json\/wp\/v2\/product_tag?post=779010"}],"curies":[{"name":"wp","href":"https:\/\/api.w.org\/{rel}","templated":true}]}}