{"id":779000,"date":"2025-12-30T10:06:19","date_gmt":"2025-12-30T07:06:19","guid":{"rendered":"https:\/\/roveyayinevi.com.tr\/index.php\/urun\/can-veren-pervaneler-1-2\/"},"modified":"2026-04-16T02:17:59","modified_gmt":"2026-04-15T23:17:59","slug":"can-veren-pervaneler-1-2","status":"publish","type":"product","link":"https:\/\/roveyayinevi.com.tr\/index.php\/urun\/can-veren-pervaneler-1-2\/","title":{"rendered":"Can Veren Pervaneler &#8211; 1"},"content":{"rendered":"<p>Divan Edebiyat\u0131, ge\u00e7mi\u015f k\u00fclt\u00fcr\u00fcm\u00fcz\u00fcn e\u015fsiz ve engin hazinelerinden biridir.Divan edebiyat\u0131n\u0131 anlarsak k\u00fclt\u00fcr\u00fcm\u00fcz\u00fc, neler kaybetti\u011fimizi ve neleri kazanabilece\u011fimizi \u00e7ok daha iyi anlar\u0131z. \u0130\u015fte bu eser bu konuda tam bir rehber.\u201cCan Veren Pervaneler\u201d unutulmaya y\u00fcz tutmu\u015f muhte\u015fem miras\u0131m\u0131z Divan Edebiyat\u0131\u2019n\u0131 k\u00fcllerinden yeniden do\u011furmaya namzet ve okuyan herkese can verecek bir eser\u2026Bir sebeple o kadar iltifat etti\u011fi \u015fair B\u00e2k\u00ee\u2019ye \u00f6fkelenen Kanuni merhum, \u015fiir kudretini konu\u015fturarak onu memleketine s\u00fcrg\u00fcn y\u00f6n\u00fcnde ferman \u0131sd\u00e2r eder:Tabii biri \u015fairlerin sultan\u0131 biri de Osmanl\u0131 Sultan\u0131 fakat ikisi de g\u00f6n\u00fcllerin sultan\u0131 olunca ortaya a\u015fa\u011f\u0131daki \u015faheserler \u00e7\u0131km\u0131\u015f:\u201cBaki bed \/ Azm-i b\u00fclend \/ Bursa\u2019ya red \/ Nefy-i ebed\u201d[B\u00e2k\u00ee k\u00f6t\u00fc adam; y\u00fcksek karar\u0131m odur ki -memleketi olan- Bursa\u2019ya g\u00f6nderilsin, bir daha da g\u00f6z\u00fcm g\u00f6rmesin.]Bu m\u00fcstesna edebiyat i\u00e7in yine kendi kaleminden netice-i kel\u00e2m:\u201cGe\u00e7mi\u015f Zaman Olur Ki Hayali Cihan De\u011fer.\u201d\u0130\u015fte \u201cCan Veren Pervaneler\u201d, i\u015fte Divan Edebiyat\u0131\u2026<\/p>\n","protected":false},"excerpt":{"rendered":"<p>Divan Edebiyat\u0131, ge\u00e7mi\u015f k\u00fclt\u00fcr\u00fcm\u00fcz\u00fcn e\u015fsiz ve engin hazinelerinden biridir.Divan edebiyat\u0131n\u0131 anlarsak k\u00fclt\u00fcr\u00fcm\u00fcz\u00fc, neler kaybetti\u011fimizi ve neleri kazanabilece\u011fimizi \u00e7ok daha iyi anlar\u0131z. \u0130\u015fte bu eser bu konuda<span class=\"excerpt-hellip\"> [\u2026]<\/span><\/p>\n","protected":false},"featured_media":0,"template":"","meta":{"_monsterinsights_skip_tracking":false,"_monsterinsights_sitenote_active":false,"_monsterinsights_sitenote_note":"","_monsterinsights_sitenote_category":0},"product_brand":[],"product_cat":[12291,12292],"product_tag":[],"class_list":{"0":"post-779000","1":"product","2":"type-product","3":"status-publish","5":"product_cat-edebiyat","6":"product_cat-turk-edebiyati","7":"pa_cilt-ciltsiz","8":"pa_tur-kitap","9":"pa_yayinevi-babiali-kultur-yayinlari","10":"pa_yazar-hayati-inanc","12":"first","13":"instock","14":"sale","15":"shipping-taxable","16":"purchasable","17":"product-type-simple"},"_links":{"self":[{"href":"https:\/\/roveyayinevi.com.tr\/index.php\/wp-json\/wp\/v2\/product\/779000","targetHints":{"allow":["GET"]}}],"collection":[{"href":"https:\/\/roveyayinevi.com.tr\/index.php\/wp-json\/wp\/v2\/product"}],"about":[{"href":"https:\/\/roveyayinevi.com.tr\/index.php\/wp-json\/wp\/v2\/types\/product"}],"wp:attachment":[{"href":"https:\/\/roveyayinevi.com.tr\/index.php\/wp-json\/wp\/v2\/media?parent=779000"}],"wp:term":[{"taxonomy":"product_brand","embeddable":true,"href":"https:\/\/roveyayinevi.com.tr\/index.php\/wp-json\/wp\/v2\/product_brand?post=779000"},{"taxonomy":"product_cat","embeddable":true,"href":"https:\/\/roveyayinevi.com.tr\/index.php\/wp-json\/wp\/v2\/product_cat?post=779000"},{"taxonomy":"product_tag","embeddable":true,"href":"https:\/\/roveyayinevi.com.tr\/index.php\/wp-json\/wp\/v2\/product_tag?post=779000"}],"curies":[{"name":"wp","href":"https:\/\/api.w.org\/{rel}","templated":true}]}}