{"id":778993,"date":"2025-12-30T10:03:53","date_gmt":"2025-12-30T07:03:53","guid":{"rendered":"https:\/\/roveyayinevi.com.tr\/index.php\/urun\/ruyanin-psikolojisi\/"},"modified":"2026-04-16T02:16:25","modified_gmt":"2026-04-15T23:16:25","slug":"ruyanin-psikolojisi","status":"publish","type":"product","link":"https:\/\/roveyayinevi.com.tr\/index.php\/urun\/ruyanin-psikolojisi\/","title":{"rendered":"R\u00fcyan\u0131n Psikolojisi"},"content":{"rendered":"<p>R\u00fcyalar, Geceleri Kendi Kendimize Anlatt\u0131\u011f\u0131m\u0131z \u00d6yk\u00fclerdir.\u2022 Neden r\u00fcya g\u00f6r\u00fcr\u00fcz?\u2022 Neden r\u00fcyalar\u0131m\u0131z\u0131 ger\u00e7ek san\u0131r\u0131z?\u2022 R\u00fcyalardaki tuhafl\u0131klar\u0131 ve hissedilen duygular\u0131 nas\u0131l a\u00e7\u0131klar\u0131z?\u2022 G\u00f6rme engelliler de r\u00fcya g\u00f6r\u00fcr m\u00fc?Her ne kadar r\u00fcyalar \u00fczerine ciddi ve g\u00fcvenilir ara\u015ft\u0131rmalar yap\u0131lamayaca\u011f\u0131na inanan bir kesim olsa da Jacques Montangero, bu konu \u00fczerine e\u011filerek yukar\u0131daki sorular\u0131 ve daha nicelerini detayl\u0131 bir \u015fekilde yan\u0131tl\u0131yor, r\u00fcyalar\u0131m\u0131z\u0131 derinden etkileyen fakt\u00f6rleri bili\u015fsel bir bak\u0131\u015f a\u00e7\u0131s\u0131yla de\u011ferlendirerek r\u00fcyalar\u0131n gizemini a\u00e7\u0131\u011fa \u00e7\u0131kar\u0131yor.R\u00fcyan\u0131n Psikolojisi, uyku evrelerini, r\u00fcya s\u0131ras\u0131nda beyinde meydana gelen de\u011fi\u015fiklikleri, n\u00f6robiyolojik bulgular\u0131 ve r\u00fcyan\u0131n psikolojik\/biyolojik etkilerini soru-cevap \u015feklinde anlatan, r\u00fcyalara bilimsel perspektiften bakan ayr\u0131nt\u0131l\u0131 bir r\u00fcya rehberi&#8230;R\u00fcya esnas\u0131nda neler oldu\u011funu merak etmiyor musunuz? <\/p>\n","protected":false},"excerpt":{"rendered":"<p>R\u00fcyalar, Geceleri Kendi Kendimize Anlatt\u0131\u011f\u0131m\u0131z \u00d6yk\u00fclerdir.\u2022 Neden r\u00fcya g\u00f6r\u00fcr\u00fcz?\u2022 Neden r\u00fcyalar\u0131m\u0131z\u0131 ger\u00e7ek san\u0131r\u0131z?\u2022 R\u00fcyalardaki tuhafl\u0131klar\u0131 ve hissedilen duygular\u0131 nas\u0131l a\u00e7\u0131klar\u0131z?\u2022 G\u00f6rme engelliler de r\u00fcya g\u00f6r\u00fcr m\u00fc?Her<span class=\"excerpt-hellip\"> [\u2026]<\/span><\/p>\n","protected":false},"featured_media":0,"template":"","meta":{"_monsterinsights_skip_tracking":false,"_monsterinsights_sitenote_active":false,"_monsterinsights_sitenote_note":"","_monsterinsights_sitenote_category":0},"product_brand":[],"product_cat":[12358,12357],"product_tag":[],"class_list":{"0":"post-778993","1":"product","2":"type-product","3":"status-publish","5":"product_cat-genel-psikoloji","6":"product_cat-psikoloji","7":"pa_cilt-ciltsiz","8":"pa_tur-kitap","9":"pa_yayinevi-say-yayinlari","10":"pa_yazar-jacques-montangero","12":"first","13":"instock","14":"sale","15":"shipping-taxable","16":"purchasable","17":"product-type-simple"},"_links":{"self":[{"href":"https:\/\/roveyayinevi.com.tr\/index.php\/wp-json\/wp\/v2\/product\/778993","targetHints":{"allow":["GET"]}}],"collection":[{"href":"https:\/\/roveyayinevi.com.tr\/index.php\/wp-json\/wp\/v2\/product"}],"about":[{"href":"https:\/\/roveyayinevi.com.tr\/index.php\/wp-json\/wp\/v2\/types\/product"}],"wp:attachment":[{"href":"https:\/\/roveyayinevi.com.tr\/index.php\/wp-json\/wp\/v2\/media?parent=778993"}],"wp:term":[{"taxonomy":"product_brand","embeddable":true,"href":"https:\/\/roveyayinevi.com.tr\/index.php\/wp-json\/wp\/v2\/product_brand?post=778993"},{"taxonomy":"product_cat","embeddable":true,"href":"https:\/\/roveyayinevi.com.tr\/index.php\/wp-json\/wp\/v2\/product_cat?post=778993"},{"taxonomy":"product_tag","embeddable":true,"href":"https:\/\/roveyayinevi.com.tr\/index.php\/wp-json\/wp\/v2\/product_tag?post=778993"}],"curies":[{"name":"wp","href":"https:\/\/api.w.org\/{rel}","templated":true}]}}