{"id":778984,"date":"2025-12-30T10:00:53","date_gmt":"2025-12-30T07:00:53","guid":{"rendered":"https:\/\/roveyayinevi.com.tr\/index.php\/urun\/kral-katili\/"},"modified":"2025-12-30T10:00:53","modified_gmt":"2025-12-30T07:00:53","slug":"kral-katili","status":"publish","type":"product","link":"https:\/\/roveyayinevi.com.tr\/index.php\/urun\/kral-katili\/","title":{"rendered":"Kral Katili"},"content":{"rendered":"<p>\u201cSan\u0131r\u0131m sen, benim ya en b\u00fcy\u00fck zaferim ya da en b\u00fcy\u00fck hatam olacaks\u0131n. Zaman g\u00f6sterecek.\u201dEski cad\u0131 avc\u0131s\u0131 Elizabeth Grey, Harrow\u2019un b\u00fcy\u00fclerle korunan k\u00f6ylerinden birinde saklan\u0131yor, Anglia Krall\u0131\u011f\u0131\u2019n\u0131 zorla ele ge\u00e7iren Lord Blackwell\u2019in kellesi i\u00e7in bi\u00e7ti\u011fi bedelden ka\u00e7maya \u00e7al\u0131\u015f\u0131yordu. Kar\u015f\u0131 kar\u015f\u0131ya geldikleri son seferde Blackwell b\u00fcy\u00fck bir yara alm\u0131\u015ft\u0131 ama g\u00fcce olan tutkusu g\u00fcnbeg\u00fcn art\u0131yordu. Kurallar\u0131na kar\u015f\u0131 gelenlerle kar\u015f\u0131la\u015faca\u011f\u0131 bir sava\u015f i\u00e7in haz\u0131rlan\u0131yordu: Elizabeth ve onun yan\u0131nda yer alan cad\u0131lar ile b\u00fcy\u00fcc\u00fcler.Ona b\u00fcy\u00fcl\u00fc bir koruma ve iyile\u015ftirme g\u00fcc\u00fc veren m\u00fchr\u00fcn\u00fc kaybeden Elizabeth\u2019in g\u00fcc\u00fc \u015fimdi hem fiziksel hem de psikolojik olarak s\u0131nan\u0131yordu. Sava\u015f her zaman fedak\u00e2rl\u0131k anlam\u0131na gelirdi ancak iyi ve k\u00f6t\u00fc aras\u0131ndaki \u00e7izgi gittik\u00e7e bulan\u0131kla\u015f\u0131rken Elizabeth, sevdiklerini kurtarmak i\u00e7in ne kadar ileri gitmesi gerekti\u011fine karar vermeliydi.\u201cSeri i\u00e7in tatmin edici bir son; Cashore\u2019un Yetenek ve Maas\u2019\u0131n Cam \u015eato\u2019sunu sevenler i\u00e7in m\u00fckemmel bir kitap\u2026 Kral Katili, sa\u011flam ve e\u011flenceli bir hik\u00e2ye.\u201d VOYA\u201cAk\u0131c\u0131 hikayeleri sevenler, tarihi ve fantastik \u00f6\u011feler i\u00e7eren bu kitaba bay\u0131lacak.Hikayede s\u0131kl\u0131kla kar\u015f\u0131la\u015faca\u011f\u0131n\u0131z hortlaklar, hayaletler, sihir ve do\u011fa\u00fcst\u00fc yarat\u0131klar, ayn\u0131 zamanda hem e\u011flenceli hem \u00fcrk\u00fct\u00fcc\u00fc bir hal alacak.\u201dSchool Library Connection\u201c\u0130yi bir fantastik seride olmas\u0131 gereken her \u015fey var: k\u0131l\u0131\u00e7lar, zehir, kara b\u00fcy\u00fc ve ihanet.\u201d April Tucholke, Derin Sularla \u015eeytan Aras\u0131nda\u2019n\u0131n yazar\u0131<\/p>\n","protected":false},"excerpt":{"rendered":"<p>\u201cSan\u0131r\u0131m sen, benim ya en b\u00fcy\u00fck zaferim ya da en b\u00fcy\u00fck hatam olacaks\u0131n. Zaman g\u00f6sterecek.\u201dEski cad\u0131 avc\u0131s\u0131 Elizabeth Grey, Harrow\u2019un b\u00fcy\u00fclerle korunan k\u00f6ylerinden birinde saklan\u0131yor, Anglia<span class=\"excerpt-hellip\"> [\u2026]<\/span><\/p>\n","protected":false},"featured_media":0,"template":"","meta":{"_monsterinsights_skip_tracking":false,"_monsterinsights_sitenote_active":false,"_monsterinsights_sitenote_note":"","_monsterinsights_sitenote_category":0},"product_brand":[],"product_cat":[12291,12711],"product_tag":[],"class_list":{"0":"post-778984","1":"product","2":"type-product","3":"status-publish","5":"product_cat-edebiyat","6":"product_cat-roman-oyku","7":"pa_cilt-ciltli","8":"pa_tur-kitap","9":"pa_yayinevi-yabanci-yayinevi","10":"pa_yazar-virginia-boecker","12":"first","13":"instock","14":"sale","15":"shipping-taxable","16":"purchasable","17":"product-type-simple"},"_links":{"self":[{"href":"https:\/\/roveyayinevi.com.tr\/index.php\/wp-json\/wp\/v2\/product\/778984","targetHints":{"allow":["GET"]}}],"collection":[{"href":"https:\/\/roveyayinevi.com.tr\/index.php\/wp-json\/wp\/v2\/product"}],"about":[{"href":"https:\/\/roveyayinevi.com.tr\/index.php\/wp-json\/wp\/v2\/types\/product"}],"wp:attachment":[{"href":"https:\/\/roveyayinevi.com.tr\/index.php\/wp-json\/wp\/v2\/media?parent=778984"}],"wp:term":[{"taxonomy":"product_brand","embeddable":true,"href":"https:\/\/roveyayinevi.com.tr\/index.php\/wp-json\/wp\/v2\/product_brand?post=778984"},{"taxonomy":"product_cat","embeddable":true,"href":"https:\/\/roveyayinevi.com.tr\/index.php\/wp-json\/wp\/v2\/product_cat?post=778984"},{"taxonomy":"product_tag","embeddable":true,"href":"https:\/\/roveyayinevi.com.tr\/index.php\/wp-json\/wp\/v2\/product_tag?post=778984"}],"curies":[{"name":"wp","href":"https:\/\/api.w.org\/{rel}","templated":true}]}}