{"id":778983,"date":"2025-12-30T10:00:42","date_gmt":"2025-12-30T07:00:42","guid":{"rendered":"https:\/\/roveyayinevi.com.tr\/index.php\/urun\/after-paramparca\/"},"modified":"2026-04-16T02:14:36","modified_gmt":"2026-04-15T23:14:36","slug":"after-paramparca","status":"publish","type":"product","link":"https:\/\/roveyayinevi.com.tr\/index.php\/urun\/after-paramparca\/","title":{"rendered":"After: Parampar\u00e7a"},"content":{"rendered":"<p>\u0130li\u015fkilerinin \u00e7alkant\u0131l\u0131 ba\u015flang\u0131c\u0131ndan sonra, Tessa ve Hardin i\u015fleri yoluna koymaya \u00e7al\u0131\u015f\u0131r. Tessa, Hardin\u2019in zalim olabilece\u011fini bilse de kendisinden saklad\u0131klar\u0131 ve sars\u0131c\u0131 itiraf\u0131yla derin bir ikileme s\u00fcr\u00fcklenmi\u015ftir. \ufffcTan\u0131t\u0131m Metni<\/p>\n","protected":false},"excerpt":{"rendered":"<p>\u0130li\u015fkilerinin \u00e7alkant\u0131l\u0131 ba\u015flang\u0131c\u0131ndan sonra, Tessa ve Hardin i\u015fleri yoluna koymaya \u00e7al\u0131\u015f\u0131r. Tessa, Hardin\u2019in zalim olabilece\u011fini bilse de kendisinden saklad\u0131klar\u0131 ve sars\u0131c\u0131 itiraf\u0131yla derin bir ikileme s\u00fcr\u00fcklenmi\u015ftir.<span class=\"excerpt-hellip\"> [\u2026]<\/span><\/p>\n","protected":false},"featured_media":0,"template":"","meta":{"_monsterinsights_skip_tracking":false,"_monsterinsights_sitenote_active":false,"_monsterinsights_sitenote_note":"","_monsterinsights_sitenote_category":0},"product_brand":[],"product_cat":[12291,15117],"product_tag":[],"class_list":{"0":"post-778983","1":"product","2":"type-product","3":"status-publish","5":"product_cat-edebiyat","6":"product_cat-genclik-edebiyati","7":"pa_cilt-ciltsiz","8":"pa_tur-kitap","9":"pa_yayinevi-pegasus-yayinlari","10":"pa_yazar-anna-todd","12":"first","13":"instock","14":"sale","15":"shipping-taxable","16":"purchasable","17":"product-type-simple"},"_links":{"self":[{"href":"https:\/\/roveyayinevi.com.tr\/index.php\/wp-json\/wp\/v2\/product\/778983","targetHints":{"allow":["GET"]}}],"collection":[{"href":"https:\/\/roveyayinevi.com.tr\/index.php\/wp-json\/wp\/v2\/product"}],"about":[{"href":"https:\/\/roveyayinevi.com.tr\/index.php\/wp-json\/wp\/v2\/types\/product"}],"wp:attachment":[{"href":"https:\/\/roveyayinevi.com.tr\/index.php\/wp-json\/wp\/v2\/media?parent=778983"}],"wp:term":[{"taxonomy":"product_brand","embeddable":true,"href":"https:\/\/roveyayinevi.com.tr\/index.php\/wp-json\/wp\/v2\/product_brand?post=778983"},{"taxonomy":"product_cat","embeddable":true,"href":"https:\/\/roveyayinevi.com.tr\/index.php\/wp-json\/wp\/v2\/product_cat?post=778983"},{"taxonomy":"product_tag","embeddable":true,"href":"https:\/\/roveyayinevi.com.tr\/index.php\/wp-json\/wp\/v2\/product_tag?post=778983"}],"curies":[{"name":"wp","href":"https:\/\/api.w.org\/{rel}","templated":true}]}}