{"id":778982,"date":"2025-12-30T10:00:07","date_gmt":"2025-12-30T07:00:07","guid":{"rendered":"https:\/\/roveyayinevi.com.tr\/index.php\/urun\/edebiyatcilar-geciyor\/"},"modified":"2026-04-16T02:14:30","modified_gmt":"2026-04-15T23:14:30","slug":"edebiyatcilar-geciyor","status":"publish","type":"product","link":"https:\/\/roveyayinevi.com.tr\/index.php\/urun\/edebiyatcilar-geciyor\/","title":{"rendered":"Edebiyat\u00e7\u0131lar Ge\u00e7iyor"},"content":{"rendered":"<p>Halit Fahri Ozansoy&#8217;un edebiyat\u00e7\u0131 dostlar\u0131n\u0131 anlatt\u0131\u011f\u0131 bu eseri iki b\u00f6l\u00fcme ayr\u0131l\u0131r: \u0130lk b\u00f6l\u00fcmde, edebiyat mahfilleri, meseleleri ve olaylar\u0131 s\u00f6z konusu edilir. Ayr\u0131ca, T\u00fcrk kad\u0131n\u0131n\u0131n tiyatro sahnesiyle ilk temas\u0131n\u0131n anlat\u0131ld\u0131\u011f\u0131 k\u0131s\u0131mlar belge niteli\u011findedir. Ozansoy, kitab\u0131n\u0131n ilinbi b\u00f6l\u00fcm\u00fcn\u00fc edebiyat\u00e7\u0131lar\u0131n portlerine ay\u0131rm\u0131\u015ft\u0131r. Ahmet Mithat Efendi&#8217;den R\u0131za Tevfik&#8217;e, H\u00fcseyin Rahmi G\u00fcrp\u0131nar&#8217;dan Ziya G\u00f6kalp&#8217;e kadar edebiyat tarihinin ara sokaklar\u0131ndaki gezinti, bir \u015f\u00f6len havas\u0131yla sayfalar\u0131 doldurur. En \u00e7ok da kendi ku\u015fa\u011f\u0131n\u0131 yorumlar Ozansoy, Cenap \u015eehabettin, Faik Ali Ozansoy, Celal Sahir, S\u00fcleyman Nazif, Tahsin Nahit, \u015eehabeddin S\u00fcleyman, \u0130hsan Raif Han\u0131m, Yahya Kemal, Enis Behi\u00e7 Kory\u00fcrek, Mahmut Yesari, Ahmet Ha\u015fim, hepsi Edebiyat\u00e7\u0131lar Ge\u00e7iyor&#8217;dan bize seslenmeye devam ederler. <\/p>\n","protected":false},"excerpt":{"rendered":"<p>Halit Fahri Ozansoy&#8217;un edebiyat\u00e7\u0131 dostlar\u0131n\u0131 anlatt\u0131\u011f\u0131 bu eseri iki b\u00f6l\u00fcme ayr\u0131l\u0131r: \u0130lk b\u00f6l\u00fcmde, edebiyat mahfilleri, meseleleri ve olaylar\u0131 s\u00f6z konusu edilir. Ayr\u0131ca, T\u00fcrk kad\u0131n\u0131n\u0131n tiyatro sahnesiyle<span class=\"excerpt-hellip\"> [\u2026]<\/span><\/p>\n","protected":false},"featured_media":0,"template":"","meta":{"_monsterinsights_skip_tracking":false,"_monsterinsights_sitenote_active":false,"_monsterinsights_sitenote_note":"","_monsterinsights_sitenote_category":0},"product_brand":[],"product_cat":[13701,12291],"product_tag":[],"class_list":{"0":"post-778982","1":"product","2":"type-product","3":"status-publish","5":"product_cat-ani-mektup-gunluk","6":"product_cat-edebiyat","7":"pa_tur-kitap","8":"pa_yayinevi-dergah-yayinlari","9":"pa_yazar-halit-fahri-ozansoy","11":"first","12":"instock","13":"sale","14":"shipping-taxable","15":"purchasable","16":"product-type-simple"},"_links":{"self":[{"href":"https:\/\/roveyayinevi.com.tr\/index.php\/wp-json\/wp\/v2\/product\/778982","targetHints":{"allow":["GET"]}}],"collection":[{"href":"https:\/\/roveyayinevi.com.tr\/index.php\/wp-json\/wp\/v2\/product"}],"about":[{"href":"https:\/\/roveyayinevi.com.tr\/index.php\/wp-json\/wp\/v2\/types\/product"}],"wp:attachment":[{"href":"https:\/\/roveyayinevi.com.tr\/index.php\/wp-json\/wp\/v2\/media?parent=778982"}],"wp:term":[{"taxonomy":"product_brand","embeddable":true,"href":"https:\/\/roveyayinevi.com.tr\/index.php\/wp-json\/wp\/v2\/product_brand?post=778982"},{"taxonomy":"product_cat","embeddable":true,"href":"https:\/\/roveyayinevi.com.tr\/index.php\/wp-json\/wp\/v2\/product_cat?post=778982"},{"taxonomy":"product_tag","embeddable":true,"href":"https:\/\/roveyayinevi.com.tr\/index.php\/wp-json\/wp\/v2\/product_tag?post=778982"}],"curies":[{"name":"wp","href":"https:\/\/api.w.org\/{rel}","templated":true}]}}