{"id":778959,"date":"2025-12-30T09:55:07","date_gmt":"2025-12-30T06:55:07","guid":{"rendered":"https:\/\/roveyayinevi.com.tr\/index.php\/urun\/gumus-somonun-buyuk-yolculugu\/"},"modified":"2026-04-16T02:11:45","modified_gmt":"2026-04-15T23:11:45","slug":"gumus-somonun-buyuk-yolculugu","status":"publish","type":"product","link":"https:\/\/roveyayinevi.com.tr\/index.php\/urun\/gumus-somonun-buyuk-yolculugu\/","title":{"rendered":"G\u00fcm\u00fc\u015f Somon\u2019un B\u00fcy\u00fck Yolculu\u011fu"},"content":{"rendered":"<p>Bir somonun ya\u015fam\u0131 boyunca ba\u015f\u0131ndan ge\u00e7ecekler bellidir: Denizlere a\u00e7\u0131lmak, do\u011fdu\u011fu nehre geri d\u00f6nmek, yumurtalar\u0131n\u0131 nehre b\u0131rakmak\u2026 G\u00fcm\u00fc\u015f Somon, t\u00fcm somonlar\u0131 bekleyen bu yazg\u0131y\u0131 kabullenmek istemiyordu. Do\u011fdu\u011fu nehre d\u00f6nmenin de\u011fil, hayat\u0131n anlam\u0131n\u0131 bulmak i\u00e7in bir ke\u015fif yolculu\u011funa \u00e7\u0131kman\u0131n pe\u015findeydi. G\u00fcm\u00fc\u015f Somon\u2019un bu b\u00fcy\u00fck yolcu\u011fu, onu hi\u00e7 ummad\u0131\u011f\u0131 bi\u00e7imde de\u011fi\u015ftirecekti\u2026 \ufffcTan\u0131t\u0131m Metni<\/p>\n","protected":false},"excerpt":{"rendered":"<p>Bir somonun ya\u015fam\u0131 boyunca ba\u015f\u0131ndan ge\u00e7ecekler bellidir: Denizlere a\u00e7\u0131lmak, do\u011fdu\u011fu nehre geri d\u00f6nmek, yumurtalar\u0131n\u0131 nehre b\u0131rakmak\u2026 G\u00fcm\u00fc\u015f Somon, t\u00fcm somonlar\u0131 bekleyen bu yazg\u0131y\u0131 kabullenmek istemiyordu. Do\u011fdu\u011fu<span class=\"excerpt-hellip\"> [\u2026]<\/span><\/p>\n","protected":false},"featured_media":0,"template":"","meta":{"_monsterinsights_skip_tracking":false,"_monsterinsights_sitenote_active":false,"_monsterinsights_sitenote_note":"","_monsterinsights_sitenote_category":0},"product_brand":[],"product_cat":[12274,12284],"product_tag":[],"class_list":{"0":"post-778959","1":"product","2":"type-product","3":"status-publish","5":"product_cat-cocuk-ve-genclik-kitaplari","6":"product_cat-hikayeler","7":"pa_cilt-ciltsiz","8":"pa_tur-kitap","9":"pa_yayinevi-dogan-egmont-yayincilik","10":"pa_yazar-ahn-do-hyun","12":"first","13":"instock","14":"sale","15":"shipping-taxable","16":"purchasable","17":"product-type-simple"},"_links":{"self":[{"href":"https:\/\/roveyayinevi.com.tr\/index.php\/wp-json\/wp\/v2\/product\/778959","targetHints":{"allow":["GET"]}}],"collection":[{"href":"https:\/\/roveyayinevi.com.tr\/index.php\/wp-json\/wp\/v2\/product"}],"about":[{"href":"https:\/\/roveyayinevi.com.tr\/index.php\/wp-json\/wp\/v2\/types\/product"}],"wp:attachment":[{"href":"https:\/\/roveyayinevi.com.tr\/index.php\/wp-json\/wp\/v2\/media?parent=778959"}],"wp:term":[{"taxonomy":"product_brand","embeddable":true,"href":"https:\/\/roveyayinevi.com.tr\/index.php\/wp-json\/wp\/v2\/product_brand?post=778959"},{"taxonomy":"product_cat","embeddable":true,"href":"https:\/\/roveyayinevi.com.tr\/index.php\/wp-json\/wp\/v2\/product_cat?post=778959"},{"taxonomy":"product_tag","embeddable":true,"href":"https:\/\/roveyayinevi.com.tr\/index.php\/wp-json\/wp\/v2\/product_tag?post=778959"}],"curies":[{"name":"wp","href":"https:\/\/api.w.org\/{rel}","templated":true}]}}