{"id":778957,"date":"2025-12-30T09:54:57","date_gmt":"2025-12-30T06:54:57","guid":{"rendered":"https:\/\/roveyayinevi.com.tr\/index.php\/urun\/kayip-medeniyet-2-selcuklular-2\/"},"modified":"2026-04-16T02:11:27","modified_gmt":"2026-04-15T23:11:27","slug":"kayip-medeniyet-2-selcuklular-2","status":"publish","type":"product","link":"https:\/\/roveyayinevi.com.tr\/index.php\/urun\/kayip-medeniyet-2-selcuklular-2\/","title":{"rendered":"Kay\u0131p Medeniyet 2: Sel\u00e7uklular"},"content":{"rendered":"<p>Bu kitab\u0131 okurken Gevher Nesibe&#8217;nin merhametini, Fatma Bac\u0131&#8217;n\u0131n maharetini, Ahi Evran&#8217;\u0131n d\u00fcr\u00fcstl\u00fck ve nezaketini y\u00fcre\u011finizde hissedeceksiniz. Kula\u011f\u0131n\u0131za Mevlana&#8217;n\u0131n ney sesi \u00e7al\u0131nacak, dilinize Yunus&#8217;un \u015fiirleri dolanacak, dima\u011f\u0131n\u0131za Nasrettin Hoca&#8217;n\u0131n n\u00fckteleri yay\u0131lacak. Kendinizi Nizamiye Medreseleri&#8217;nde b\u00fct\u00fcn ilimleri yalay\u0131p yutmu\u015f gibi, Hasan Sabbah&#8217;\u0131 Alamut Kalesi&#8217;nde bir yumrukta yere sermi\u015f gibi, Ha\u00e7l\u0131lar\u0131 Anadolu&#8217;ya geldiklerine bin pi\u015fman etmi\u015f gibi hissedeceksiniz. Melik\u015fah, K\u0131l\u0131\u00e7arslan, Alaaddin Keykubat ve daha bir\u00e7ok sultan\u0131n kahramanl\u0131klar\u0131n\u0131n heyecan\u0131n\u0131 ya\u015fayacaks\u0131n\u0131z. Yoruldu\u011funuzda Fatma Bac\u0131&#8217;n\u0131n k\u00f6k boyal\u0131 minderlerinde oturacak, susad\u0131\u011f\u0131n\u0131zda miskinler tekkesindeki g\u00fcm\u00fc\u015f tastan billur sular i\u00e7ecek, ac\u0131kt\u0131\u011f\u0131n\u0131zda Kubadabat Saray\u0131&#8217;nda ziyafet sofralar\u0131na oturacaks\u0131n\u0131z. <\/p>\n","protected":false},"excerpt":{"rendered":"<p>Bu kitab\u0131 okurken Gevher Nesibe&#8217;nin merhametini, Fatma Bac\u0131&#8217;n\u0131n maharetini, Ahi Evran&#8217;\u0131n d\u00fcr\u00fcstl\u00fck ve nezaketini y\u00fcre\u011finizde hissedeceksiniz. Kula\u011f\u0131n\u0131za Mevlana&#8217;n\u0131n ney sesi \u00e7al\u0131nacak, dilinize Yunus&#8217;un \u015fiirleri dolanacak, dima\u011f\u0131n\u0131za<span class=\"excerpt-hellip\"> [\u2026]<\/span><\/p>\n","protected":false},"featured_media":0,"template":"","meta":{"_monsterinsights_skip_tracking":false,"_monsterinsights_sitenote_active":false,"_monsterinsights_sitenote_note":"","_monsterinsights_sitenote_category":0},"product_brand":[],"product_cat":[12304,13650],"product_tag":[],"class_list":{"0":"post-778957","1":"product","2":"type-product","3":"status-publish","5":"product_cat-tarih","6":"product_cat-turk-tarihi-arastirmalari","7":"pa_cilt-ciltsiz","8":"pa_tur-kitap","9":"pa_yayinevi-ugurbocegi-yayinlari","10":"pa_yazar-zehra-ayduz","12":"first","13":"instock","14":"sale","15":"shipping-taxable","16":"purchasable","17":"product-type-simple"},"_links":{"self":[{"href":"https:\/\/roveyayinevi.com.tr\/index.php\/wp-json\/wp\/v2\/product\/778957","targetHints":{"allow":["GET"]}}],"collection":[{"href":"https:\/\/roveyayinevi.com.tr\/index.php\/wp-json\/wp\/v2\/product"}],"about":[{"href":"https:\/\/roveyayinevi.com.tr\/index.php\/wp-json\/wp\/v2\/types\/product"}],"wp:attachment":[{"href":"https:\/\/roveyayinevi.com.tr\/index.php\/wp-json\/wp\/v2\/media?parent=778957"}],"wp:term":[{"taxonomy":"product_brand","embeddable":true,"href":"https:\/\/roveyayinevi.com.tr\/index.php\/wp-json\/wp\/v2\/product_brand?post=778957"},{"taxonomy":"product_cat","embeddable":true,"href":"https:\/\/roveyayinevi.com.tr\/index.php\/wp-json\/wp\/v2\/product_cat?post=778957"},{"taxonomy":"product_tag","embeddable":true,"href":"https:\/\/roveyayinevi.com.tr\/index.php\/wp-json\/wp\/v2\/product_tag?post=778957"}],"curies":[{"name":"wp","href":"https:\/\/api.w.org\/{rel}","templated":true}]}}