{"id":778950,"date":"2025-12-30T09:53:50","date_gmt":"2025-12-30T06:53:50","guid":{"rendered":"https:\/\/roveyayinevi.com.tr\/index.php\/urun\/melekler-zamani\/"},"modified":"2026-04-16T02:11:14","modified_gmt":"2026-04-15T23:11:14","slug":"melekler-zamani","status":"publish","type":"product","link":"https:\/\/roveyayinevi.com.tr\/index.php\/urun\/melekler-zamani\/","title":{"rendered":"Melekler Zaman\u0131"},"content":{"rendered":"<p>A\u015fk; herkesin y\u00fcre\u011findeki bo\u015flu\u011fa g\u00f6re \u015fekillenen, herkesi farkl\u0131 bir yerden vuran, herkesi ba\u015fka bir iman ve ibadetle dolduran, \u00f6ylesine s\u0131n\u0131rs\u0131z ve \u00f6ylesine belirsiz bir kavramd\u0131 ki. <\/p>\n","protected":false},"excerpt":{"rendered":"<p>A\u015fk; herkesin y\u00fcre\u011findeki bo\u015flu\u011fa g\u00f6re \u015fekillenen, herkesi farkl\u0131 bir yerden vuran, herkesi ba\u015fka bir iman ve ibadetle dolduran, \u00f6ylesine s\u0131n\u0131rs\u0131z ve \u00f6ylesine belirsiz bir kavramd\u0131 ki.<\/p>\n","protected":false},"featured_media":0,"template":"","meta":{"_monsterinsights_skip_tracking":false,"_monsterinsights_sitenote_active":false,"_monsterinsights_sitenote_note":"","_monsterinsights_sitenote_category":0},"product_brand":[],"product_cat":[14643,12291],"product_tag":[],"class_list":{"0":"post-778950","1":"product","2":"type-product","3":"status-publish","5":"product_cat-ask","6":"product_cat-edebiyat","7":"pa_cilt-ciltsiz","8":"pa_tur-kitap","9":"pa_yayinevi-ephesus-yayinlari","10":"pa_yazar-fatma-erdek","12":"first","13":"instock","14":"sale","15":"shipping-taxable","16":"purchasable","17":"product-type-simple"},"_links":{"self":[{"href":"https:\/\/roveyayinevi.com.tr\/index.php\/wp-json\/wp\/v2\/product\/778950","targetHints":{"allow":["GET"]}}],"collection":[{"href":"https:\/\/roveyayinevi.com.tr\/index.php\/wp-json\/wp\/v2\/product"}],"about":[{"href":"https:\/\/roveyayinevi.com.tr\/index.php\/wp-json\/wp\/v2\/types\/product"}],"wp:attachment":[{"href":"https:\/\/roveyayinevi.com.tr\/index.php\/wp-json\/wp\/v2\/media?parent=778950"}],"wp:term":[{"taxonomy":"product_brand","embeddable":true,"href":"https:\/\/roveyayinevi.com.tr\/index.php\/wp-json\/wp\/v2\/product_brand?post=778950"},{"taxonomy":"product_cat","embeddable":true,"href":"https:\/\/roveyayinevi.com.tr\/index.php\/wp-json\/wp\/v2\/product_cat?post=778950"},{"taxonomy":"product_tag","embeddable":true,"href":"https:\/\/roveyayinevi.com.tr\/index.php\/wp-json\/wp\/v2\/product_tag?post=778950"}],"curies":[{"name":"wp","href":"https:\/\/api.w.org\/{rel}","templated":true}]}}