{"id":778943,"date":"2025-12-30T09:52:38","date_gmt":"2025-12-30T06:52:38","guid":{"rendered":"https:\/\/roveyayinevi.com.tr\/index.php\/urun\/balthazar-iskenderiye-dortlusu-2\/"},"modified":"2026-04-16T02:10:08","modified_gmt":"2026-04-15T23:10:08","slug":"balthazar-iskenderiye-dortlusu-2","status":"publish","type":"product","link":"https:\/\/roveyayinevi.com.tr\/index.php\/urun\/balthazar-iskenderiye-dortlusu-2\/","title":{"rendered":"Balthazar \u0130skenderiye D\u00f6rtl\u00fcs\u00fc -2"},"content":{"rendered":"<p>\u00dcnl\u00fc \u0130ngiliz yazar\u0131 Lawrence Durrell in d\u00f6rt kitab\u0131ndan olu\u015fan \u0130skenderiye D\u00f6rtl\u00fcs\u00fc n\u00fcn ilk kitab\u0131 olan Justine i k\u0131sa bir s\u00fcre \u00f6nce yay\u0131mlam\u0131\u015ft\u0131k. Balthazar , bu d\u00f6rtl\u00fcn\u00fcn ikinci kitab\u0131. \u00dc\u00e7\u00fcnc\u00fc kitap olan Mountolive ve son kitap Clea y\u0131 da yak\u0131nda yay\u0131mlay\u0131p bu b\u00fcy\u00fck d\u00f6rtl\u00fcy\u00fc tamamlam\u0131\u015f olaca\u011f\u0131z. Bilindi\u011fi gibi \u0130skenderiye D\u00f6rtl\u00fcs\u00fc , 1960\u2019l\u0131 y\u0131llarda \u0130ngiliz romanc\u0131l\u0131\u011f\u0131nda b\u00fcy\u00fck yank\u0131lar uyand\u0131rm\u0131\u015f, k\u0131sa s\u00fcrede d\u00fcnya dillerine \u00e7evrilmi\u015fti. Durrell \u0131n bu d\u00f6rtl\u00fcde anlatt\u0131\u011f\u0131 sevgi ili\u015fkileri, yaln\u0131zca erkek-di\u015fi ili\u015fkisi olarak kalmaz. Durrell , her t\u00fcrl\u00fc cinsel ili\u015fkiyi b\u00fcy\u00fck bir so\u011fukkanl\u0131l\u0131kla ele al\u0131r ve anlat\u0131r. Cinselli\u011fin de\u011fi\u015fik bi\u00e7imlerini deneyen Justine\u2019in ili\u015fkilerinin tan\u0131\u011f\u0131 olan Darley, y\u0131llar sonra bu izlenimlerini yazar ve ortaya Justine adl\u0131 kitap \u00e7\u0131kar. Ancak Darley\u2019in olaylar\u0131 ve ger\u00e7ekleri yorumlay\u0131\u015f\u0131, kendi g\u00f6r\u00fc\u015f a\u00e7\u0131s\u0131yla s\u0131n\u0131rlad\u0131r. Bir\u00e7ok ayr\u0131nt\u0131 belirsiz kal\u0131r. Bu belirsizlikler, \u00f6b\u00fcr roman ki\u015filerinin bak\u0131\u015f a\u00e7\u0131lar\u0131ndan anlat\u0131larak de\u011fi\u015fik boyutlara eri\u015fecek ve b\u00f6ylece ortaya Balthazar (1958), Mountolive (1958) ve Clea (1960) adl\u0131, d\u00f6rtl\u00fcn\u00fcn \u00f6b\u00fcr i\u00e7 kitab\u0131 \u00e7\u0131kacakt\u0131r. <\/p>\n","protected":false},"excerpt":{"rendered":"<p>\u00dcnl\u00fc \u0130ngiliz yazar\u0131 Lawrence Durrell in d\u00f6rt kitab\u0131ndan olu\u015fan \u0130skenderiye D\u00f6rtl\u00fcs\u00fc n\u00fcn ilk kitab\u0131 olan Justine i k\u0131sa bir s\u00fcre \u00f6nce yay\u0131mlam\u0131\u015ft\u0131k. Balthazar , bu d\u00f6rtl\u00fcn\u00fcn<span class=\"excerpt-hellip\"> [\u2026]<\/span><\/p>\n","protected":false},"featured_media":0,"template":"","meta":{"_monsterinsights_skip_tracking":false,"_monsterinsights_sitenote_active":false,"_monsterinsights_sitenote_note":"","_monsterinsights_sitenote_category":0},"product_brand":[],"product_cat":[12291,12866],"product_tag":[],"class_list":{"0":"post-778943","1":"product","2":"type-product","3":"status-publish","5":"product_cat-edebiyat","6":"product_cat-ingiliz-edebiyati","7":"pa_cilt-ciltsiz","8":"pa_tur-kitap","9":"pa_yayinevi-can-yayinlari","10":"pa_yazar-lawrence-durrell","12":"first","13":"instock","14":"sale","15":"shipping-taxable","16":"purchasable","17":"product-type-simple"},"_links":{"self":[{"href":"https:\/\/roveyayinevi.com.tr\/index.php\/wp-json\/wp\/v2\/product\/778943","targetHints":{"allow":["GET"]}}],"collection":[{"href":"https:\/\/roveyayinevi.com.tr\/index.php\/wp-json\/wp\/v2\/product"}],"about":[{"href":"https:\/\/roveyayinevi.com.tr\/index.php\/wp-json\/wp\/v2\/types\/product"}],"wp:attachment":[{"href":"https:\/\/roveyayinevi.com.tr\/index.php\/wp-json\/wp\/v2\/media?parent=778943"}],"wp:term":[{"taxonomy":"product_brand","embeddable":true,"href":"https:\/\/roveyayinevi.com.tr\/index.php\/wp-json\/wp\/v2\/product_brand?post=778943"},{"taxonomy":"product_cat","embeddable":true,"href":"https:\/\/roveyayinevi.com.tr\/index.php\/wp-json\/wp\/v2\/product_cat?post=778943"},{"taxonomy":"product_tag","embeddable":true,"href":"https:\/\/roveyayinevi.com.tr\/index.php\/wp-json\/wp\/v2\/product_tag?post=778943"}],"curies":[{"name":"wp","href":"https:\/\/api.w.org\/{rel}","templated":true}]}}