{"id":778921,"date":"2025-12-30T09:46:38","date_gmt":"2025-12-30T06:46:38","guid":{"rendered":"https:\/\/roveyayinevi.com.tr\/index.php\/urun\/sicak-ulkelerden-donen-vahsi-sakatlar\/"},"modified":"2026-02-03T02:10:48","modified_gmt":"2026-02-02T23:10:48","slug":"sicak-ulkelerden-donen-vahsi-sakatlar","status":"publish","type":"product","link":"https:\/\/roveyayinevi.com.tr\/index.php\/urun\/sicak-ulkelerden-donen-vahsi-sakatlar\/","title":{"rendered":"S\u0131cak \u00dclkelerden D\u00f6nen Vah\u015fi Sakatlar"},"content":{"rendered":"<p>S\u0131cak \u00dclkelerden D\u00f6nen Vah\u015fi Sakatlar, uluslararas\u0131 bir entrikan\u0131n ve G\u00fcney Amerikal\u0131 m\u00fcnzevi bir \u015faman\u0131n lanetine u\u011frayarak tekerlekli sandalyeye mahkum olan h\u0131nz\u0131r bir CIA ajan\u0131n\u0131n \u00f6yk\u00fcs\u00fcd\u00fcr. Bu mahk\u00fbmiyet, ruhani bir y\u00fckseli\u015f potansiyeli de ta\u015f\u0131r. Zira Fatima\u2019n\u0131n \u00fc\u00e7\u00fcnc\u00fc kehanetinin yeniden ke\u015ffinin ve \u015fa\u015f\u0131rt\u0131c\u0131 i\u00e7eri\u011fini if\u015fa etme m\u00fccadelesinin vakayinamesini de tutan roman, ayn\u0131 zamanda ruhani ayd\u0131nlanmaya do\u011fru bir yolculuktur. Vah\u015fi Sakatlar bir yandan da kendisinden on ya\u015f b\u00fcy\u00fck bir rahibeye duydu\u011fu saplant\u0131 k\u00f6sn\u00fcll\u00fckle, lise \u00e7a\u011f\u0131ndaki \u00fcvey k\u0131z karde\u015finin bek\u00e2retini bozmak i\u00e7in duydu\u011fu dayan\u0131lmaz arzu aras\u0131nda gidip gelen bir adam\u0131n portresidir. B\u00fct\u00fcn bunlara \u00e7al\u0131nt\u0131 bir Matisse tablosuyla, s\u00fcrekli yineledi\u011fi mantra\u2019s\u0131 gelecek ku\u015faklar\u0131 ayd\u0131nlatacak bir nitelik ta\u015f\u0131yan bir papa\u011fan\u0131 da eklersek, Tom Robbins\u2019e yak\u0131\u015ft\u0131r\u0131lan s\u00f6z\u00fcn break dans\u00e7\u0131s\u0131 nitelemesini hakl\u0131 \u00e7\u0131karan bir romanla kar\u015f\u0131 kar\u015f\u0131ya oldu\u011funuz anla\u015f\u0131l\u0131r. ,\ufffcTan\u0131t\u0131m Metni<\/p>\n","protected":false},"excerpt":{"rendered":"<p>S\u0131cak \u00dclkelerden D\u00f6nen Vah\u015fi Sakatlar, uluslararas\u0131 bir entrikan\u0131n ve G\u00fcney Amerikal\u0131 m\u00fcnzevi bir \u015faman\u0131n lanetine u\u011frayarak tekerlekli sandalyeye mahkum olan h\u0131nz\u0131r bir CIA ajan\u0131n\u0131n \u00f6yk\u00fcs\u00fcd\u00fcr. Bu<span class=\"excerpt-hellip\"> [\u2026]<\/span><\/p>\n","protected":false},"featured_media":0,"template":"","meta":{"_monsterinsights_skip_tracking":false,"_monsterinsights_sitenote_active":false,"_monsterinsights_sitenote_note":"","_monsterinsights_sitenote_category":0},"product_brand":[],"product_cat":[12891,12291],"product_tag":[],"class_list":{"0":"post-778921","1":"product","2":"type-product","3":"status-publish","5":"product_cat-amerikan-edebiyati","6":"product_cat-edebiyat","7":"pa_cilt-ciltsiz","8":"pa_tur-kitap","9":"pa_yayinevi-ayrinti-yayinlari","10":"pa_yazar-tom-robbins","12":"first","13":"instock","14":"sale","15":"shipping-taxable","16":"purchasable","17":"product-type-simple"},"_links":{"self":[{"href":"https:\/\/roveyayinevi.com.tr\/index.php\/wp-json\/wp\/v2\/product\/778921","targetHints":{"allow":["GET"]}}],"collection":[{"href":"https:\/\/roveyayinevi.com.tr\/index.php\/wp-json\/wp\/v2\/product"}],"about":[{"href":"https:\/\/roveyayinevi.com.tr\/index.php\/wp-json\/wp\/v2\/types\/product"}],"wp:attachment":[{"href":"https:\/\/roveyayinevi.com.tr\/index.php\/wp-json\/wp\/v2\/media?parent=778921"}],"wp:term":[{"taxonomy":"product_brand","embeddable":true,"href":"https:\/\/roveyayinevi.com.tr\/index.php\/wp-json\/wp\/v2\/product_brand?post=778921"},{"taxonomy":"product_cat","embeddable":true,"href":"https:\/\/roveyayinevi.com.tr\/index.php\/wp-json\/wp\/v2\/product_cat?post=778921"},{"taxonomy":"product_tag","embeddable":true,"href":"https:\/\/roveyayinevi.com.tr\/index.php\/wp-json\/wp\/v2\/product_tag?post=778921"}],"curies":[{"name":"wp","href":"https:\/\/api.w.org\/{rel}","templated":true}]}}