{"id":778893,"date":"2025-12-30T09:40:51","date_gmt":"2025-12-30T06:40:51","guid":{"rendered":"https:\/\/roveyayinevi.com.tr\/index.php\/urun\/burasi-ankara\/"},"modified":"2026-04-16T02:02:32","modified_gmt":"2026-04-15T23:02:32","slug":"burasi-ankara","status":"publish","type":"product","link":"https:\/\/roveyayinevi.com.tr\/index.php\/urun\/burasi-ankara\/","title":{"rendered":"Buras\u0131 Ankara"},"content":{"rendered":"<p>\u201cAnkara\u2019n\u0131n en iyi taraf\u0131 \u0130stanbul\u2019dan d\u00f6nmesidir\u201d diyor Kurthan Hoca\u2026 Yahya Kemal\u2019i ters k\u00f6\u015feye yat\u0131r\u0131yor. \u0130stanbullular i\u00e7in yanl\u0131\u015f kurulmu\u015f bir c\u00fcmle; Ankaral\u0131lar i\u00e7in manifesto\u2026 Kurthan Fi\u015fek, M\u00fclkiye\u2019den hocam\u2026 Ama daha \u00e7ok Geli\u015fim Yay\u0131nlar\u0131\u2019ndan kalemine, zek\u00e2s\u0131na, espri yetene\u011fine hayranl\u0131k duydu\u011fum mesai \u201carkada\u015f\u0131m\u201d\u2026 Bu kitapla bamba\u015fka \u00f6zelliklerini ke\u015ffettim\u2026 Hat\u0131ralar\u0131n\u0131 yazsa T\u00fcrkiye Tarihi diye okutulurdu\u2026 Ama bu kitapta bir \u00f6zelli\u011fi, hepsinin \u00fczerine \u00e7\u0131k\u0131yor: O, 70 y\u0131ll\u0131k, do\u011fma b\u00fcy\u00fcme Ankaral\u0131\u2026 \u201cG\u00f6z\u00fcn\u00fc, siluetini sevdi\u011fim Ankara\u201d diyecek kadar, her semtin, her kav\u015fa\u011f\u0131n hik\u00e2yesini an\u0131lar\u0131yla s\u00fcsleyecek kadar Ankaral\u0131\u2026 Ne mutlu Kurthan Hoca\u2019ya ki Ankara\u2019n\u0131n her kar\u0131\u015f topra\u011f\u0131nda bir izi, bir hat\u0131ras\u0131 var. Ne mutlu Ankara\u2019ya ki Kurthan Hoca gibi her kar\u0131\u015f topra\u011f\u0131n\u0131n tarihini yazan bir evlad\u0131 var.                                                                                                                                                                                                                  Can D\u00fcndar <\/p>\n","protected":false},"excerpt":{"rendered":"<p>\u201cAnkara\u2019n\u0131n en iyi taraf\u0131 \u0130stanbul\u2019dan d\u00f6nmesidir\u201d diyor Kurthan Hoca\u2026 Yahya Kemal\u2019i ters k\u00f6\u015feye yat\u0131r\u0131yor. \u0130stanbullular i\u00e7in yanl\u0131\u015f kurulmu\u015f bir c\u00fcmle; Ankaral\u0131lar i\u00e7in manifesto\u2026 Kurthan Fi\u015fek, M\u00fclkiye\u2019den<span class=\"excerpt-hellip\"> [\u2026]<\/span><\/p>\n","protected":false},"featured_media":0,"template":"","meta":{"_monsterinsights_skip_tracking":false,"_monsterinsights_sitenote_active":false,"_monsterinsights_sitenote_note":"","_monsterinsights_sitenote_category":0},"product_brand":[],"product_cat":[13701,12291],"product_tag":[],"class_list":{"0":"post-778893","1":"product","2":"type-product","3":"status-publish","5":"product_cat-ani-mektup-gunluk","6":"product_cat-edebiyat","7":"pa_cilt-ciltsiz","8":"pa_tur-kitap","9":"pa_yayinevi-phoenix-yayinevi","10":"pa_yazar-kurthan-fisek","12":"first","13":"instock","14":"sale","15":"shipping-taxable","16":"purchasable","17":"product-type-simple"},"_links":{"self":[{"href":"https:\/\/roveyayinevi.com.tr\/index.php\/wp-json\/wp\/v2\/product\/778893","targetHints":{"allow":["GET"]}}],"collection":[{"href":"https:\/\/roveyayinevi.com.tr\/index.php\/wp-json\/wp\/v2\/product"}],"about":[{"href":"https:\/\/roveyayinevi.com.tr\/index.php\/wp-json\/wp\/v2\/types\/product"}],"wp:attachment":[{"href":"https:\/\/roveyayinevi.com.tr\/index.php\/wp-json\/wp\/v2\/media?parent=778893"}],"wp:term":[{"taxonomy":"product_brand","embeddable":true,"href":"https:\/\/roveyayinevi.com.tr\/index.php\/wp-json\/wp\/v2\/product_brand?post=778893"},{"taxonomy":"product_cat","embeddable":true,"href":"https:\/\/roveyayinevi.com.tr\/index.php\/wp-json\/wp\/v2\/product_cat?post=778893"},{"taxonomy":"product_tag","embeddable":true,"href":"https:\/\/roveyayinevi.com.tr\/index.php\/wp-json\/wp\/v2\/product_tag?post=778893"}],"curies":[{"name":"wp","href":"https:\/\/api.w.org\/{rel}","templated":true}]}}