{"id":778877,"date":"2025-12-30T09:36:59","date_gmt":"2025-12-30T06:36:59","guid":{"rendered":"https:\/\/roveyayinevi.com.tr\/index.php\/urun\/din-ve-egitim\/"},"modified":"2026-04-16T01:59:55","modified_gmt":"2026-04-15T22:59:55","slug":"din-ve-egitim","status":"publish","type":"product","link":"https:\/\/roveyayinevi.com.tr\/index.php\/urun\/din-ve-egitim\/","title":{"rendered":"Din ve E\u011fitim"},"content":{"rendered":"<p>Din ve E\u011fitim adl\u0131 kitap; T\u00fcrkiye\u2019de \u00f6nemli meselelerin g\u00fcndemde oldu\u011fu bir d\u00f6nemde yay\u0131nlanmaktad\u0131r. \u00c7\u00fcnk\u00fc bir tarafta \u00fclkenin birli\u011fine y\u00f6nelik sald\u0131r\u0131lar ve ter\u00f6r olaylar\u0131, di\u011fer tarafta   ikincilik tutumlar   \u2018ve endi\u015fe veren geli\u015fmeler ya\u015fanmaktad\u0131r. <\/p>\n","protected":false},"excerpt":{"rendered":"<p>Din ve E\u011fitim adl\u0131 kitap; T\u00fcrkiye\u2019de \u00f6nemli meselelerin g\u00fcndemde oldu\u011fu bir d\u00f6nemde yay\u0131nlanmaktad\u0131r. \u00c7\u00fcnk\u00fc bir tarafta \u00fclkenin birli\u011fine y\u00f6nelik sald\u0131r\u0131lar ve ter\u00f6r olaylar\u0131, di\u011fer tarafta ikincilik<span class=\"excerpt-hellip\"> [\u2026]<\/span><\/p>\n","protected":false},"featured_media":0,"template":"","meta":{"_monsterinsights_skip_tracking":false,"_monsterinsights_sitenote_active":false,"_monsterinsights_sitenote_note":"","_monsterinsights_sitenote_category":0},"product_brand":[],"product_cat":[12718,12719,22508],"product_tag":[],"class_list":{"0":"post-778877","1":"product","2":"type-product","3":"status-publish","5":"product_cat-din","6":"product_cat-islam","7":"product_cat-islam-egitimi","8":"pa_tur-kitap","9":"pa_yayinevi-berikan-yayinlari","10":"pa_yazar-abdurrahman-kucuk","12":"first","13":"instock","14":"sale","15":"shipping-taxable","16":"purchasable","17":"product-type-simple"},"_links":{"self":[{"href":"https:\/\/roveyayinevi.com.tr\/index.php\/wp-json\/wp\/v2\/product\/778877","targetHints":{"allow":["GET"]}}],"collection":[{"href":"https:\/\/roveyayinevi.com.tr\/index.php\/wp-json\/wp\/v2\/product"}],"about":[{"href":"https:\/\/roveyayinevi.com.tr\/index.php\/wp-json\/wp\/v2\/types\/product"}],"wp:attachment":[{"href":"https:\/\/roveyayinevi.com.tr\/index.php\/wp-json\/wp\/v2\/media?parent=778877"}],"wp:term":[{"taxonomy":"product_brand","embeddable":true,"href":"https:\/\/roveyayinevi.com.tr\/index.php\/wp-json\/wp\/v2\/product_brand?post=778877"},{"taxonomy":"product_cat","embeddable":true,"href":"https:\/\/roveyayinevi.com.tr\/index.php\/wp-json\/wp\/v2\/product_cat?post=778877"},{"taxonomy":"product_tag","embeddable":true,"href":"https:\/\/roveyayinevi.com.tr\/index.php\/wp-json\/wp\/v2\/product_tag?post=778877"}],"curies":[{"name":"wp","href":"https:\/\/api.w.org\/{rel}","templated":true}]}}