{"id":778865,"date":"2025-12-30T09:34:23","date_gmt":"2025-12-30T06:34:23","guid":{"rendered":"https:\/\/roveyayinevi.com.tr\/index.php\/urun\/yonetim-teknikleri\/"},"modified":"2026-04-16T01:58:45","modified_gmt":"2026-04-15T22:58:45","slug":"yonetim-teknikleri","status":"publish","type":"product","link":"https:\/\/roveyayinevi.com.tr\/index.php\/urun\/yonetim-teknikleri\/","title":{"rendered":"Y\u00f6netim Teknikleri"},"content":{"rendered":"<p>\u201cDe\u011ferli dostlar\u0131m; bu kitab\u0131 kaleme al\u0131rken maksad\u0131m hayat\u0131m\u0131n bir tarih\u00e7esini yazmak de\u011fil. Ana hedefim, \u00f6zellikle gen\u00e7 arkada\u015flar\u0131m\u0131 ders almaya \u00e7al\u0131\u015ft\u0131\u011f\u0131m ge\u00e7mi\u015f deneyimlerimden yararland\u0131rmakt\u0131r.\u201d <\/p>\n","protected":false},"excerpt":{"rendered":"<p>\u201cDe\u011ferli dostlar\u0131m; bu kitab\u0131 kaleme al\u0131rken maksad\u0131m hayat\u0131m\u0131n bir tarih\u00e7esini yazmak de\u011fil. Ana hedefim, \u00f6zellikle gen\u00e7 arkada\u015flar\u0131m\u0131 ders almaya \u00e7al\u0131\u015ft\u0131\u011f\u0131m ge\u00e7mi\u015f deneyimlerimden yararland\u0131rmakt\u0131r.\u201d<\/p>\n","protected":false},"featured_media":0,"template":"","meta":{"_monsterinsights_skip_tracking":false,"_monsterinsights_sitenote_active":false,"_monsterinsights_sitenote_note":"","_monsterinsights_sitenote_category":0},"product_brand":[],"product_cat":[13043,14754],"product_tag":[],"class_list":{"0":"post-778865","1":"product","2":"type-product","3":"status-publish","5":"product_cat-ekonomi","6":"product_cat-halkla-iliskiler-insan-kaynaklari","7":"pa_tur-kitap","8":"pa_yayinevi-hayat-yayinlari","9":"pa_yazar-uzeyir-garih","11":"first","12":"instock","13":"sale","14":"shipping-taxable","15":"purchasable","16":"product-type-simple"},"_links":{"self":[{"href":"https:\/\/roveyayinevi.com.tr\/index.php\/wp-json\/wp\/v2\/product\/778865","targetHints":{"allow":["GET"]}}],"collection":[{"href":"https:\/\/roveyayinevi.com.tr\/index.php\/wp-json\/wp\/v2\/product"}],"about":[{"href":"https:\/\/roveyayinevi.com.tr\/index.php\/wp-json\/wp\/v2\/types\/product"}],"wp:attachment":[{"href":"https:\/\/roveyayinevi.com.tr\/index.php\/wp-json\/wp\/v2\/media?parent=778865"}],"wp:term":[{"taxonomy":"product_brand","embeddable":true,"href":"https:\/\/roveyayinevi.com.tr\/index.php\/wp-json\/wp\/v2\/product_brand?post=778865"},{"taxonomy":"product_cat","embeddable":true,"href":"https:\/\/roveyayinevi.com.tr\/index.php\/wp-json\/wp\/v2\/product_cat?post=778865"},{"taxonomy":"product_tag","embeddable":true,"href":"https:\/\/roveyayinevi.com.tr\/index.php\/wp-json\/wp\/v2\/product_tag?post=778865"}],"curies":[{"name":"wp","href":"https:\/\/api.w.org\/{rel}","templated":true}]}}