{"id":778846,"date":"2025-11-22T04:31:58","date_gmt":"2025-11-22T01:31:58","guid":{"rendered":"https:\/\/roveyayinevi.com.tr\/index.php\/urun\/sultan-dorduncu-mehmed-han\/"},"modified":"2026-04-16T02:20:58","modified_gmt":"2026-04-15T23:20:58","slug":"sultan-dorduncu-mehmed-han","status":"publish","type":"product","link":"https:\/\/roveyayinevi.com.tr\/index.php\/urun\/sultan-dorduncu-mehmed-han\/","title":{"rendered":"Sultan D\u00f6rd\u00fcnc\u00fc Mehmed Han"},"content":{"rendered":"<p>Sultan \u0130kinci Ahmed Han yirmi birinci Osmanl\u0131 sultan\u0131 ve seksen be\u015finci \u0130slam halifesidir. \u015eehzadeli\u011fi s\u0131ras\u0131nda sa\u011flam bir tahsil g\u00f6ren Sultan \u0130kinci Ahmed Han \u00e2dil bir padi\u015fah olarak ya\u015fam\u0131\u015f, milletini memnun etmek i\u00e7in elinden gelen her \u015feyi yapmaya \u00e7al\u0131\u015fm\u0131\u015ft\u0131r. <\/p>\n","protected":false},"excerpt":{"rendered":"<p>Sultan \u0130kinci Ahmed Han yirmi birinci Osmanl\u0131 sultan\u0131 ve seksen be\u015finci \u0130slam halifesidir. \u015eehzadeli\u011fi s\u0131ras\u0131nda sa\u011flam bir tahsil g\u00f6ren Sultan \u0130kinci Ahmed Han \u00e2dil bir padi\u015fah<span class=\"excerpt-hellip\"> [\u2026]<\/span><\/p>\n","protected":false},"featured_media":0,"template":"","meta":{"_monsterinsights_skip_tracking":false,"_monsterinsights_sitenote_active":false,"_monsterinsights_sitenote_note":"","_monsterinsights_sitenote_category":0},"product_brand":[],"product_cat":[12689,12274],"product_tag":[],"class_list":{"0":"post-778846","1":"product","2":"type-product","3":"status-publish","5":"product_cat-cizgi-roman-cocuk-ve-genclik-kitaplari","6":"product_cat-cocuk-ve-genclik-kitaplari","7":"pa_cilt-ciltsiz","8":"pa_tur-kitap","9":"pa_yayinevi-camlica-basim-yayin","10":"pa_yazar-ozcan-f-kocoglu","12":"first","13":"instock","14":"sale","15":"shipping-taxable","16":"purchasable","17":"product-type-simple"},"_links":{"self":[{"href":"https:\/\/roveyayinevi.com.tr\/index.php\/wp-json\/wp\/v2\/product\/778846","targetHints":{"allow":["GET"]}}],"collection":[{"href":"https:\/\/roveyayinevi.com.tr\/index.php\/wp-json\/wp\/v2\/product"}],"about":[{"href":"https:\/\/roveyayinevi.com.tr\/index.php\/wp-json\/wp\/v2\/types\/product"}],"wp:attachment":[{"href":"https:\/\/roveyayinevi.com.tr\/index.php\/wp-json\/wp\/v2\/media?parent=778846"}],"wp:term":[{"taxonomy":"product_brand","embeddable":true,"href":"https:\/\/roveyayinevi.com.tr\/index.php\/wp-json\/wp\/v2\/product_brand?post=778846"},{"taxonomy":"product_cat","embeddable":true,"href":"https:\/\/roveyayinevi.com.tr\/index.php\/wp-json\/wp\/v2\/product_cat?post=778846"},{"taxonomy":"product_tag","embeddable":true,"href":"https:\/\/roveyayinevi.com.tr\/index.php\/wp-json\/wp\/v2\/product_tag?post=778846"}],"curies":[{"name":"wp","href":"https:\/\/api.w.org\/{rel}","templated":true}]}}