{"id":778828,"date":"2025-11-21T12:16:41","date_gmt":"2025-11-21T09:16:41","guid":{"rendered":"https:\/\/roveyayinevi.com.tr\/index.php\/urun\/bizim-hikayemiz-insan-evrimine-yeni-bir-bakis\/"},"modified":"2026-04-15T03:44:09","modified_gmt":"2026-04-15T00:44:09","slug":"bizim-hikayemiz-insan-evrimine-yeni-bir-bakis","status":"publish","type":"product","link":"https:\/\/roveyayinevi.com.tr\/index.php\/urun\/bizim-hikayemiz-insan-evrimine-yeni-bir-bakis\/","title":{"rendered":"Bizim Hikayemiz \u2013 \u0130nsan Evrimine Yeni Bir Bak\u0131\u015f"},"content":{"rendered":"<p>Atalar\u0131m\u0131z\u0131n neye benzedi\u011fi ve hayatlar\u0131n\u0131 nas\u0131l ya\u015fad\u0131klar\u0131yla ilgili daha ayr\u0131nt\u0131l\u0131, daha cesur ve daha zengin bir hik\u00e2ye anlatmak art\u0131k m\u00fcmk\u00fcn.Atalar\u0131m\u0131z, zorluklar\u0131 bir kolektifin veya ekibin par\u00e7as\u0131 olarak ele ald\u0131lar. Birbirine ba\u011fl\u0131 d\u00fcnyam\u0131z ve payla\u015ft\u0131\u011f\u0131m\u0131z sorunlar, bizi t\u00fcm insanlar\u0131 ayn\u0131 ekibin par\u00e7as\u0131 olarak g\u00f6rmeye te\u015fvik ediyor. Belki de en b\u00fcy\u00fck zorluk, insan toplulu\u011fundaki herkesin, maceral\u0131 bir ya\u015fam\u0131n sundu\u011fu f\u0131rsatlar\u0131, sorumluluklar\u0131 ve \u00f6d\u00fclleri payla\u015facak ve bunlar\u0131 ger\u00e7e\u011fe d\u00f6n\u00fc\u015ft\u00fcrecek sosyal ara\u00e7lar\u0131 geli\u015ftirmesidir.\u0130nsanl\u0131\u011f\u0131n hik\u00e2yesi yaln\u0131zca ge\u00e7mi\u015fi de\u011fil, bug\u00fcn\u00fcm\u00fcz\u00fc ve yar\u0131n\u0131m\u0131z\u0131 da anlat\u0131r. Bizim Hik\u00e2yemiz, insan evrimini al\u0131\u015f\u0131ld\u0131k bi\u00e7imde, sadece fosillerin ve genlerin diliyle de\u011fil, k\u00fclt\u00fcr\u00fcn, i\u015fbirli\u011finin ve hayal g\u00fcc\u00fcn\u00fcn ekseninde anlat\u0131yor. Lesley Newson ve Peter J. Richerson, milyonlarca y\u0131l \u00f6nce atalar\u0131m\u0131z\u0131n att\u0131\u011f\u0131 k\u00fc\u00e7\u00fck ad\u0131mlar\u0131n, bug\u00fcnk\u00fc de\u011ferlerimizi, topluluklar\u0131m\u0131z\u0131 ve al\u0131\u015fkanl\u0131klar\u0131m\u0131z\u0131 nas\u0131l \u015fekillendirdi\u011fini g\u00f6zler \u00f6n\u00fcne seriyor.Kitap, ma\u011fara duvarlar\u0131n\u0131 sosyal a\u011flara ba\u011fl\u0131yor, \u015fempanzelerden avc\u0131-toplay\u0131c\u0131lara uzan\u0131yor, modern d\u00fcnyayla k\u00f6pr\u00fc kurarak insanl\u0131\u011f\u0131n b\u00fcy\u00fck yolculu\u011funun ad\u0131m ad\u0131m izini s\u00fcr\u00fcyor. Toplumlar\u0131n ortak miras\u0131yla modern g\u00fcndelik hayat aras\u0131ndaki \u015fa\u015f\u0131rt\u0131c\u0131 ba\u011flant\u0131lara \u0131\u015f\u0131k tutmay\u0131 da ihmal etmiyor.Biliminsanlar\u0131ndan merakl\u0131 okurlara kadar herkese seslenen Bizim Hik\u00e2yemiz, insan olman\u0131n k\u00f6kenlerini ke\u015ffetmek isteyenlere unutulmaz bir okuma deneyimi sunuyor.<\/p>\n","protected":false},"excerpt":{"rendered":"<p>Atalar\u0131m\u0131z\u0131n neye benzedi\u011fi ve hayatlar\u0131n\u0131 nas\u0131l ya\u015fad\u0131klar\u0131yla ilgili daha ayr\u0131nt\u0131l\u0131, daha cesur ve daha zengin bir hik\u00e2ye anlatmak art\u0131k m\u00fcmk\u00fcn.Atalar\u0131m\u0131z, zorluklar\u0131 bir kolektifin veya ekibin par\u00e7as\u0131<span class=\"excerpt-hellip\"> [\u2026]<\/span><\/p>\n","protected":false},"featured_media":0,"template":"","meta":{"_monsterinsights_skip_tracking":false,"_monsterinsights_sitenote_active":false,"_monsterinsights_sitenote_note":"","_monsterinsights_sitenote_category":0},"product_brand":[],"product_cat":[13072,12291],"product_tag":[],"class_list":{"0":"post-778828","1":"product","2":"type-product","3":"status-publish","5":"product_cat-arastirma-inceleme-referans","6":"product_cat-edebiyat","7":"pa_cilt-ciltsiz","8":"pa_tur-kitap","9":"pa_yayinevi-minotor-kitap","10":"pa_yazar-lesley-newson-peter-j-richerson","12":"first","13":"instock","14":"sale","15":"shipping-taxable","16":"purchasable","17":"product-type-simple"},"_links":{"self":[{"href":"https:\/\/roveyayinevi.com.tr\/index.php\/wp-json\/wp\/v2\/product\/778828","targetHints":{"allow":["GET"]}}],"collection":[{"href":"https:\/\/roveyayinevi.com.tr\/index.php\/wp-json\/wp\/v2\/product"}],"about":[{"href":"https:\/\/roveyayinevi.com.tr\/index.php\/wp-json\/wp\/v2\/types\/product"}],"wp:attachment":[{"href":"https:\/\/roveyayinevi.com.tr\/index.php\/wp-json\/wp\/v2\/media?parent=778828"}],"wp:term":[{"taxonomy":"product_brand","embeddable":true,"href":"https:\/\/roveyayinevi.com.tr\/index.php\/wp-json\/wp\/v2\/product_brand?post=778828"},{"taxonomy":"product_cat","embeddable":true,"href":"https:\/\/roveyayinevi.com.tr\/index.php\/wp-json\/wp\/v2\/product_cat?post=778828"},{"taxonomy":"product_tag","embeddable":true,"href":"https:\/\/roveyayinevi.com.tr\/index.php\/wp-json\/wp\/v2\/product_tag?post=778828"}],"curies":[{"name":"wp","href":"https:\/\/api.w.org\/{rel}","templated":true}]}}