{"id":778820,"date":"2025-11-21T12:15:45","date_gmt":"2025-11-21T09:15:45","guid":{"rendered":"https:\/\/roveyayinevi.com.tr\/index.php\/urun\/ciplak-kalabiliriz\/"},"modified":"2026-04-15T03:43:49","modified_gmt":"2026-04-15T00:43:49","slug":"ciplak-kalabiliriz","status":"publish","type":"product","link":"https:\/\/roveyayinevi.com.tr\/index.php\/urun\/ciplak-kalabiliriz\/","title":{"rendered":"\u00c7\u0131plak Kalabiliriz"},"content":{"rendered":"<p>\u201cPencereler a\u00e7\u0131k. Yapraklar h\u0131\u015f\u0131rd\u0131yor. C\u0131rc\u0131r b\u00f6cekleri hi\u00e7 susmuyor. Duvarlarda \u0131\u015f\u0131k \u00e7isentileri. Buras\u0131 neresi, bilmiyorum. Buraya nas\u0131l geldi\u011fimi de. Ta\u015f, toprak, a\u011fa\u00e7. F\u0131s\u0131lt\u0131lar. \u0130nce, serin, sakin.\u201d Melike Ko\u00e7ak, bazen bir g\u00f6lgeye bazen sessizli\u011fe d\u00f6n\u00fc\u015fen hik\u00e2yeler anlat\u0131yor. G\u00f6r\u00fcnenin, a\u015fik\u00e2r olan\u0131n yerine sezilenin pe\u015fine d\u00fc\u015f\u00fcyor. Ba\u015fa ve sona hapsolmak yerine, bo\u015flu\u011fun belirsizli\u011finde sal\u0131n\u0131yor. \u00d6yk\u00fclerinin g\u00fcc\u00fc de buradan geliyor; okurunu metnin i\u00e7ine kat\u0131yor, sisi aralamak i\u00e7in \u00e7abalamas\u0131n\u0131 istiyor. \u00c7\u0131plak Kalabiliriz, \u00e7a\u011f\u0131m\u0131za, \u00e7a\u011f\u0131m\u0131z\u0131n hayat\u0131 vasatla\u015ft\u0131ran kabullerine itirazlardan olu\u015fan bir ses.<\/p>\n","protected":false},"excerpt":{"rendered":"<p>\u201cPencereler a\u00e7\u0131k. Yapraklar h\u0131\u015f\u0131rd\u0131yor. C\u0131rc\u0131r b\u00f6cekleri hi\u00e7 susmuyor. Duvarlarda \u0131\u015f\u0131k \u00e7isentileri. Buras\u0131 neresi, bilmiyorum. Buraya nas\u0131l geldi\u011fimi de. Ta\u015f, toprak, a\u011fa\u00e7. F\u0131s\u0131lt\u0131lar. \u0130nce, serin, sakin.\u201d Melike<span class=\"excerpt-hellip\"> [\u2026]<\/span><\/p>\n","protected":false},"featured_media":0,"template":"","meta":{"_monsterinsights_skip_tracking":false,"_monsterinsights_sitenote_active":false,"_monsterinsights_sitenote_note":"","_monsterinsights_sitenote_category":0},"product_brand":[],"product_cat":[12291,18202],"product_tag":[],"class_list":{"0":"post-778820","1":"product","2":"type-product","3":"status-publish","5":"product_cat-edebiyat","6":"product_cat-hikaye","7":"pa_cilt-ciltsiz","8":"pa_tur-kitap","9":"pa_yayinevi-iletisim-yayinlari","10":"pa_yazar-melike-kocak","12":"first","13":"instock","14":"sale","15":"shipping-taxable","16":"purchasable","17":"product-type-simple"},"_links":{"self":[{"href":"https:\/\/roveyayinevi.com.tr\/index.php\/wp-json\/wp\/v2\/product\/778820","targetHints":{"allow":["GET"]}}],"collection":[{"href":"https:\/\/roveyayinevi.com.tr\/index.php\/wp-json\/wp\/v2\/product"}],"about":[{"href":"https:\/\/roveyayinevi.com.tr\/index.php\/wp-json\/wp\/v2\/types\/product"}],"wp:attachment":[{"href":"https:\/\/roveyayinevi.com.tr\/index.php\/wp-json\/wp\/v2\/media?parent=778820"}],"wp:term":[{"taxonomy":"product_brand","embeddable":true,"href":"https:\/\/roveyayinevi.com.tr\/index.php\/wp-json\/wp\/v2\/product_brand?post=778820"},{"taxonomy":"product_cat","embeddable":true,"href":"https:\/\/roveyayinevi.com.tr\/index.php\/wp-json\/wp\/v2\/product_cat?post=778820"},{"taxonomy":"product_tag","embeddable":true,"href":"https:\/\/roveyayinevi.com.tr\/index.php\/wp-json\/wp\/v2\/product_tag?post=778820"}],"curies":[{"name":"wp","href":"https:\/\/api.w.org\/{rel}","templated":true}]}}