{"id":778819,"date":"2025-11-21T12:15:41","date_gmt":"2025-11-21T09:15:41","guid":{"rendered":"https:\/\/roveyayinevi.com.tr\/index.php\/urun\/ay-batarken\/"},"modified":"2026-04-15T03:43:49","modified_gmt":"2026-04-15T00:43:49","slug":"ay-batarken","status":"publish","type":"product","link":"https:\/\/roveyayinevi.com.tr\/index.php\/urun\/ay-batarken\/","title":{"rendered":"Ay Batarken"},"content":{"rendered":"<p>Nobel Ebebiyat \u00d6d\u00fcl\u00fc sahibi Steinbeck\u2019ten \u0130kinci D\u00fcnya Sava\u015f\u0131\u2019n\u0131n g\u00f6lgesinde bir direni\u015f ve umut roman\u0131. K\u00fc\u00e7\u00fck ve bar\u0131\u015f\u00e7\u0131l bir Avrupa kasabas\u0131 d\u00fc\u015fman birlikleri taraf\u0131ndan ans\u0131z\u0131n ve \u015fa\u015f\u0131rt\u0131c\u0131 bir kolayl\u0131kla i\u015fgal edilir. \u00d6zg\u00fcrl\u00fc\u011f\u00fcne d\u00fc\u015fk\u00fcn kasaba sakinleri ise boyun e\u011fmemeye kararl\u0131d\u0131rlar. Nazi i\u015fgali alt\u0131ndaki Avrupa\u2019ya bir direni\u015f ve umut mesaj\u0131 olarak yaz\u0131lan ve ilk kez 1942\u2019de yay\u0131mlanan romanda a\u00e7\u0131k\u00e7a ifade edilmese de d\u00fc\u015fman birliklerinin Nazileri temsil etti\u011fi d\u00fc\u015f\u00fcn\u00fcl\u00fcr. Frans\u0131zca, Norve\u00e7\u00e7e, Felemenk\u00e7e, \u0130sve\u00e7\u00e7e, Almanca, \u0130talyanca ve Rus\u00e7a gibi dillere \u00e7evrilip i\u015fgal alt\u0131ndaki \u00fclkelere da\u011f\u0131t\u0131lan kitap, y\u00fcz binlerce okura ula\u015f\u0131r ve Nazilere kar\u015f\u0131 bir propaganda arac\u0131na d\u00f6n\u00fc\u015f\u00fcr. \u201cSava\u015f ba\u015flad\u0131 ve ben demokrasinin kal\u0131c\u0131l\u0131\u011f\u0131na bir \u00f6vg\u00fc olarak Ay Batarken\u2019i yazd\u0131m.\u201d JOHN STEINBECK \u201cB\u00fct\u00fcn b\u00fcy\u00fck sanat\u00e7\u0131lar gibi Steinbeck de insanl\u0131k haliyle me\u015fgul olmu\u015ftur\u2026 muazzam duyarl\u0131l\u0131\u011fa sahip bir yazar.\u201d SAN FRANCISCO CHRONICLE<\/p>\n","protected":false},"excerpt":{"rendered":"<p>Nobel Ebebiyat \u00d6d\u00fcl\u00fc sahibi Steinbeck\u2019ten \u0130kinci D\u00fcnya Sava\u015f\u0131\u2019n\u0131n g\u00f6lgesinde bir direni\u015f ve umut roman\u0131. K\u00fc\u00e7\u00fck ve bar\u0131\u015f\u00e7\u0131l bir Avrupa kasabas\u0131 d\u00fc\u015fman birlikleri taraf\u0131ndan ans\u0131z\u0131n ve \u015fa\u015f\u0131rt\u0131c\u0131<span class=\"excerpt-hellip\"> [\u2026]<\/span><\/p>\n","protected":false},"featured_media":0,"template":"","meta":{"_monsterinsights_skip_tracking":false,"_monsterinsights_sitenote_active":false,"_monsterinsights_sitenote_note":"","_monsterinsights_sitenote_category":0},"product_brand":[],"product_cat":[12291,12711],"product_tag":[],"class_list":{"0":"post-778819","1":"product","2":"type-product","3":"status-publish","5":"product_cat-edebiyat","6":"product_cat-roman-oyku","7":"pa_cilt-ciltsiz","8":"pa_tur-kitap","9":"pa_yayinevi-iletisim-yayinlari","10":"pa_yazar-john-steinbeck","12":"first","13":"instock","14":"sale","15":"shipping-taxable","16":"purchasable","17":"product-type-simple"},"_links":{"self":[{"href":"https:\/\/roveyayinevi.com.tr\/index.php\/wp-json\/wp\/v2\/product\/778819","targetHints":{"allow":["GET"]}}],"collection":[{"href":"https:\/\/roveyayinevi.com.tr\/index.php\/wp-json\/wp\/v2\/product"}],"about":[{"href":"https:\/\/roveyayinevi.com.tr\/index.php\/wp-json\/wp\/v2\/types\/product"}],"wp:attachment":[{"href":"https:\/\/roveyayinevi.com.tr\/index.php\/wp-json\/wp\/v2\/media?parent=778819"}],"wp:term":[{"taxonomy":"product_brand","embeddable":true,"href":"https:\/\/roveyayinevi.com.tr\/index.php\/wp-json\/wp\/v2\/product_brand?post=778819"},{"taxonomy":"product_cat","embeddable":true,"href":"https:\/\/roveyayinevi.com.tr\/index.php\/wp-json\/wp\/v2\/product_cat?post=778819"},{"taxonomy":"product_tag","embeddable":true,"href":"https:\/\/roveyayinevi.com.tr\/index.php\/wp-json\/wp\/v2\/product_tag?post=778819"}],"curies":[{"name":"wp","href":"https:\/\/api.w.org\/{rel}","templated":true}]}}