{"id":778814,"date":"2025-11-21T12:13:38","date_gmt":"2025-11-21T09:13:38","guid":{"rendered":"https:\/\/roveyayinevi.com.tr\/index.php\/urun\/aklin-bilinmeyene-yolculugu\/"},"modified":"2026-04-15T03:43:38","modified_gmt":"2026-04-15T00:43:38","slug":"aklin-bilinmeyene-yolculugu","status":"publish","type":"product","link":"https:\/\/roveyayinevi.com.tr\/index.php\/urun\/aklin-bilinmeyene-yolculugu\/","title":{"rendered":"Akl\u0131n Bilinmeyene Yolculu\u011fu"},"content":{"rendered":"<p>\u0130nsanlar evrende bedenleri ile gidemedikleri yerlere zihinleri ile gittiler. Duyular\u0131 ile alamad\u0131klar\u0131 sinyalleri beyinlerinin yaratt\u0131\u011f\u0131 ara\u00e7larla elde ettiler. Ve bize inan\u0131lmaz b\u00fcy\u00fckl\u00fckteki evreni g\u00f6sterdiler. Bizler, hen\u00fcz \u00e7\u00f6z\u00fclememi\u015f s\u0131rlarla dolu bir evrende ya\u015f\u0131yoruz. Bu eserde evreni anlamak ve sorular\u0131m\u0131za yan\u0131tlar bulmak amac\u0131yla, her ad\u0131mda ba\u015fka soru ve yan\u0131tlarla kar\u015f\u0131la\u015fmay\u0131 g\u00f6ze alarak, zamanda geriye ve ileriye do\u011fru bir yolculu\u011fa \u00e7\u0131k\u0131yoruz. Akl\u0131n Bilinmeyene Yolculu\u011fu ile ak\u0131c\u0131, ak\u0131lc\u0131 ve sorgulay\u0131c\u0131 bir bak\u0131\u015f a\u00e7\u0131s\u0131 ile sadece ya\u015fad\u0131\u011f\u0131m\u0131z evreni de\u011fil modern bilim konular\u0131n\u0131 da mercek alt\u0131na al\u0131yoruz. <\/p>\n","protected":false},"excerpt":{"rendered":"<p>\u0130nsanlar evrende bedenleri ile gidemedikleri yerlere zihinleri ile gittiler. Duyular\u0131 ile alamad\u0131klar\u0131 sinyalleri beyinlerinin yaratt\u0131\u011f\u0131 ara\u00e7larla elde ettiler. Ve bize inan\u0131lmaz b\u00fcy\u00fckl\u00fckteki evreni g\u00f6sterdiler. Bizler, hen\u00fcz<span class=\"excerpt-hellip\"> [\u2026]<\/span><\/p>\n","protected":false},"featured_media":0,"template":"","meta":{"_monsterinsights_skip_tracking":false,"_monsterinsights_sitenote_active":false,"_monsterinsights_sitenote_note":"","_monsterinsights_sitenote_category":0},"product_brand":[],"product_cat":[13005],"product_tag":[],"class_list":{"0":"post-778814","1":"product","2":"type-product","3":"status-publish","5":"product_cat-bilim-muhendislik","6":"pa_cilt-ciltsiz","7":"pa_tur-kitap","8":"pa_yayinevi-ideal-kultur-yayincilik","9":"pa_yazar-gunec-kiyak","11":"first","12":"instock","13":"sale","14":"shipping-taxable","15":"purchasable","16":"product-type-simple"},"_links":{"self":[{"href":"https:\/\/roveyayinevi.com.tr\/index.php\/wp-json\/wp\/v2\/product\/778814","targetHints":{"allow":["GET"]}}],"collection":[{"href":"https:\/\/roveyayinevi.com.tr\/index.php\/wp-json\/wp\/v2\/product"}],"about":[{"href":"https:\/\/roveyayinevi.com.tr\/index.php\/wp-json\/wp\/v2\/types\/product"}],"wp:attachment":[{"href":"https:\/\/roveyayinevi.com.tr\/index.php\/wp-json\/wp\/v2\/media?parent=778814"}],"wp:term":[{"taxonomy":"product_brand","embeddable":true,"href":"https:\/\/roveyayinevi.com.tr\/index.php\/wp-json\/wp\/v2\/product_brand?post=778814"},{"taxonomy":"product_cat","embeddable":true,"href":"https:\/\/roveyayinevi.com.tr\/index.php\/wp-json\/wp\/v2\/product_cat?post=778814"},{"taxonomy":"product_tag","embeddable":true,"href":"https:\/\/roveyayinevi.com.tr\/index.php\/wp-json\/wp\/v2\/product_tag?post=778814"}],"curies":[{"name":"wp","href":"https:\/\/api.w.org\/{rel}","templated":true}]}}