{"id":778762,"date":"2025-11-20T00:28:50","date_gmt":"2025-11-19T21:28:50","guid":{"rendered":"https:\/\/roveyayinevi.com.tr\/index.php\/urun\/annemin-kayip-renkleri\/"},"modified":"2026-04-15T03:44:08","modified_gmt":"2026-04-15T00:44:08","slug":"annemin-kayip-renkleri","status":"publish","type":"product","link":"https:\/\/roveyayinevi.com.tr\/index.php\/urun\/annemin-kayip-renkleri\/","title":{"rendered":"Annemin Kay\u0131p Renkleri"},"content":{"rendered":"<p>Leyla her \u015feyden s\u0131k\u0131l\u0131yordu. Annesi ise renklerini kaybetmi\u015fti. Ta ki o karavan, ya\u015fad\u0131klar\u0131 mahalleye gelene kadar\u2026 Gizemli bir yabanc\u0131, s\u0131rlar, yeniden kahkahalarla g\u00fclen bir anne ve bir \u00e7ocu\u011fun kalbindeki kocaman merak! Leyla\u2019n\u0131n gizemli aile yolculu\u011funa kat\u0131lmaya haz\u0131r m\u0131s\u0131n?   Bir \u00e7ocu\u011fun g\u00f6z\u00fcnden; yeti\u015fkinlerin d\u00fcnyas\u0131n\u0131 anlamak, b\u00fcy\u00fcmek ve yeniden renklenmek \u00fczerine s\u0131ms\u0131cak, zekice, e\u011flence dolu bir hik\u00e2ye&#8230;     8-12YA\u015e H\u0130KAYE-ROMAN <\/p>\n","protected":false},"excerpt":{"rendered":"<p>Leyla her \u015feyden s\u0131k\u0131l\u0131yordu. Annesi ise renklerini kaybetmi\u015fti. Ta ki o karavan, ya\u015fad\u0131klar\u0131 mahalleye gelene kadar\u2026 Gizemli bir yabanc\u0131, s\u0131rlar, yeniden kahkahalarla g\u00fclen bir anne ve<span class=\"excerpt-hellip\"> [\u2026]<\/span><\/p>\n","protected":false},"featured_media":0,"template":"","meta":{"_monsterinsights_skip_tracking":false,"_monsterinsights_sitenote_active":false,"_monsterinsights_sitenote_note":"","_monsterinsights_sitenote_category":0},"product_brand":[],"product_cat":[12274,12284],"product_tag":[],"class_list":{"0":"post-778762","1":"product","2":"type-product","3":"status-publish","5":"product_cat-cocuk-ve-genclik-kitaplari","6":"product_cat-hikayeler","7":"pa_cilt-ciltsiz","8":"pa_tur-kitap","9":"pa_yayinevi-dogan-cocuk","10":"pa_yazar-olcay-magden","12":"first","13":"instock","14":"sale","15":"shipping-taxable","16":"purchasable","17":"product-type-simple"},"_links":{"self":[{"href":"https:\/\/roveyayinevi.com.tr\/index.php\/wp-json\/wp\/v2\/product\/778762","targetHints":{"allow":["GET"]}}],"collection":[{"href":"https:\/\/roveyayinevi.com.tr\/index.php\/wp-json\/wp\/v2\/product"}],"about":[{"href":"https:\/\/roveyayinevi.com.tr\/index.php\/wp-json\/wp\/v2\/types\/product"}],"wp:attachment":[{"href":"https:\/\/roveyayinevi.com.tr\/index.php\/wp-json\/wp\/v2\/media?parent=778762"}],"wp:term":[{"taxonomy":"product_brand","embeddable":true,"href":"https:\/\/roveyayinevi.com.tr\/index.php\/wp-json\/wp\/v2\/product_brand?post=778762"},{"taxonomy":"product_cat","embeddable":true,"href":"https:\/\/roveyayinevi.com.tr\/index.php\/wp-json\/wp\/v2\/product_cat?post=778762"},{"taxonomy":"product_tag","embeddable":true,"href":"https:\/\/roveyayinevi.com.tr\/index.php\/wp-json\/wp\/v2\/product_tag?post=778762"}],"curies":[{"name":"wp","href":"https:\/\/api.w.org\/{rel}","templated":true}]}}