{"id":778750,"date":"2025-11-20T00:28:28","date_gmt":"2025-11-19T21:28:28","guid":{"rendered":"https:\/\/roveyayinevi.com.tr\/index.php\/urun\/sarkac-1-kurma-bebek-ciltli\/"},"modified":"2026-04-15T03:44:08","modified_gmt":"2026-04-15T00:44:08","slug":"sarkac-1-kurma-bebek-ciltli","status":"publish","type":"product","link":"https:\/\/roveyayinevi.com.tr\/index.php\/urun\/sarkac-1-kurma-bebek-ciltli\/","title":{"rendered":"Sarka\u00e7 1: Kurma Bebek (Ciltli)"},"content":{"rendered":"<p>FARAH, karanl\u0131\u011f\u0131n h\u00fck\u00fcm s\u00fcrd\u00fc\u011f\u00fc bir d\u00fcnyaya g\u00f6zlerini a\u00e7sa da hi\u00e7bir vakit o d\u00fcnyan\u0131n bir par\u00e7as\u0131 olmam\u0131\u015ft\u0131r. Uykusuzlukla bo\u011fu\u015fan ancak bir sarkac\u0131n ritmiyle huzur bulabilen k\u0131r\u0131lgan bir ruha sahiptir. Ne var ki babas\u0131n\u0131n d\u00fc\u015fmanlar\u0131ndan Gurur Kalender\u2019in onu ka\u00e7\u0131r\u0131p zorla nik\u00e2h masas\u0131na oturtmas\u0131yla hayat\u0131 bir anda alt\u00fcst olur. Daha neye u\u011frad\u0131\u011f\u0131n\u0131 anlayamadan kendini \u2018Deli Kral\u2019 ad\u0131yla an\u0131lan bir adam\u0131n kar\u0131s\u0131 olarak bulur. \u00dcstelik bu adam a\u011f\u0131r bir klinik ge\u00e7mi\u015fe sahip, on yedi kay\u0131tl\u0131 raporu bulunan bir hastad\u0131r. Ne Farah bir deliyle evlenmenin zorluklar\u0131n\u0131 biliyordur ne de Gurur bir psikologla evlendi\u011finin fark\u0131ndad\u0131r. \u0130ntikam \u00fczerine kurulu bir evlilikte a\u015fk aranabilir mi? Uyar\u0131: Yeti\u015ftin okurlar i\u00e7indir.<\/p>\n","protected":false},"excerpt":{"rendered":"<p>FARAH, karanl\u0131\u011f\u0131n h\u00fck\u00fcm s\u00fcrd\u00fc\u011f\u00fc bir d\u00fcnyaya g\u00f6zlerini a\u00e7sa da hi\u00e7bir vakit o d\u00fcnyan\u0131n bir par\u00e7as\u0131 olmam\u0131\u015ft\u0131r. Uykusuzlukla bo\u011fu\u015fan ancak bir sarkac\u0131n ritmiyle huzur bulabilen k\u0131r\u0131lgan bir<span class=\"excerpt-hellip\"> [\u2026]<\/span><\/p>\n","protected":false},"featured_media":0,"template":"","meta":{"_monsterinsights_skip_tracking":false,"_monsterinsights_sitenote_active":false,"_monsterinsights_sitenote_note":"","_monsterinsights_sitenote_category":0},"product_brand":[],"product_cat":[13835],"product_tag":[],"class_list":{"0":"post-778750","1":"product","2":"type-product","3":"status-publish","5":"product_cat-cok-satanlar","6":"pa_cilt-ciltli","7":"pa_tur-kitap","8":"pa_yayinevi-ephesus-yayinlari","9":"pa_yazar-maral-atmaca","11":"first","12":"instock","13":"sale","14":"shipping-taxable","15":"purchasable","16":"product-type-simple"},"_links":{"self":[{"href":"https:\/\/roveyayinevi.com.tr\/index.php\/wp-json\/wp\/v2\/product\/778750","targetHints":{"allow":["GET"]}}],"collection":[{"href":"https:\/\/roveyayinevi.com.tr\/index.php\/wp-json\/wp\/v2\/product"}],"about":[{"href":"https:\/\/roveyayinevi.com.tr\/index.php\/wp-json\/wp\/v2\/types\/product"}],"wp:attachment":[{"href":"https:\/\/roveyayinevi.com.tr\/index.php\/wp-json\/wp\/v2\/media?parent=778750"}],"wp:term":[{"taxonomy":"product_brand","embeddable":true,"href":"https:\/\/roveyayinevi.com.tr\/index.php\/wp-json\/wp\/v2\/product_brand?post=778750"},{"taxonomy":"product_cat","embeddable":true,"href":"https:\/\/roveyayinevi.com.tr\/index.php\/wp-json\/wp\/v2\/product_cat?post=778750"},{"taxonomy":"product_tag","embeddable":true,"href":"https:\/\/roveyayinevi.com.tr\/index.php\/wp-json\/wp\/v2\/product_tag?post=778750"}],"curies":[{"name":"wp","href":"https:\/\/api.w.org\/{rel}","templated":true}]}}