{"id":778739,"date":"2025-11-20T00:28:08","date_gmt":"2025-11-19T21:28:08","guid":{"rendered":"https:\/\/roveyayinevi.com.tr\/index.php\/urun\/kapilarda\/"},"modified":"2026-04-15T03:44:08","modified_gmt":"2026-04-15T00:44:08","slug":"kapilarda","status":"publish","type":"product","link":"https:\/\/roveyayinevi.com.tr\/index.php\/urun\/kapilarda\/","title":{"rendered":"Kap\u0131larda"},"content":{"rendered":"<p>Gece g\u00fcnd\u00fcz u\u011fultusu t\u00fckenmek bilmeyen bir b\u00fcy\u00fck \u015fehre s\u0131\u011f\u0131nmak zorunda kalm\u0131\u015f bir ta\u015fral\u0131n\u0131n hik\u00e2yesi\u2026 \u0130mk\u00e2ns\u0131z say\u0131labilecek bir a\u015fk \u00fczerinden hayal g\u00fcc\u00fcn\u00fcn ve \u015fiirsel imgenin \u00e7o\u011falmas\u0131yla hayata tekil bak\u0131\u015f a\u00e7\u0131s\u0131yla y\u00f6n vermeye \u00e7al\u0131\u015fanlar\u0131n ba\u011fnazl\u0131\u011f\u0131n\u0131n \u00e7at\u0131\u015ft\u0131\u011f\u0131 bir metin. Onlarca y\u0131ld\u0131r ele\u015ftirel denemeden mektuba, tarihsel ara\u015ft\u0131rmalardan \u00f6yk\u00fc ve romana uzanan farkl\u0131 t\u00fcrlerde onlarca yap\u0131t vermi\u015f, edebiyat d\u00fcnyas\u0131n\u0131n yak\u0131ndan tan\u0131d\u0131\u011f\u0131 bir yazar\u0131n dilinden ya\u015fam bulmu\u015f bir son roman\u2026 Kap\u0131larda, son sayfan\u0131n son sat\u0131r\u0131na gelindi\u011finde, okuyan\u0131n kendisini \u00e7a\u011fr\u0131l\u0131 ve \u00e7o\u011falm\u0131\u015f bulaca\u011f\u0131,  k\u00fclt\u00fcr d\u00fcnyas\u0131n\u0131n yar\u0131nlar\u0131na ula\u015facak bir an\u0131t metin\u2026 Alper Ak\u00e7am   <\/p>\n","protected":false},"excerpt":{"rendered":"<p>Gece g\u00fcnd\u00fcz u\u011fultusu t\u00fckenmek bilmeyen bir b\u00fcy\u00fck \u015fehre s\u0131\u011f\u0131nmak zorunda kalm\u0131\u015f bir ta\u015fral\u0131n\u0131n hik\u00e2yesi\u2026 \u0130mk\u00e2ns\u0131z say\u0131labilecek bir a\u015fk \u00fczerinden hayal g\u00fcc\u00fcn\u00fcn ve \u015fiirsel imgenin \u00e7o\u011falmas\u0131yla hayata<span class=\"excerpt-hellip\"> [\u2026]<\/span><\/p>\n","protected":false},"featured_media":0,"template":"","meta":{"_monsterinsights_skip_tracking":false,"_monsterinsights_sitenote_active":false,"_monsterinsights_sitenote_note":"","_monsterinsights_sitenote_category":0},"product_brand":[],"product_cat":[12291,12711],"product_tag":[],"class_list":{"0":"post-778739","1":"product","2":"type-product","3":"status-publish","5":"product_cat-edebiyat","6":"product_cat-roman-oyku","7":"pa_cilt-ciltsiz","8":"pa_tur-kitap","9":"pa_yayinevi-abis-yayincilik","10":"pa_yazar-alper-akcam","12":"first","13":"instock","14":"sale","15":"shipping-taxable","16":"purchasable","17":"product-type-simple"},"_links":{"self":[{"href":"https:\/\/roveyayinevi.com.tr\/index.php\/wp-json\/wp\/v2\/product\/778739","targetHints":{"allow":["GET"]}}],"collection":[{"href":"https:\/\/roveyayinevi.com.tr\/index.php\/wp-json\/wp\/v2\/product"}],"about":[{"href":"https:\/\/roveyayinevi.com.tr\/index.php\/wp-json\/wp\/v2\/types\/product"}],"wp:attachment":[{"href":"https:\/\/roveyayinevi.com.tr\/index.php\/wp-json\/wp\/v2\/media?parent=778739"}],"wp:term":[{"taxonomy":"product_brand","embeddable":true,"href":"https:\/\/roveyayinevi.com.tr\/index.php\/wp-json\/wp\/v2\/product_brand?post=778739"},{"taxonomy":"product_cat","embeddable":true,"href":"https:\/\/roveyayinevi.com.tr\/index.php\/wp-json\/wp\/v2\/product_cat?post=778739"},{"taxonomy":"product_tag","embeddable":true,"href":"https:\/\/roveyayinevi.com.tr\/index.php\/wp-json\/wp\/v2\/product_tag?post=778739"}],"curies":[{"name":"wp","href":"https:\/\/api.w.org\/{rel}","templated":true}]}}