{"id":778728,"date":"2025-11-20T00:27:45","date_gmt":"2025-11-19T21:27:45","guid":{"rendered":"https:\/\/roveyayinevi.com.tr\/index.php\/urun\/ataturk-karar-ve-tavir\/"},"modified":"2026-04-15T03:44:07","modified_gmt":"2026-04-15T00:44:07","slug":"ataturk-karar-ve-tavir","status":"publish","type":"product","link":"https:\/\/roveyayinevi.com.tr\/index.php\/urun\/ataturk-karar-ve-tavir\/","title":{"rendered":"Atat\u00fcrk Karar ve Tav\u0131r"},"content":{"rendered":"<p>Bu Kitap, Atat\u00fcrk\u2019\u00fcn ya\u015fam boyunca verdi\u011fi stratejik kararlar\u0131 incelemektedir. Atat\u00fcrk\u2019\u00fcn siyasal ve askeri durum de\u011ferlendirmelerini incelemektedir. Ba\u011f\u0131ms\u0131zl\u0131k Sava\u015f\u0131\u2019n\u0131 ba\u015far\u0131ya ula\u015ft\u0131ran, ayd\u0131nlanma devrimlerini ger\u00e7ekle\u015ftiren Atat\u00fcrk\u2019\u00fcn k\u00f6klerini incelemektedir. Kitap, \u201cAtat\u00fcrk ve diktat\u00f6rl\u00fck\u201d, \u201cAtat\u00fcrk ve demokrasi\u201d ayr\u0131ca Atat\u00fcrk\u2019\u00fcn liderlik \u00f6zelliklerini incelemektedir. Bu kitapta, 12 ya\u015f\u0131nda kendi gelece\u011fi i\u00e7in karar veren Selanikli Mustafa\u2019dan Mustafa Kemal Pa\u015fa\u2019ya, ard\u0131ndan Gazi Mustafa Kemal\u2019e ve Atat\u00fcrk\u2019e ula\u015fan bir liderin ya\u015fam\u0131 boyunca ald\u0131\u011f\u0131 \u00f6nemli kararlar ve stratejik durum de\u011ferlendirmeleri ele al\u0131nm\u0131\u015ft\u0131r. Ald\u0131\u011f\u0131 kararlarla, yapt\u0131\u011f\u0131 durum de\u011ferlendirmeleriyle, a\u00e7\u0131klamalar\u0131yla ve yazd\u0131klar\u0131yla ger\u00e7ek Atat\u00fcrk ortaya \u00e7\u0131kmaktad\u0131r. <\/p>\n","protected":false},"excerpt":{"rendered":"<p>Bu Kitap, Atat\u00fcrk\u2019\u00fcn ya\u015fam boyunca verdi\u011fi stratejik kararlar\u0131 incelemektedir. Atat\u00fcrk\u2019\u00fcn siyasal ve askeri durum de\u011ferlendirmelerini incelemektedir. Ba\u011f\u0131ms\u0131zl\u0131k Sava\u015f\u0131\u2019n\u0131 ba\u015far\u0131ya ula\u015ft\u0131ran, ayd\u0131nlanma devrimlerini ger\u00e7ekle\u015ftiren Atat\u00fcrk\u2019\u00fcn k\u00f6klerini incelemektedir.<span class=\"excerpt-hellip\"> [\u2026]<\/span><\/p>\n","protected":false},"featured_media":0,"template":"","meta":{"_monsterinsights_skip_tracking":false,"_monsterinsights_sitenote_active":false,"_monsterinsights_sitenote_note":"","_monsterinsights_sitenote_category":0},"product_brand":[],"product_cat":[12370,12304],"product_tag":[],"class_list":{"0":"post-778728","1":"product","2":"type-product","3":"status-publish","5":"product_cat-arastirma-inceleme","6":"product_cat-tarih","7":"pa_cilt-ciltsiz","8":"pa_tur-kitap","9":"pa_yayinevi-cumhuriyet-kitaplari","10":"pa_yazar-alev-coskun","12":"first","13":"instock","14":"sale","15":"shipping-taxable","16":"purchasable","17":"product-type-simple"},"_links":{"self":[{"href":"https:\/\/roveyayinevi.com.tr\/index.php\/wp-json\/wp\/v2\/product\/778728","targetHints":{"allow":["GET"]}}],"collection":[{"href":"https:\/\/roveyayinevi.com.tr\/index.php\/wp-json\/wp\/v2\/product"}],"about":[{"href":"https:\/\/roveyayinevi.com.tr\/index.php\/wp-json\/wp\/v2\/types\/product"}],"wp:attachment":[{"href":"https:\/\/roveyayinevi.com.tr\/index.php\/wp-json\/wp\/v2\/media?parent=778728"}],"wp:term":[{"taxonomy":"product_brand","embeddable":true,"href":"https:\/\/roveyayinevi.com.tr\/index.php\/wp-json\/wp\/v2\/product_brand?post=778728"},{"taxonomy":"product_cat","embeddable":true,"href":"https:\/\/roveyayinevi.com.tr\/index.php\/wp-json\/wp\/v2\/product_cat?post=778728"},{"taxonomy":"product_tag","embeddable":true,"href":"https:\/\/roveyayinevi.com.tr\/index.php\/wp-json\/wp\/v2\/product_tag?post=778728"}],"curies":[{"name":"wp","href":"https:\/\/api.w.org\/{rel}","templated":true}]}}