{"id":778718,"date":"2025-11-20T00:27:26","date_gmt":"2025-11-19T21:27:26","guid":{"rendered":"https:\/\/roveyayinevi.com.tr\/index.php\/urun\/burnunun-ucundaki-cesaret\/"},"modified":"2026-04-08T03:40:58","modified_gmt":"2026-04-08T00:40:58","slug":"burnunun-ucundaki-cesaret","status":"publish","type":"product","link":"https:\/\/roveyayinevi.com.tr\/index.php\/urun\/burnunun-ucundaki-cesaret\/","title":{"rendered":"Burnunun Ucundaki Cesaret"},"content":{"rendered":"<p>Tilki olmaktan daha s\u0131k\u0131c\u0131 bir \u015fey olabilir mi? Tilki&#8217;ye g\u00f6re KES\u0130NL\u0130KLE HAYIR! Ne kimseyi korkutabiliyor ne de kendi yuvas\u0131na giren bir \u00f6r\u00fcmcekle ba\u015fa \u00e7\u0131kabiliyordu. Akl\u0131na gelen dahice fikirle kendine eski bir \u00e7oraptan ve atk\u0131dan harika bir kurt kost\u00fcm\u00fc yapt\u0131. Art\u0131k o, korkulan, sayg\u0131 duyulan bir kurttu! Peki, kurt k\u0131l\u0131\u011f\u0131na girmi\u015f bir tilki, GER\u00c7EK bir kurt s\u00fcr\u00fcs\u00fcyle kar\u015f\u0131la\u015f\u0131rsa ne olur? \u00dcstelik kurtlar onun efsanevi &#8220;B\u00fcy\u00fck K\u00f6t\u00fc Kurt&#8221; oldu\u011funa inan\u0131rsa? Tilki&#8217;nin kendini ve cesaretin asl\u0131nda bir kost\u00fcmden ibaret olmad\u0131\u011f\u0131n\u0131 ke\u015ffetti\u011fi bu komik ve s\u00fcrprizlerle dolu maceraya kat\u0131lmaya haz\u0131r m\u0131s\u0131n?<\/p>\n","protected":false},"excerpt":{"rendered":"<p>Tilki olmaktan daha s\u0131k\u0131c\u0131 bir \u015fey olabilir mi? Tilki&#8217;ye g\u00f6re KES\u0130NL\u0130KLE HAYIR! Ne kimseyi korkutabiliyor ne de kendi yuvas\u0131na giren bir \u00f6r\u00fcmcekle ba\u015fa \u00e7\u0131kabiliyordu. Akl\u0131na gelen<span class=\"excerpt-hellip\"> [\u2026]<\/span><\/p>\n","protected":false},"featured_media":0,"template":"","meta":{"_monsterinsights_skip_tracking":false,"_monsterinsights_sitenote_active":false,"_monsterinsights_sitenote_note":"","_monsterinsights_sitenote_category":0},"product_brand":[],"product_cat":[12274,12284],"product_tag":[],"class_list":{"0":"post-778718","1":"product","2":"type-product","3":"status-publish","5":"product_cat-cocuk-ve-genclik-kitaplari","6":"product_cat-hikayeler","7":"pa_cilt-ciltsiz","8":"pa_tur-kitap","9":"pa_yayinevi-timas-cocuk","10":"pa_yazar-thibault-prugne","12":"first","13":"instock","14":"sale","15":"shipping-taxable","16":"purchasable","17":"product-type-simple"},"_links":{"self":[{"href":"https:\/\/roveyayinevi.com.tr\/index.php\/wp-json\/wp\/v2\/product\/778718","targetHints":{"allow":["GET"]}}],"collection":[{"href":"https:\/\/roveyayinevi.com.tr\/index.php\/wp-json\/wp\/v2\/product"}],"about":[{"href":"https:\/\/roveyayinevi.com.tr\/index.php\/wp-json\/wp\/v2\/types\/product"}],"wp:attachment":[{"href":"https:\/\/roveyayinevi.com.tr\/index.php\/wp-json\/wp\/v2\/media?parent=778718"}],"wp:term":[{"taxonomy":"product_brand","embeddable":true,"href":"https:\/\/roveyayinevi.com.tr\/index.php\/wp-json\/wp\/v2\/product_brand?post=778718"},{"taxonomy":"product_cat","embeddable":true,"href":"https:\/\/roveyayinevi.com.tr\/index.php\/wp-json\/wp\/v2\/product_cat?post=778718"},{"taxonomy":"product_tag","embeddable":true,"href":"https:\/\/roveyayinevi.com.tr\/index.php\/wp-json\/wp\/v2\/product_tag?post=778718"}],"curies":[{"name":"wp","href":"https:\/\/api.w.org\/{rel}","templated":true}]}}