{"id":778675,"date":"2025-11-20T00:25:56","date_gmt":"2025-11-19T21:25:56","guid":{"rendered":"https:\/\/roveyayinevi.com.tr\/index.php\/urun\/nasilsin-hayatim\/"},"modified":"2026-04-15T03:43:50","modified_gmt":"2026-04-15T00:43:50","slug":"nasilsin-hayatim","status":"publish","type":"product","link":"https:\/\/roveyayinevi.com.tr\/index.php\/urun\/nasilsin-hayatim\/","title":{"rendered":"Nas\u0131ls\u0131n Hayat\u0131m"},"content":{"rendered":"<p>Babas\u0131n\u0131n ve n\u00fcfus memurunun \u00f6zensizli\u011fi sonucu ad\u0131 Ne\u015fe olacakken Me\u015fe olan ve ya\u015fam\u0131n\u0131n son d\u00f6nemecine girdi\u011fini d\u00fc\u015f\u00fcnen bir kad\u0131n\u0131n sorusu bu: Nas\u0131ls\u0131n Hayat\u0131m. Do\u011fumdan \u00f6l\u00fcme uzanan ve ad\u0131na \u00f6m\u00fcr denen mevhumun anlam\u0131n\u0131 sorgulayan bu anlat\u0131da, hayata ve insana dair her \u015fey kol kola y\u00fcr\u00fcyor.&#8221;D\u00fcnk\u00fc g\u00fcne\u015fle \u00e7ama\u015f\u0131r kurumaz!&#8221; diyor Me\u015fe&#8217;nin annesi. Do\u011fru, ama ge\u00e7mi\u015fe bakmadan da ileri gidilmez. Ba\u015f ve son ayn\u0131 \u015feydir belki de. G\u00fcne\u015f hep ayn\u0131 g\u00fcne\u015f. \u015eiirden \u00f6yk\u00fcye uzanan edebi maceras\u0131nda \u00fc\u00e7\u00fcnc\u00fc roman\u0131yla Zeynep Uzunbay ileriye, geriye ve \u015fimdiye ayn\u0131 anda bak\u0131yor. Tuttu\u011fu aynadan insan denilen netameli varl\u0131k yans\u0131yor.<\/p>\n","protected":false},"excerpt":{"rendered":"<p>Babas\u0131n\u0131n ve n\u00fcfus memurunun \u00f6zensizli\u011fi sonucu ad\u0131 Ne\u015fe olacakken Me\u015fe olan ve ya\u015fam\u0131n\u0131n son d\u00f6nemecine girdi\u011fini d\u00fc\u015f\u00fcnen bir kad\u0131n\u0131n sorusu bu: Nas\u0131ls\u0131n Hayat\u0131m. Do\u011fumdan \u00f6l\u00fcme uzanan<span class=\"excerpt-hellip\"> [\u2026]<\/span><\/p>\n","protected":false},"featured_media":0,"template":"","meta":{"_monsterinsights_skip_tracking":false,"_monsterinsights_sitenote_active":false,"_monsterinsights_sitenote_note":"","_monsterinsights_sitenote_category":0},"product_brand":[],"product_cat":[12291,12711],"product_tag":[],"class_list":{"0":"post-778675","1":"product","2":"type-product","3":"status-publish","5":"product_cat-edebiyat","6":"product_cat-roman-oyku","7":"pa_cilt-ciltsiz","8":"pa_tur-kitap","9":"pa_yayinevi-sel-yayincilik","10":"pa_yazar-zeynep-uzunbay","12":"first","13":"instock","14":"sale","15":"shipping-taxable","16":"purchasable","17":"product-type-simple"},"_links":{"self":[{"href":"https:\/\/roveyayinevi.com.tr\/index.php\/wp-json\/wp\/v2\/product\/778675","targetHints":{"allow":["GET"]}}],"collection":[{"href":"https:\/\/roveyayinevi.com.tr\/index.php\/wp-json\/wp\/v2\/product"}],"about":[{"href":"https:\/\/roveyayinevi.com.tr\/index.php\/wp-json\/wp\/v2\/types\/product"}],"wp:attachment":[{"href":"https:\/\/roveyayinevi.com.tr\/index.php\/wp-json\/wp\/v2\/media?parent=778675"}],"wp:term":[{"taxonomy":"product_brand","embeddable":true,"href":"https:\/\/roveyayinevi.com.tr\/index.php\/wp-json\/wp\/v2\/product_brand?post=778675"},{"taxonomy":"product_cat","embeddable":true,"href":"https:\/\/roveyayinevi.com.tr\/index.php\/wp-json\/wp\/v2\/product_cat?post=778675"},{"taxonomy":"product_tag","embeddable":true,"href":"https:\/\/roveyayinevi.com.tr\/index.php\/wp-json\/wp\/v2\/product_tag?post=778675"}],"curies":[{"name":"wp","href":"https:\/\/api.w.org\/{rel}","templated":true}]}}