{"id":778662,"date":"2025-11-20T00:25:22","date_gmt":"2025-11-19T21:25:22","guid":{"rendered":"https:\/\/roveyayinevi.com.tr\/index.php\/urun\/bir-ronesans-insani-livaneli\/"},"modified":"2026-04-13T03:39:09","modified_gmt":"2026-04-13T00:39:09","slug":"bir-ronesans-insani-livaneli","status":"publish","type":"product","link":"https:\/\/roveyayinevi.com.tr\/index.php\/urun\/bir-ronesans-insani-livaneli\/","title":{"rendered":"Bir R\u00f6nesans \u0130nsan\u0131: Livaneli"},"content":{"rendered":"<p>\u00d6mr\u00fcn\u00fc bu topraklara adam\u0131\u015f bir k\u00fclt\u00fcr sanat hazinesi\u2026 T\u00fcrk edebiyat, m\u00fczik ve d\u00fc\u015f\u00fcn tarihinde silinmez bir iz b\u0131rakan usta sanat\u00e7\u0131 Z\u00fclf\u00fc Livaneli\u2019ye dair e\u015fsiz bir eser. Ku\u015faktan ku\u015fa\u011fa anlat\u0131lan kitaplar\u0131n yazar\u0131 ve unutulmaz \u015fark\u0131lar\u0131n bestecisi Z\u00fclf\u00fc Livaneli\u2019nin temas etti\u011fi b\u00fct\u00fcn sanat dallar\u0131, Onur Bilge Kula\u2019n\u0131n kalemiyle tarihe bir not olarak d\u00fc\u015f\u00fcl\u00fcyor. Elinizdeki kitap, Livaneli\u2019nin sanat ya\u015fam\u0131n\u0131 felsefi bir bak\u0131\u015f a\u00e7\u0131s\u0131yla ele al\u0131rken onu Hegel, Thomas Mann ve Adorno gibi d\u00fc\u015f\u00fcn\u00fcrlerin tezleriyle de\u011ferlendiriyor. Livaneli\u2019nin eserlerinin tarihsel, siyasal ve toplumsal arka plan\u0131 d\u00fcn\u00fcn ve bug\u00fcn\u00fcn izinde gelece\u011fe bir miras olarak b\u0131rak\u0131l\u0131yor. \u201cE\u011fer bestelerimi ve kitaplar\u0131m\u0131 seven, benimseyen insanlar olmasayd\u0131 bu f\u0131rt\u0131nal\u0131 denizin dalgalar\u0131 beni \u00e7oktan yutmu\u015ftu\u201d s\u00f6zleriyle okura \u00e7ok \u015fey anlatan Livaneli, tehlikelerin g\u00f6lgesinde ya\u015fasa da sanat\u0131yla do\u011fruyu hayk\u0131rmaktan vazge\u00e7miyor. Bir R\u00f6nesans \u0130nsan\u0131: Z\u00fclf\u00fc Livaneli, duayen ismin sanat\u00e7\u0131 kimli\u011fini tan\u0131mak i\u00e7in g\u00f6rkemli bir bak\u0131\u015f a\u00e7\u0131s\u0131 sunuyor. <\/p>\n","protected":false},"excerpt":{"rendered":"<p>\u00d6mr\u00fcn\u00fc bu topraklara adam\u0131\u015f bir k\u00fclt\u00fcr sanat hazinesi\u2026 T\u00fcrk edebiyat, m\u00fczik ve d\u00fc\u015f\u00fcn tarihinde silinmez bir iz b\u0131rakan usta sanat\u00e7\u0131 Z\u00fclf\u00fc Livaneli\u2019ye dair e\u015fsiz bir eser.<span class=\"excerpt-hellip\"> [\u2026]<\/span><\/p>\n","protected":false},"featured_media":0,"template":"","meta":{"_monsterinsights_skip_tracking":false,"_monsterinsights_sitenote_active":false,"_monsterinsights_sitenote_note":"","_monsterinsights_sitenote_category":0},"product_brand":[],"product_cat":[52477],"product_tag":[],"class_list":{"0":"post-778662","1":"product","2":"type-product","3":"status-publish","5":"product_cat-arastirma","6":"pa_cilt-ciltsiz","7":"pa_tur-kitap","8":"pa_yayinevi-inkilap-kitabevi","9":"pa_yazar-onur-bilge-kula","11":"first","12":"instock","13":"sale","14":"shipping-taxable","15":"purchasable","16":"product-type-simple"},"_links":{"self":[{"href":"https:\/\/roveyayinevi.com.tr\/index.php\/wp-json\/wp\/v2\/product\/778662","targetHints":{"allow":["GET"]}}],"collection":[{"href":"https:\/\/roveyayinevi.com.tr\/index.php\/wp-json\/wp\/v2\/product"}],"about":[{"href":"https:\/\/roveyayinevi.com.tr\/index.php\/wp-json\/wp\/v2\/types\/product"}],"wp:attachment":[{"href":"https:\/\/roveyayinevi.com.tr\/index.php\/wp-json\/wp\/v2\/media?parent=778662"}],"wp:term":[{"taxonomy":"product_brand","embeddable":true,"href":"https:\/\/roveyayinevi.com.tr\/index.php\/wp-json\/wp\/v2\/product_brand?post=778662"},{"taxonomy":"product_cat","embeddable":true,"href":"https:\/\/roveyayinevi.com.tr\/index.php\/wp-json\/wp\/v2\/product_cat?post=778662"},{"taxonomy":"product_tag","embeddable":true,"href":"https:\/\/roveyayinevi.com.tr\/index.php\/wp-json\/wp\/v2\/product_tag?post=778662"}],"curies":[{"name":"wp","href":"https:\/\/api.w.org\/{rel}","templated":true}]}}