{"id":778638,"date":"2025-11-20T00:24:26","date_gmt":"2025-11-19T21:24:26","guid":{"rendered":"https:\/\/roveyayinevi.com.tr\/index.php\/urun\/mutlu-ve-umutlu\/"},"modified":"2026-04-15T03:43:48","modified_gmt":"2026-04-15T00:43:48","slug":"mutlu-ve-umutlu","status":"publish","type":"product","link":"https:\/\/roveyayinevi.com.tr\/index.php\/urun\/mutlu-ve-umutlu\/","title":{"rendered":"Mutlu ve Umutlu"},"content":{"rendered":"<p>Dilini bilmedi\u011finiz bir \u00fclkede ya\u015famak otizm. Hayat\u0131n\u0131z\u0131n her alan\u0131nda otizm. \u00d6ncesi yokmu\u015f da sonras\u0131nda var olacak her \u015fey otizm. Sevginin en b\u00fcy\u00fck destek\u00e7i oldu\u011fu bir yolculuk otizm. Kal\u0131plara s\u0131\u011fmay\u0131p, devaml\u0131 de\u011fi\u015fkenlik g\u00f6steren bir spektrum otizm.       Bu kitap, otizmce konu\u015fmay\u0131 \u00f6\u011frenmeye \u00e7al\u0131\u015f\u0131rken umuda tutunmaya \u00e7al\u0131\u015fan bir baba ve o\u011fulun hikayesi. Ger\u00e7eklerden kurgulanm\u0131\u015f var olabilmeye \u00e7al\u0131\u015fman\u0131n en b\u00fcy\u00fck gayretinin \u00f6rne\u011fi. Kurtulmaya \u00e7al\u0131\u015fmak yerine kabulleni\u015fin anlat\u0131ld\u0131\u011f\u0131, otizmle yeni tan\u0131\u015fanlara ilham verecek ve yol g\u00f6sterici olacak bir kaynak. <\/p>\n","protected":false},"excerpt":{"rendered":"<p>Dilini bilmedi\u011finiz bir \u00fclkede ya\u015famak otizm. Hayat\u0131n\u0131z\u0131n her alan\u0131nda otizm. \u00d6ncesi yokmu\u015f da sonras\u0131nda var olacak her \u015fey otizm. Sevginin en b\u00fcy\u00fck destek\u00e7i oldu\u011fu bir yolculuk<span class=\"excerpt-hellip\"> [\u2026]<\/span><\/p>\n","protected":false},"featured_media":0,"template":"","meta":{"_monsterinsights_skip_tracking":false,"_monsterinsights_sitenote_active":false,"_monsterinsights_sitenote_note":"","_monsterinsights_sitenote_category":0},"product_brand":[],"product_cat":[12291,12711],"product_tag":[],"class_list":{"0":"post-778638","1":"product","2":"type-product","3":"status-publish","5":"product_cat-edebiyat","6":"product_cat-roman-oyku","7":"pa_cilt-ciltsiz","8":"pa_tur-kitap","9":"pa_yayinevi-gulnar-yayinlari","10":"pa_yazar-melahat-erten","12":"first","13":"instock","14":"sale","15":"shipping-taxable","16":"purchasable","17":"product-type-simple"},"_links":{"self":[{"href":"https:\/\/roveyayinevi.com.tr\/index.php\/wp-json\/wp\/v2\/product\/778638","targetHints":{"allow":["GET"]}}],"collection":[{"href":"https:\/\/roveyayinevi.com.tr\/index.php\/wp-json\/wp\/v2\/product"}],"about":[{"href":"https:\/\/roveyayinevi.com.tr\/index.php\/wp-json\/wp\/v2\/types\/product"}],"wp:attachment":[{"href":"https:\/\/roveyayinevi.com.tr\/index.php\/wp-json\/wp\/v2\/media?parent=778638"}],"wp:term":[{"taxonomy":"product_brand","embeddable":true,"href":"https:\/\/roveyayinevi.com.tr\/index.php\/wp-json\/wp\/v2\/product_brand?post=778638"},{"taxonomy":"product_cat","embeddable":true,"href":"https:\/\/roveyayinevi.com.tr\/index.php\/wp-json\/wp\/v2\/product_cat?post=778638"},{"taxonomy":"product_tag","embeddable":true,"href":"https:\/\/roveyayinevi.com.tr\/index.php\/wp-json\/wp\/v2\/product_tag?post=778638"}],"curies":[{"name":"wp","href":"https:\/\/api.w.org\/{rel}","templated":true}]}}