{"id":778618,"date":"2025-11-20T00:23:23","date_gmt":"2025-11-19T21:23:23","guid":{"rendered":"https:\/\/roveyayinevi.com.tr\/index.php\/urun\/duslenemez-diyarlarin-yolculari\/"},"modified":"2026-04-15T03:43:45","modified_gmt":"2026-04-15T00:43:45","slug":"duslenemez-diyarlarin-yolculari","status":"publish","type":"product","link":"https:\/\/roveyayinevi.com.tr\/index.php\/urun\/duslenemez-diyarlarin-yolculari\/","title":{"rendered":"D\u00fc\u015flenemez Diyarlar\u0131n Yolcular\u0131"},"content":{"rendered":"<p>Z\u0130HN\u0130N SINIRLARINDA, SEVG\u0130N\u0130N VE SABRIN B\u0130RL\u0130KTE Y\u00dcR\u00dcD\u00dc\u011e\u00dc B\u0130R YOLCULUK.   Klinik psikolog Dasha Kiper, Alzheimer ve di\u011fer demans t\u00fcrleriyle ya\u015fayan insanlara ve onlara bak\u0131m verenlere y\u0131llar\u0131n\u0131 adad\u0131. Deneyimlerinden yola \u00e7\u0131karak D\u00fc\u015flenemez Diyarlar\u0131n Yolcular\u0131\u2019nda \u201ckusursuz bak\u0131m veren\u201d mitini sars\u0131yor ve demans\u0131n yaln\u0131zca hastay\u0131 de\u011fil, bak\u0131m vereni de d\u00f6n\u00fc\u015ft\u00fcren bir hastal\u0131k oldu\u011funu g\u00f6steriyor. E\u015finin bir yabanc\u0131 oldu\u011funa inanan bir adam, hayali arkada\u015fl\u0131klar kuran bir kad\u0131n, annesinin ge\u00e7mi\u015f travmalar\u0131n\u0131n a\u011f\u0131rl\u0131\u011f\u0131 alt\u0131nda ezilen bir o\u011ful\u2026 Kiper yarg\u0131s\u0131z ve derin empatiyle anlatt\u0131\u011f\u0131 bu vakalarda, demans\u0131n nas\u0131l sessizce ili\u015fkilerin kalbine s\u0131zabildi\u011fini, bak\u0131m verenlerin de t\u0131pk\u0131 hastalar gibi yolunu kaybedebildi\u011fini g\u00f6zler \u00f6n\u00fcne seriyor. D\u00fc\u015flenemez Diyarlar\u0131n Yolcular\u0131, hem hastal\u0131\u011fa hem insan do\u011fas\u0131na dair alg\u0131m\u0131z\u0131 derinden sarsan, \u015fefkat dolu bir ke\u015fif: Kimi zaman kalp k\u0131r\u0131c\u0131, kimi zaman umut verici ama her sayfas\u0131nda insan kalabilmenin anlam\u0131n\u0131 sorgulatan ve demans\u0131n zihinsel labirentinde pusula olan bir kitap.   \u201cEtkileyici, ikna edici ve unutulmaz\u2026 Hastal\u0131\u011f\u0131n a\u00e7\u0131\u011fa \u00e7\u0131kard\u0131\u011f\u0131 insanl\u0131k hallerini b\u00fcy\u00fcleyici bir dille anlat\u0131yor.\u201d \u2013DAVID EAGLEMAN \u201cBu kitap, demansla ya\u015fayanlara ve onlara bak\u0131m verenlere bak\u0131\u015f\u0131m\u0131z\u0131 sonsuza dek de\u011fi\u015ftiriyor.\u201d \u2013LORI GOTTLIEB <\/p>\n","protected":false},"excerpt":{"rendered":"<p>Z\u0130HN\u0130N SINIRLARINDA, SEVG\u0130N\u0130N VE SABRIN B\u0130RL\u0130KTE Y\u00dcR\u00dcD\u00dc\u011e\u00dc B\u0130R YOLCULUK. Klinik psikolog Dasha Kiper, Alzheimer ve di\u011fer demans t\u00fcrleriyle ya\u015fayan insanlara ve onlara bak\u0131m verenlere y\u0131llar\u0131n\u0131 adad\u0131.<span class=\"excerpt-hellip\"> [\u2026]<\/span><\/p>\n","protected":false},"featured_media":0,"template":"","meta":{"_monsterinsights_skip_tracking":false,"_monsterinsights_sitenote_active":false,"_monsterinsights_sitenote_note":"","_monsterinsights_sitenote_category":0},"product_brand":[],"product_cat":[20313,13365],"product_tag":[],"class_list":{"0":"post-778618","1":"product","2":"type-product","3":"status-publish","5":"product_cat-basvuru-kitaplari-saglik","6":"product_cat-saglik","7":"pa_cilt-ciltsiz","8":"pa_tur-kitap","9":"pa_yayinevi-domingo-yayinevi","10":"pa_yazar-dasha-kiper","12":"first","13":"instock","14":"sale","15":"shipping-taxable","16":"purchasable","17":"product-type-simple"},"_links":{"self":[{"href":"https:\/\/roveyayinevi.com.tr\/index.php\/wp-json\/wp\/v2\/product\/778618","targetHints":{"allow":["GET"]}}],"collection":[{"href":"https:\/\/roveyayinevi.com.tr\/index.php\/wp-json\/wp\/v2\/product"}],"about":[{"href":"https:\/\/roveyayinevi.com.tr\/index.php\/wp-json\/wp\/v2\/types\/product"}],"wp:attachment":[{"href":"https:\/\/roveyayinevi.com.tr\/index.php\/wp-json\/wp\/v2\/media?parent=778618"}],"wp:term":[{"taxonomy":"product_brand","embeddable":true,"href":"https:\/\/roveyayinevi.com.tr\/index.php\/wp-json\/wp\/v2\/product_brand?post=778618"},{"taxonomy":"product_cat","embeddable":true,"href":"https:\/\/roveyayinevi.com.tr\/index.php\/wp-json\/wp\/v2\/product_cat?post=778618"},{"taxonomy":"product_tag","embeddable":true,"href":"https:\/\/roveyayinevi.com.tr\/index.php\/wp-json\/wp\/v2\/product_tag?post=778618"}],"curies":[{"name":"wp","href":"https:\/\/api.w.org\/{rel}","templated":true}]}}